{"id":91,"date":"2018-06-22T19:20:36","date_gmt":"2018-06-22T17:20:36","guid":{"rendered":"http:\/\/www.zaborna.cz\/wp\/?page_id=91"},"modified":"2023-10-04T00:45:28","modified_gmt":"2023-10-03T22:45:28","slug":"uzemni-plan","status":"publish","type":"page","link":"https:\/\/www.zaborna.cz\/?page_id=91","title":{"rendered":"\u00dazemn\u00ed pl\u00e1n"},"content":{"rendered":"<!DOCTYPE html PUBLIC \"-\/\/W3C\/\/DTD HTML 4.0 Transitional\/\/EN\" \"http:\/\/www.w3.org\/TR\/REC-html40\/loose.dtd\">\n<html><body><p style=\"text-align: center;\"><strong>Na t&eacute;to str&aacute;nce jsou jednotliv&eacute; dokumenty t&yacute;kaj&iacute;c&iacute; se &uacute;zemn&iacute;ho pl&aacute;nu obce.<\/strong><br>\n&nbsp;<br>\n&Uacute;zemn&iacute; pl&aacute;n zpracoval kolektiv : Pavel Ondr&aacute;&#269;ek, Ing. Arch. Jan Psota, Ing. Arch. Tom&aacute;&scaron; Bezchleba.<\/p>\n<ul>\n<li><a href=\"wp-content\/uploads\/uzem_plan\/uzemni_plan.pdf\" target=\"_blank\" rel=\"noopener noreferrer\">&nbsp;&nbsp;N&aacute;vrh a od&#367;vodn&#283;n&iacute;<\/a><\/li>\n<li><a href=\"wp-content\/uploads\/uzem_plan\/uzemni_plan_graf_0.pdf\" target=\"_blank\" rel=\"noopener noreferrer\">&nbsp;&nbsp;Hranice a koridory 2009<\/a><\/li>\n<li><a href=\"wp-content\/uploads\/uzem_plan\/uzemni_plan_graf_0_.pdf\" target=\"_blank\" rel=\"noopener noreferrer\">&nbsp;&nbsp;Hranice a koridory 2020<\/a><\/li>\n<li><a href=\"wp-content\/uploads\/uzem_plan\/uzemni_plan_graf_1.pdf\" target=\"_blank\" rel=\"noopener noreferrer\">&nbsp;&nbsp;Koordina&#269;n&iacute; v&yacute;kres<\/a><\/li>\n<li><a href=\"wp-content\/uploads\/uzem_plan\/uzemni_plan_graf_2.pdf\" target=\"_blank\" rel=\"noopener noreferrer\">&nbsp;&nbsp;V&yacute;kres &scaron;ir&scaron;&iacute;ch vztah&#367;<\/a><\/li>\n<li><a href=\"wp-content\/uploads\/uzem_plan\/uzemni_plan_graf_3.pdf\" target=\"_blank\" rel=\"noopener noreferrer\">&nbsp;&nbsp;V&yacute;kres p&#345;edpokl&aacute;dan&yacute;ch z&aacute;bor&#367; p&#367;dn&iacute;ho fondu <\/a><\/li>\n<li><a href=\"wp-content\/uploads\/uzem_plan\/uzemni_plan_graf_4.pdf\" target=\"_blank\" rel=\"noopener noreferrer\">&nbsp;&nbsp;Dopravn&iacute; &#345;e&scaron;en&iacute; <\/a><\/li>\n<li><a href=\"wp-content\/uploads\/uzem_plan\/uzemni_plan_graf_5.pdf\" target=\"_blank\" rel=\"noopener noreferrer\">&nbsp;&nbsp;Z&aacute;sobov&aacute;n&iacute; vodou, kanalizace<\/a><\/li>\n<li><a href=\"wp-content\/uploads\/uzem_plan\/uzemni_plan_graf_6.pdf\" target=\"_blank\" rel=\"noopener noreferrer\">&nbsp;&nbsp;Energetika, elektronick&eacute; komunikace<\/a><\/li>\n<li><a href=\"wp-content\/uploads\/uzem_plan\/uzemni_plan_graf_7.pdf\" target=\"_blank\" rel=\"noopener noreferrer\">&nbsp;&nbsp;Porovn&aacute;n&iacute; s rozvojov&yacute;mi plochami platn&eacute;ho &uacute;zemn&iacute;ho pl&aacute;nu<\/a><\/li>\n<li><a href=\"wp-content\/uploads\/uzem_plan\/uzemni_plan_graf_8.pdf\" target=\"_blank\" rel=\"noopener noreferrer\">&nbsp;&nbsp;Plochy s rozd&iacute;ln&yacute;m zp&#367;sobem vyu&#382;it&iacute;<\/a><\/li>\n<\/ul>\n<p><span style=\"color: #1f9362;\">Na vybran&yacute; dokument klikn&#283;te lev&yacute;m tla&#269;&iacute;tkem my&scaron;i. Pokud m&aacute;te na sv&eacute;m po&#269;&iacute;ta&#269;i nainstalov&aacute;n prohl&iacute;&#382;e&#269; dokument&#367; ve form&aacute;tu PDF, zobraz&iacute; se vybran&yacute; dokument v nov&eacute;m okn&#283; va&scaron;eho prohl&iacute;&#382;e&#269;e. Po t&eacute; si m&#367;&#382;ete zobrazen&yacute; dokument prohl&eacute;dnout, vytisknout nebo st&aacute;hnout.<\/span><\/p>\n<p>&nbsp;<br>\n<img loading=\"lazy\" decoding=\"async\" class=\"aligncenter size-full wp-image-3748\" src=\"https:\/\/www.zaborna.cz\/wp-content\/uploads\/2023\/10\/up_1.png\" alt=\"\" data-id=\"3748\" width=\"508\" height=\"762\" srcset=\"https:\/\/www.zaborna.cz\/wp-content\/uploads\/2023\/10\/up_1.png 508w, https:\/\/www.zaborna.cz\/wp-content\/uploads\/2023\/10\/up_1-200x300.png 200w\" sizes=\"auto, (max-width: 508px) 100vw, 508px\" \/><\/p>\n<\/body><\/html>\n","protected":false},"excerpt":{"rendered":"<p>Na t&eacute;to str&aacute;nce jsou jednotliv&eacute; dokumenty t&yacute;kaj&iacute;c&iacute; se &uacute;zemn&iacute;ho pl&aacute;nu obce. &nbsp; &Uacute;zemn&iacute; pl&aacute;n zpracoval kolektiv : Pavel Ondr&aacute;&#269;ek, Ing. Arch. Jan Psota, Ing. Arch. Tom&aacute;&scaron; Bezchleba. &nbsp;&nbsp;N&aacute;vrh a od&#367;vodn&#283;n&iacute; &nbsp;&nbsp;Hranice a koridory 2009 &nbsp;&nbsp;Hranice a koridory 2020 &nbsp;&nbsp;Koordina&#269;n&iacute; v&yacute;kres &nbsp;&nbsp;V&yacute;kres &scaron;ir&scaron;&iacute;ch vztah&#367; &nbsp;&nbsp;V&yacute;kres p&#345;edpokl&aacute;dan&yacute;ch z&aacute;bor&#367; p&#367;dn&iacute;ho fondu &nbsp;&nbsp;Dopravn&iacute; &#345;e&scaron;en&iacute; &nbsp;&nbsp;Z&aacute;sobov&aacute;n&iacute; vodou, kanalizace &nbsp;&nbsp;Energetika, elektronick&eacute; [&hellip;]<\/p>\n","protected":false},"author":1,"featured_media":0,"parent":0,"menu_order":0,"comment_status":"closed","ping_status":"closed","template":"","meta":{"ngg_post_thumbnail":0,"h5ap_radio_sources":[],"footnotes":""},"class_list":["post-91","page","type-page","status-publish","hentry"],"_links":{"self":[{"href":"https:\/\/www.zaborna.cz\/index.php?rest_route=\/wp\/v2\/pages\/91","targetHints":{"allow":["GET"]}}],"collection":[{"href":"https:\/\/www.zaborna.cz\/index.php?rest_route=\/wp\/v2\/pages"}],"about":[{"href":"https:\/\/www.zaborna.cz\/index.php?rest_route=\/wp\/v2\/types\/page"}],"author":[{"embeddable":true,"href":"https:\/\/www.zaborna.cz\/index.php?rest_route=\/wp\/v2\/users\/1"}],"replies":[{"embeddable":true,"href":"https:\/\/www.zaborna.cz\/index.php?rest_route=%2Fwp%2Fv2%2Fcomments&post=91"}],"version-history":[{"count":0,"href":"https:\/\/www.zaborna.cz\/index.php?rest_route=\/wp\/v2\/pages\/91\/revisions"}],"wp:attachment":[{"href":"https:\/\/www.zaborna.cz\/index.php?rest_route=%2Fwp%2Fv2%2Fmedia&parent=91"}],"curies":[{"name":"wp","href":"https:\/\/api.w.org\/{rel}","templated":true}]}}

Územní plán
