{"id":604,"date":"2018-06-24T13:39:18","date_gmt":"2018-06-24T11:39:18","guid":{"rendered":"http:\/\/www.zaborna.cz\/?page_id=604"},"modified":"2020-07-08T12:38:40","modified_gmt":"2020-07-08T10:38:40","slug":"730-let","status":"publish","type":"page","link":"https:\/\/www.zaborna.cz\/?page_id=604","title":{"rendered":"Oslavy 730. v\u00fdro\u010d\u00ed zalo\u017een\u00ed obce"},"content":{"rendered":"<!DOCTYPE html PUBLIC \"-\/\/W3C\/\/DTD HTML 4.0 Transitional\/\/EN\" \"http:\/\/www.w3.org\/TR\/REC-html40\/loose.dtd\">\n<html><body><p>ngg_shortcode_0_placeholder\n<\/p><p style=\"text-align: center;\"><strong>Autor fotografi&iacute; :<\/strong> Karel Koumar<\/p>\n<\/body><\/html>\n","protected":false},"excerpt":{"rendered":"<p>Autor fotografi&iacute; : Karel Koumar<\/p>\n","protected":false},"author":1,"featured_media":0,"parent":0,"menu_order":0,"comment_status":"closed","ping_status":"closed","template":"","meta":{"ngg_post_thumbnail":0,"h5ap_radio_sources":[],"footnotes":""},"class_list":["post-604","page","type-page","status-publish","hentry"],"_links":{"self":[{"href":"https:\/\/www.zaborna.cz\/index.php?rest_route=\/wp\/v2\/pages\/604","targetHints":{"allow":["GET"]}}],"collection":[{"href":"https:\/\/www.zaborna.cz\/index.php?rest_route=\/wp\/v2\/pages"}],"about":[{"href":"https:\/\/www.zaborna.cz\/index.php?rest_route=\/wp\/v2\/types\/page"}],"author":[{"embeddable":true,"href":"https:\/\/www.zaborna.cz\/index.php?rest_route=\/wp\/v2\/users\/1"}],"replies":[{"embeddable":true,"href":"https:\/\/www.zaborna.cz\/index.php?rest_route=%2Fwp%2Fv2%2Fcomments&post=604"}],"version-history":[{"count":0,"href":"https:\/\/www.zaborna.cz\/index.php?rest_route=\/wp\/v2\/pages\/604\/revisions"}],"wp:attachment":[{"href":"https:\/\/www.zaborna.cz\/index.php?rest_route=%2Fwp%2Fv2%2Fmedia&parent=604"}],"curies":[{"name":"wp","href":"https:\/\/api.w.org\/{rel}","templated":true}]}}