{"id":59,"date":"2018-06-22T17:46:17","date_gmt":"2018-06-22T15:46:17","guid":{"rendered":"http:\/\/www.zaborna.cz\/wp\/?page_id=59"},"modified":"2026-05-06T09:11:54","modified_gmt":"2026-05-06T07:11:54","slug":"uredni-deska","status":"publish","type":"page","link":"https:\/\/www.zaborna.cz\/?page_id=59","title":{"rendered":"\u00da\u0159edn\u00ed deska"},"content":{"rendered":"<!DOCTYPE html PUBLIC \"-\/\/W3C\/\/DTD HTML 4.0 Transitional\/\/EN\" \"http:\/\/www.w3.org\/TR\/REC-html40\/loose.dtd\">\n<html><body><p>\t\t\t\t<span style=\"color: #1f9362;\">Na vybran&yacute; dokument klikn&#283;te lev&yacute;m tla&#269;&iacute;tkem my&scaron;i, ten se po t&eacute; zobraz&iacute; v nov&eacute;m okn&#283; va&scaron;eho prohl&iacute;&#382;e&#269;e. Dokumenty jsou ve form&aacute;tu&ldquo;pdf&ldquo;.<\/span><\/p>\n<h2><span style=\"color: #cc0000;\">Rok 2026<\/span><\/h2>\n<ul>\n<li><strong><a href=\"wp-content\/uploads\/u_deska\/pozvanka_vpz_29_04_2026.pdf\" target=\"blank\" rel=\"noopener noreferrer\">23.04.2026 &ndash; Pozv&aacute;nka na ve&#345;ejn&eacute; pracovn&iacute; zased&aacute;n&iacute; obecn&iacute;ho &uacute;&#345;adu.<\/a><\/strong><\/li>\n<li><a href=\"wp-content\/uploads\/u_deska\/Vyhlaska_FU_Jihlava_2026.pdf\" target=\"blank\" rel=\"noopener noreferrer\">22.04.2026 &ndash; Ve&#345;ejn&aacute; vyhl&aacute;&scaron;ka Finan&#269;n&iacute;ho &uacute;&#345;adu Kraje Vyso&#269;ina.<\/a><\/li>\n<li><a href=\"wp-content\/uploads\/u_deska\/Koridory_VE.pdf\" target=\"blank\" rel=\"noopener noreferrer\">17.04.2026 &ndash; St&aacute;tem navr&#382;en&eacute; koridory  pro v&#283;trn&eacute; elektr&aacute;rny.<\/a><\/li>\n<li><a href=\"wp-content\/uploads\/u_deska\/zivotni_prostredi.pdf\" target=\"blank\" rel=\"noopener noreferrer\">13.04.2026 &ndash; Ozn&aacute;men&iacute; o vyhl&aacute;&scaron;en&iacute; pr&aacute;vn&iacute;ho p&#345;edpisu &ndash;  zpracov&aacute;n&iacute; lesn&iacute; hospod.osnovy.<\/a><\/li>\n<li><a href=\"wp-content\/uploads\/u_deska\/mikroregion_nzu_2025.pdf\" target=\"blank\" rel=\"noopener noreferrer\">09.04.2026 &ndash; N&aacute;vrh z&aacute;v&#283;re&#269;n&eacute;ho &uacute;&#269;tu Mikroregionu Polensko za rok 2025.<\/a><\/li>\n<li><a href=\"wp-content\/uploads\/u_deska\/pozvanka_vpz_09_04_2026.pdf\" target=\"blank\" rel=\"noopener noreferrer\">26.03.2026 &ndash; Pozv&aacute;nka na ve&#345;ejn&eacute; pracovn&iacute; zased&aacute;n&iacute; obecn&iacute;ho &uacute;&#345;adu.<\/a><\/li>\n<li><a href=\"wp-content\/uploads\/u_deska\/smlouva_oz_mp.pdf\" target=\"blank\" rel=\"noopener noreferrer\">23.02.2026 &ndash; Ve&#345;ejnopr&aacute;vn&iacute; smlouva mezi obc&iacute; Z&aacute;born&aacute; a m&#283;stem Poln&aacute;.<\/a><\/li>\n<li><a href=\"wp-content\/uploads\/u_deska\/rozpoctove_opatreni_1_2026.pdf\" target=\"blank\" rel=\"noopener noreferrer\">26.01.2026 &ndash; Rozpo&#269;tov&eacute; opat&#345;en&iacute; &#269;. 1 &ndash; 2026.<\/a><\/li>\n<li><a href=\"wp-content\/uploads\/u_deska\/pozvanka_vpz_22_01_2026.pdf\" target=\"blank\" rel=\"noopener noreferrer\">08.01.2026 &ndash; Pozv&aacute;nka na ve&#345;ejn&eacute; pracovn&iacute; zased&aacute;n&iacute; obecn&iacute;ho &uacute;&#345;adu.<\/a><\/li>\n<\/ul>\n<h2><span style=\"color: #cc0000;\">Rok 2025<\/span><\/h2>\n<ul>\n<li><a href=\"wp-content\/uploads\/u_deska\/rozpocet_2026.pdf\" target=\"blank\" rel=\"noopener noreferrer\">30.12.2025 &ndash; Rozpo&#269;et obce pro rok 2026.<\/a><\/li>\n<li><a href=\"wp-content\/uploads\/u_deska\/rozpoctovy_vyhled_2028_2030.pdf\" target=\"blank\" rel=\"noopener noreferrer\">27.11.2025 &ndash; St&#345;edn&#283;dob&yacute; rozpo&#269;tov&yacute; v&yacute;hled obce pro roky 2028 a&#382; 2030.<\/a><\/li>\n<li><a href=\"wp-content\/uploads\/u_deska\/vyhlaska_2025_ji_kv_2.pdf\" target=\"blank\" rel=\"noopener noreferrer\">24.11.2025 &ndash; Ve&#345;ejn&aacute; vyhl&aacute;&scaron;ka &ndash; Aktualizace &#269;. 9 Z&aacute;sad &uacute;zemn&iacute;ho rozvoje Kraje Vyso&#269;ina.<\/a><\/li>\n<li><a href=\"wp-content\/uploads\/u_deska\/vyhlaska_2025_ji_kv.pdf\" target=\"blank\" rel=\"noopener noreferrer\">10.11.2025 &ndash; Ve&#345;ejn&aacute; Vyhl&aacute;&scaron;ka &ndash; ve&#345;ejn&eacute; projedn&aacute;n&iacute; z&aacute;sad zm&#283;n &uacute;zemn&iacute;ho rozvoje KV.<\/a><\/li>\n<li><a href=\"wp-content\/uploads\/u_deska\/rozpoctove_opatreni_7_2025.pdf\" target=\"blank\" rel=\"noopener noreferrer\">06.11.2025 &ndash; Rozpo&#269;tov&eacute; opat&#345;en&iacute; &#269;. 7 &ndash; 2025.<\/a><\/li>\n<li><a href=\"wp-content\/uploads\/u_deska\/rozpoctovy_vyhled_2028_2030_navrh.pdf\" target=\"blank\" rel=\"noopener noreferrer\">06.11.2025 &ndash; N&aacute;vrh st&#345;edn&#283;dob&eacute;ho v&yacute;hledu rozpo&#269;tu obce na roky 2028-30.<\/a><\/li>\n<li><a href=\"wp-content\/uploads\/u_deska\/pozvanka_vpz_27_11_2025.pdf\" target=\"blank\" rel=\"noopener noreferrer\">30.10.2025 &ndash; Pozv&aacute;nka na ve&#345;ejn&eacute; pracovn&iacute; zased&aacute;n&iacute; obecn&iacute;ho &uacute;&#345;edu.<\/a><\/li>\n<li><a href=\"wp-content\/uploads\/u_deska\/rozpocet_2026_navrh.pdf\" target=\"blank\" rel=\"noopener noreferrer\">23.10.2025 &ndash; N&aacute;vrh rozpo&#269;tu pro rok 2026.<\/a><\/li>\n<li><a href=\"wp-content\/uploads\/u_deska\/rozpoctove_opatreni_6_2025.pdf\" target=\"blank\" rel=\"noopener noreferrer\">22.10.2025 &ndash; Rozpo&#269;tov&eacute; opat&#345;en&iacute; &#269;. 6 &ndash; 2025.<\/a><\/li>\n<li><a href=\"wp-content\/uploads\/u_deska\/navrh_rozpoctu_2026_mikroreg.pdf\" target=\"blank\" rel=\"noopener noreferrer\">23.10.2025 &ndash; Mikroregion Polensko &ndash; N&aacute;vrh rozpo&#269;tu pro rok 2026.<\/a><\/li>\n<li><a href=\"wp-content\/uploads\/u_deska\/inventury_2025_mikroreg.pdf\" target=\"blank\" rel=\"noopener noreferrer\">23.10.2025 &ndash; Mikroregion Polensko &ndash; Pl&aacute;n Inventur pro rok 2025.<\/a><\/li>\n<li><a href=\"wp-content\/uploads\/u_deska\/volby_2025_3.pdf\" target=\"blank\" rel=\"noopener noreferrer\">18.09.2025 &ndash; Volby do poslaneck&eacute; sn&#283;movny parlamentu &#268;R 2025.<\/a><\/li>\n<li><a href=\"wp-content\/uploads\/u_deska\/MPR_vyhlaska_2025.pdf\" target=\"blank\" rel=\"noopener noreferrer\">12.09.2025 &ndash; Ve&#345;ejn&aacute; vyhl&aacute;&scaron;ka &ndash; &Uacute;zemn&iacute; rozvojov&yacute; pl&aacute;n.<\/a><\/li>\n<li><a href=\"wp-content\/uploads\/u_deska\/rozpoctove_opatreni_5_2025.pdf\" target=\"blank\" rel=\"noopener noreferrer\">10.09.2025 &ndash; Rozpo&#269;tov&eacute; opat&#345;en&iacute; &#269;. 5 &ndash; 2025.<\/a><\/li>\n<li><a href=\"wp-content\/uploads\/u_deska\/vyhlaska_2025_ji.pdf\" target=\"blank\" rel=\"noopener noreferrer\">28.08.2025 &ndash; Ve&#345;ejn&aacute; vyhl&aacute;&scaron;ka stavebn&iacute;ho &uacute;&#345;adu Magistr&aacute;tu m&#283;sta Jihlavy.<\/a><\/li>\n<li><a href=\"wp-content\/uploads\/u_deska\/pozvanka_vpz_04_09_2025.pdf\" target=\"blank\" rel=\"noopener noreferrer\">21.08.2025 &ndash; Pozv&aacute;nka na ve&#345;ejn&eacute; pracovn&iacute; zased&aacute;n&iacute; obecn&iacute;ho &uacute;&#345;edu.<\/a><\/li>\n<li><a href=\"wp-content\/uploads\/u_deska\/volby_2025_2.pdf\" target=\"blank\" rel=\"noopener noreferrer\">14.08.2025 &ndash; Volby do poslaneck&eacute; sn&#283;movny parlamentu &#268;R 2025.<\/a><\/li>\n<li><a href=\"wp-content\/uploads\/u_deska\/rozpoctove_opatreni_4_2025.pdf\" target=\"blank\" rel=\"noopener noreferrer\">07.08.2025 &ndash; Rozpo&#269;tov&eacute; opat&#345;en&iacute; &#269;. 4 &ndash; 2025.<\/a><\/li>\n<li><a href=\"wp-content\/uploads\/u_deska\/volby_2025_1.pdf\" target=\"blank\" rel=\"noopener noreferrer\">04.08.2025 &ndash; Volby do poslaneck&eacute; sn&#283;movny parlamentu &#268;R 2025.<\/a><\/li>\n<li><a href=\"wp-content\/uploads\/u_deska\/rozpoctove_opatreni_3_2025.pdf\" target=\"blank\" rel=\"noopener noreferrer\">25.06.2025 &ndash; Rozpo&#269;tov&eacute; opat&#345;en&iacute; &#269;. 3 &ndash; 2025.<\/a><\/li>\n<li><a href=\"wp-content\/uploads\/u_deska\/pozvanka_vpz_26_06_2025.pdf\" target=\"blank\" rel=\"noopener noreferrer\">12.06.2025 &ndash; Pozv&aacute;nka na ve&#345;ejn&eacute; pracovn&iacute; zased&aacute;n&iacute; obecn&iacute;ho &uacute;&#345;edu.<\/a><\/li>\n<li><a href=\"wp-content\/uploads\/u_deska\/lesy_cr_2025.pdf\" target=\"blank\" rel=\"noopener noreferrer\">29.05.2025 &ndash; V&yacute;b&#283;rov&eacute; &#345;&iacute;sen&iacute; na prodej pozemku &ndash; Lesy &#268;R.<\/a><\/li>\n<li><a href=\"wp-content\/uploads\/u_deska\/rozpoctove_opatreni_2_2025.pdf\" target=\"blank\" rel=\"noopener noreferrer\">15.05.2025 &ndash; Rozpo&#269;tov&eacute; opat&#345;en&iacute; &#269;. 2 &ndash; 2025.<\/a><\/li>\n<li><a href=\"wp-content\/uploads\/u_deska\/zaverecny_ucet_2024_schvaleny.pdf\" target=\"blank\" rel=\"noopener noreferrer\">07.04.2025 &ndash; Schv&aacute;len&yacute; Z&aacute;v&#283;re&#269;n&yacute; &uacute;&#269;et obce pro rok 2024.<\/a><\/li>\n<li><a href=\"wp-content\/uploads\/u_deska\/navrh_zu_mp_2024.pdf\" target=\"blank\" rel=\"noopener noreferrer\">03.04.2025 &ndash; N&aacute;vrh z&aacute;v&#283;re&#269;n&eacute;ho &uacute;&#269;tu Mikroregionu Polensko za rok 2024.<\/a><\/li>\n<li><a href=\"wp-content\/uploads\/u_deska\/pozvanka_vpz_03_04_2025.pdf\" target=\"blank\" rel=\"noopener noreferrer\">13.03.2025 &ndash; Pozv&aacute;nka na ve&#345;ejn&eacute; pracovn&iacute; zased&aacute;n&iacute; obce.<\/a><\/li>\n<li><a href=\"wp-content\/uploads\/u_deska\/zprava_2025.pdf\" target=\"blank\" rel=\"noopener noreferrer\">11.03.2025 &ndash; Zpr&aacute;va o v&yacute;sledku p&#345;ezkoum&aacute;n&iacute; hospoda&#345;en&iacute; obce.<\/a><\/li>\n<li><a href=\"wp-content\/uploads\/u_deska\/zaverecny_ucet_2024_navrh.pdf\" target=\"blank\" rel=\"noopener noreferrer\">11.03.2025 &ndash; N&aacute;vrh z&aacute;v&#283;re&#269;n&eacute;ho &uacute;&#269;tu pro rok 2024.<\/a><\/li>\n<li><a href=\"wp-content\/uploads\/u_deska\/vyhlaska_zu.pdf\" target=\"blank\" rel=\"noopener noreferrer\">20.02.2025 &ndash; Ve&#345;ejn&aacute; vyhl&aacute;&scaron;ka Zem&#283;m&#283;&#345;ick&eacute;ho &uacute;&#345;adu.<\/a><\/li>\n<li><a href=\"wp-content\/uploads\/u_deska\/rozpoctove_opatreni_1_2025.pdf\" target=\"blank\" rel=\"noopener noreferrer\">07.02.2025 &ndash; Rozpo&#269;tov&eacute; opat&#345;en&iacute; &#269;. 1 &ndash; 2025.<\/a><\/li>\n<\/ul>\n<h2 style=\"text-align: center;\"><a href=\"https:\/\/www.zaborna.cz\/?page_id=3878\"><span style=\"color: #cc0000;\">Archiv<\/span><\/a><\/h2>\n<\/body><\/html>\n","protected":false},"excerpt":{"rendered":"<p>Na vybran&yacute; dokument klikn&#283;te lev&yacute;m tla&#269;&iacute;tkem my&scaron;i, ten se po t&eacute; zobraz&iacute; v nov&eacute;m okn&#283; va&scaron;eho prohl&iacute;&#382;e&#269;e. Dokumenty jsou ve form&aacute;tu&ldquo;pdf&ldquo;. Rok 2026 23.04.2026 &ndash; Pozv&aacute;nka na ve&#345;ejn&eacute; pracovn&iacute; zased&aacute;n&iacute; obecn&iacute;ho &uacute;&#345;adu. 22.04.2026 &ndash; Ve&#345;ejn&aacute; vyhl&aacute;&scaron;ka Finan&#269;n&iacute;ho &uacute;&#345;adu Kraje Vyso&#269;ina. 17.04.2026 &ndash; St&aacute;tem navr&#382;en&eacute; koridory pro v&#283;trn&eacute; elektr&aacute;rny. 13.04.2026 &ndash; Ozn&aacute;men&iacute; o vyhl&aacute;&scaron;en&iacute; pr&aacute;vn&iacute;ho p&#345;edpisu [&hellip;]<\/p>\n","protected":false},"author":1,"featured_media":0,"parent":0,"menu_order":0,"comment_status":"closed","ping_status":"closed","template":"","meta":{"ngg_post_thumbnail":0,"h5ap_radio_sources":[],"footnotes":""},"class_list":["post-59","page","type-page","status-publish","hentry"],"_links":{"self":[{"href":"https:\/\/www.zaborna.cz\/index.php?rest_route=\/wp\/v2\/pages\/59","targetHints":{"allow":["GET"]}}],"collection":[{"href":"https:\/\/www.zaborna.cz\/index.php?rest_route=\/wp\/v2\/pages"}],"about":[{"href":"https:\/\/www.zaborna.cz\/index.php?rest_route=\/wp\/v2\/types\/page"}],"author":[{"embeddable":true,"href":"https:\/\/www.zaborna.cz\/index.php?rest_route=\/wp\/v2\/users\/1"}],"replies":[{"embeddable":true,"href":"https:\/\/www.zaborna.cz\/index.php?rest_route=%2Fwp%2Fv2%2Fcomments&post=59"}],"version-history":[{"count":75,"href":"https:\/\/www.zaborna.cz\/index.php?rest_route=\/wp\/v2\/pages\/59\/revisions"}],"predecessor-version":[{"id":4563,"href":"https:\/\/www.zaborna.cz\/index.php?rest_route=\/wp\/v2\/pages\/59\/revisions\/4563"}],"wp:attachment":[{"href":"https:\/\/www.zaborna.cz\/index.php?rest_route=%2Fwp%2Fv2%2Fmedia&parent=59"}],"curies":[{"name":"wp","href":"https:\/\/api.w.org\/{rel}","templated":true}]}}