{"id":4501,"date":"2026-01-08T23:12:33","date_gmt":"2026-01-08T22:12:33","guid":{"rendered":"https:\/\/www.zaborna.cz\/?page_id=4501"},"modified":"2026-01-08T23:12:33","modified_gmt":"2026-01-08T22:12:33","slug":"uredni-deska-2024","status":"publish","type":"page","link":"https:\/\/www.zaborna.cz\/?page_id=4501","title":{"rendered":"\u00da\u0159edn\u00ed deska &#8211; 2024"},"content":{"rendered":"<!DOCTYPE html PUBLIC \"-\/\/W3C\/\/DTD HTML 4.0 Transitional\/\/EN\" \"http:\/\/www.w3.org\/TR\/REC-html40\/loose.dtd\">\n<html><body><p><span style=\"color: #1f9362;\">Na vybran&yacute; dokument klikn&#283;te lev&yacute;m tla&#269;&iacute;tkem my&scaron;i, ten se po t&eacute; zobraz&iacute; v nov&eacute;m okn&#283; va&scaron;eho prohl&iacute;&#382;e&#269;e. Dokumenty jsou ve form&aacute;tu&ldquo;pdf&ldquo;.<\/span><\/p>\n<h2><span style=\"color: #cc0000;\">Rok 2024<\/span><\/h2>\n<ul>\n<li><a href=\"wp-content\/uploads\/u_deska\/rozpoctove_opatreni_6_2024.pdf\" target=\"blank\" rel=\"noopener noreferrer\">19.12.2024 &ndash; Rozpo&#269;tov&eacute; opat&#345;en&iacute; &#269;. 6 &ndash; 2024.<\/a><\/li>\n<li><a href=\"wp-content\/uploads\/u_deska\/pozvanka_vpz_09_01_2025.pdf\" target=\"blank\" rel=\"noopener noreferrer\">12.12.2024 &ndash; Pozv&aacute;nka na ve&#345;ejn&eacute; pracovn&iacute; zased&aacute;n&iacute; obce.<\/a><\/li>\n<li><a href=\"wp-content\/uploads\/u_deska\/rozpocet_2025.pdf\" target=\"blank\" rel=\"noopener noreferrer\">25.11.2024 &ndash; Rozpo&#269;et obce pro rok 2025.<\/a><\/li>\n<li><a href=\"wp-content\/uploads\/u_deska\/vyhled_rozpoctu_2025_27.pdf\" target=\"blank\" rel=\"noopener noreferrer\">25.11.2024 &ndash; V&yacute;hled rozpo&#269;tu obce pro roky 2025 &ndash; 27.<\/a><\/li>\n<li><a href=\"wp-content\/uploads\/u_deska\/pozvanka_vpz_21_11_2024.pdf\" target=\"blank\" rel=\"noopener noreferrer\">31.10.2024 &ndash; Pozv&aacute;nka na ve&#345;ejn&eacute; pracovn&iacute; zased&aacute;n&iacute; obce.<\/a><\/li>\n<li><a href=\"wp-content\/uploads\/u_deska\/navrh_rozpoctu_2025.pdf\" target=\"blank\" rel=\"noopener noreferrer\">31.10.2024 &ndash; N&aacute;vrh rozpo&#269;tu obce pro rok 2025.<\/a><\/li>\n<li><a href=\"wp-content\/uploads\/u_deska\/rozpoctovy_vyhled_2025_2027.pdf\" target=\"blank\" rel=\"noopener noreferrer\">31.10.2024 &ndash; St&#345;edn&#283;dob&yacute; v&yacute;hled rozpo&#269;tu obce na roky 2025-27.<\/a><\/li>\n<li><a href=\"wp-content\/uploads\/u_deska\/rozpoctove_opatreni_5_2024.pdf\" target=\"blank\" rel=\"noopener noreferrer\">20.09.2024 &ndash; Rozpo&#269;tov&eacute; opat&#345;en&iacute; &#269;. 5 &ndash; 2024.<\/a><\/li>\n<li><a href=\"wp-content\/uploads\/u_deska\/rozpoctove_opatreni_4_2024.pdf\" target=\"blank\" rel=\"noopener noreferrer\">12.09.2024 &ndash; Rozpo&#269;tov&eacute; opat&#345;en&iacute; &#269;. 4 &ndash; 2024.<\/a><\/li>\n<li><a href=\"wp-content\/uploads\/u_deska\/kuv_opatreni.pdf\" target=\"blank\" rel=\"noopener noreferrer\">09.09.2024 &ndash; K&Uacute; Vyso&#269;ina &ndash; regulace pro bol&scaron;evn&iacute;k velkolep&yacute;.<\/a><\/li>\n<li><a href=\"wp-content\/uploads\/u_deska\/volby_2024_4.pdf\" target=\"blank\" rel=\"noopener noreferrer\">05.09.2024 &ndash; Volby do zastupitelstev kraj&#367; 2024.<\/a><\/li>\n<li><a href=\"wp-content\/uploads\/u_deska\/volby_2024_3.pdf\" target=\"blank\" rel=\"noopener noreferrer\">05.08.2024 &ndash; Volby do zastupitelstev kraj&#367; 2024.<\/a><\/li>\n<li><a href=\"wp-content\/uploads\/u_deska\/volby_2024_2.pdf\" target=\"blank\" rel=\"noopener noreferrer\">05.08.2024 &ndash; Volby do zastupitelstev kraj&#367; 2024.<\/a><\/li>\n<li><a href=\"wp-content\/uploads\/u_deska\/volby_2024_1.pdf\" target=\"blank\" rel=\"noopener noreferrer\">18.07.2024 &ndash; Volby do zastupitelstev kraj&#367; 2024.<\/a><\/li>\n<li><a href=\"wp-content\/uploads\/u_deska\/pozvanka_vpz_22_08_2024.pdf\" target=\"blank\" rel=\"noopener noreferrer\">18.07.2024 &ndash; Pozv&aacute;nka na ve&#345;ejn&eacute; pracovn&iacute; zased&aacute;n&iacute;.<\/a><\/li>\n<li><a href=\"wp-content\/uploads\/u_deska\/rozpoctove_opatreni_3_2024.pdf\" target=\"blank\" rel=\"noopener noreferrer\">21.06.2024 &ndash; Rozpo&#269;tov&eacute; opat&#345;en&iacute; &#269;. 3 &ndash; 2024.<\/a><\/li>\n<li><a href=\"wp-content\/uploads\/u_deska\/vyhlaska_KV_2024_2.pdf\" target=\"blank\" rel=\"noopener noreferrer\">21.06.2024 &ndash; Vyhl&aacute;&scaron;ka &ndash; kon&aacute;n&iacute; ve&#345;ejn&eacute;ho projedn&aacute;n&iacute; z&aacute;sad &uacute;zemn&iacute;ho rozvoje KV.<\/a><\/li>\n<li><a href=\"wp-content\/uploads\/u_deska\/pozvanka_vpz_30_05_2024.pdf\" target=\"blank\" rel=\"noopener noreferrer\">23.05.2024 &ndash; Pozv&aacute;nka na ve&#345;ejn&eacute; pracovn&iacute; zased&aacute;n&iacute;.<\/a><\/li>\n<li><a href=\"wp-content\/uploads\/u_deska\/volby_eu_2024_3.pdf\" target=\"blank\" rel=\"noopener noreferrer\">23.05.2024 &ndash; Volby do Evropsk&eacute;ho parlamentu 2024.<\/a><\/li>\n<li><a href=\"wp-content\/uploads\/u_deska\/vyhlaska_KV_2024.pdf\" target=\"blank\" rel=\"noopener noreferrer\">09.05.2024 &ndash; Vyhl&aacute;&scaron;ka Krajsk&eacute;ho &uacute;&#345;adu Kraje Vyso&#269;ina.<\/a><\/li>\n<li><a href=\"wp-content\/uploads\/u_deska\/rozpoctove_opatreni_2_2024.pdf\" target=\"blank\" rel=\"noopener noreferrer\">07.05.2024 &ndash; Rozpo&#269;tov&eacute; opat&#345;en&iacute; &#269;. 2 &ndash; 2024.<\/a><\/li>\n<li><a href=\"wp-content\/uploads\/u_deska\/volby_ep_2024_2.pdf\" target=\"blank\" rel=\"noopener noreferrer\">27.04.2024 &ndash; Volby do Evropsk&eacute;ho parlamentu 2024.<\/a><\/li>\n<li><a href=\"wp-content\/uploads\/u_deska\/vyhlaska_fu_2024.pdf\" target=\"blank\" rel=\"noopener noreferrer\">25.04.2024 &ndash; Vyhl&aacute;&scaron;ka Finan&#269;n&iacute;ho &uacute;&#345;adu Kraje Vyso&#269;ina.<\/a><\/li>\n<li><a href=\"wp-content\/uploads\/u_deska\/volby_ep_2024_1.pdf\" target=\"blank\" rel=\"noopener noreferrer\">23.04.2024 &ndash; Volby do Evropsk&eacute;ho parlamentu 2024.<\/a><\/li>\n<li><a href=\"wp-content\/uploads\/u_deska\/zaverecny_ucet_2023_schvaleny.pdf\" target=\"blank\" rel=\"noopener noreferrer\">18.04.2024 &ndash; Schv&aacute;len&yacute; Z&aacute;v&#283;re&#269;n&yacute; &uacute;&#269;et obce za rok 2023.<\/a><\/li>\n<li><a href=\"wp-content\/uploads\/u_deska\/vyhlaska_FU_KV.pdf\" target=\"blank\" rel=\"noopener noreferrer\">10.04.2024 &ndash; Vyhl&aacute;&scaron;ka Finan&#269;n&iacute;ho &uacute;&#345;adu Kraje Vyso&#269;ina.<\/a><\/li>\n<li><a href=\"wp-content\/uploads\/u_deska\/mikroregion_nzu_2023.pdf\" target=\"blank\" rel=\"noopener noreferrer\">04.04.2024 &ndash; N&aacute;vrh Z&aacute;v&#283;re&#269;n&eacute;ho &uacute;&#269;tu Mikroregionu Polensko.<\/a><\/li>\n<li><a href=\"wp-content\/uploads\/u_deska\/pozvanka_vpz_18_04_2024.pdf\" target=\"blank\" rel=\"noopener noreferrer\">29.03.2024 &ndash; Pozv&aacute;nka na ve&#345;ejn&eacute; pracovn&iacute; zased&aacute;n&iacute;.<\/a><\/li>\n<li><a href=\"wp-content\/uploads\/u_deska\/zaverecny_ucet_2023_navrh.pdf\" target=\"blank\" rel=\"noopener noreferrer\">25.03.2024 &ndash; N&aacute;vrh z&aacute;v&#283;re&#269;n&eacute;ho &uacute;&#269;tu obce za rok 2023.<\/a><\/li>\n<li><a href=\"wp-content\/uploads\/u_deska\/zprava_1_2024.pdf\" target=\"blank\" rel=\"noopener noreferrer\">25.03.2024 &ndash; Zpr&aacute;va o v&yacute;sledku p&#345;ezkoum&aacute;n&iacute; hospoda&#345;en&iacute; obce v roce 2023.<\/a><\/li>\n<li><a href=\"wp-content\/uploads\/u_deska\/kuv_zp.pdf\" target=\"blank\" rel=\"noopener noreferrer\">21.03.2024 &ndash; Ak&#269;n&iacute; pl&aacute;n zlep&scaron;ov&aacute;n&iacute; kvality ovzdu&scaron;&iacute; KV &ndash; Z&aacute;v&#283;r zji&scaron;&#357;ovac&iacute;ho &#345;&iacute;zen&iacute;.<\/a><\/li>\n<li><a href=\"wp-content\/uploads\/u_deska\/akcni_plan_KU.pdf\" target=\"blank\" rel=\"noopener noreferrer\">21.02.2024 &ndash; Ak&#269;n&iacute; pl&aacute;n zlep&scaron;ov&aacute;n&iacute; kvality ovzdu&scaron;&iacute; Kraje Vyso&#269;ina.<\/a><\/li>\n<li><a href=\"wp-content\/uploads\/u_deska\/rozpoctove_opatreni_1_2024.pdf\" target=\"blank\" rel=\"noopener noreferrer\">08.02.2024 &ndash; Rozpo&#269;tov&eacute; opat&#345;en&iacute; &#269;. 1 &ndash; 2024.<\/a><\/li>\n<li><a href=\"wp-content\/uploads\/u_deska\/rozpocet_2024.pdf\" target=\"blank\" rel=\"noopener noreferrer\">08.02.2024 &ndash; Rozpo&#269;et obce na rok 2024.<\/a><\/li>\n<li><a href=\"wp-content\/uploads\/u_deska\/sdh_valna_hromada.pdf\" target=\"blank\" rel=\"noopener noreferrer\">31.01.2024 &ndash; Valn&aacute; hromada Sboru dobrovoln&yacute;ch hasi&#269;&#367;.<\/a><\/li>\n<li><a href=\"wp-content\/uploads\/u_deska\/pozvanka_vpz_25_01_2024.pdf\" target=\"blank\" rel=\"noopener noreferrer\">11.01.2024 &ndash; Pozv&aacute;nka na ve&#345;ejn&eacute; pracovn&iacute; zased&aacute;n&iacute;.<\/a><\/li>\n<li><a href=\"wp-content\/uploads\/u_deska\/navrh_rozpoctu_2024.pdf\" target=\"blank\" rel=\"noopener noreferrer\">04.01.2024 &ndash; N&aacute;vrh rozpo&#269;tu obce na rok 2024.<\/a><\/li>\n<\/ul>\n<h2 style=\"text-align: center;\"><a href=\"https:\/\/www.zaborna.cz\/?page_id=3878\"><span style=\"color: #cc0000;\">Archiv<\/span><\/a><\/h2>\n<\/body><\/html>\n","protected":false},"excerpt":{"rendered":"<p>Na vybran&yacute; dokument klikn&#283;te lev&yacute;m tla&#269;&iacute;tkem my&scaron;i, ten se po t&eacute; zobraz&iacute; v nov&eacute;m okn&#283; va&scaron;eho prohl&iacute;&#382;e&#269;e. Dokumenty jsou ve form&aacute;tu&ldquo;pdf&ldquo;. Rok 2024 19.12.2024 &ndash; Rozpo&#269;tov&eacute; opat&#345;en&iacute; &#269;. 6 &ndash; 2024. 12.12.2024 &ndash; Pozv&aacute;nka na ve&#345;ejn&eacute; pracovn&iacute; zased&aacute;n&iacute; obce. 25.11.2024 &ndash; Rozpo&#269;et obce pro rok 2025. 25.11.2024 &ndash; V&yacute;hled rozpo&#269;tu obce pro roky 2025 &ndash; [&hellip;]<\/p>\n","protected":false},"author":1,"featured_media":0,"parent":0,"menu_order":0,"comment_status":"closed","ping_status":"closed","template":"","meta":{"ngg_post_thumbnail":0,"h5ap_radio_sources":[],"footnotes":""},"class_list":["post-4501","page","type-page","status-publish","hentry"],"_links":{"self":[{"href":"https:\/\/www.zaborna.cz\/index.php?rest_route=\/wp\/v2\/pages\/4501","targetHints":{"allow":["GET"]}}],"collection":[{"href":"https:\/\/www.zaborna.cz\/index.php?rest_route=\/wp\/v2\/pages"}],"about":[{"href":"https:\/\/www.zaborna.cz\/index.php?rest_route=\/wp\/v2\/types\/page"}],"author":[{"embeddable":true,"href":"https:\/\/www.zaborna.cz\/index.php?rest_route=\/wp\/v2\/users\/1"}],"replies":[{"embeddable":true,"href":"https:\/\/www.zaborna.cz\/index.php?rest_route=%2Fwp%2Fv2%2Fcomments&post=4501"}],"version-history":[{"count":2,"href":"https:\/\/www.zaborna.cz\/index.php?rest_route=\/wp\/v2\/pages\/4501\/revisions"}],"predecessor-version":[{"id":4503,"href":"https:\/\/www.zaborna.cz\/index.php?rest_route=\/wp\/v2\/pages\/4501\/revisions\/4503"}],"wp:attachment":[{"href":"https:\/\/www.zaborna.cz\/index.php?rest_route=%2Fwp%2Fv2%2Fmedia&parent=4501"}],"curies":[{"name":"wp","href":"https:\/\/api.w.org\/{rel}","templated":true}]}}

Úřední deska &#8211; 2024
