{"id":4333,"date":"2025-02-20T21:04:07","date_gmt":"2025-02-20T20:04:07","guid":{"rendered":"https:\/\/www.zaborna.cz\/?page_id=4333"},"modified":"2025-03-06T09:23:10","modified_gmt":"2025-03-06T08:23:10","slug":"uredni-deska-2023","status":"publish","type":"page","link":"https:\/\/www.zaborna.cz\/?page_id=4333","title":{"rendered":"\u00da\u0159edn\u00ed deska &#8211; 2023"},"content":{"rendered":"<!DOCTYPE html PUBLIC \"-\/\/W3C\/\/DTD HTML 4.0 Transitional\/\/EN\" \"http:\/\/www.w3.org\/TR\/REC-html40\/loose.dtd\">\n<html><body><p><span style=\"color: #1f9362;\">Na vybran&yacute; dokument klikn&#283;te lev&yacute;m tla&#269;&iacute;tkem my&scaron;i, ten se po t&eacute; zobraz&iacute; v nov&eacute;m okn&#283; va&scaron;eho prohl&iacute;&#382;e&#269;e. Dokumenty jsou ve form&aacute;tu&ldquo;pdf&ldquo;.<\/span><\/p>\n<h2><span style=\"color: #cc0000;\">Rok 2023<\/span><\/h2>\n<ul>\n<li><a href=\"wp-content\/uploads\/u_deska\/rozpoctove_opatreni_8_2023.pdf\" target=\"blank\" rel=\"noopener noreferrer\">29.12.2023 &ndash; Rozpo&#269;tov&eacute; opat&#345;en&iacute; &#269;.8 &ndash; 2023.<\/a><\/li>\n<li><a href=\"wp-content\/uploads\/u_deska\/rozpoctove_opatreni_7_2023.pdf\" target=\"blank\" rel=\"noopener noreferrer\">21.12.2023 &ndash; Rozpo&#269;tov&eacute; opat&#345;en&iacute; &#269;.7 &ndash; 2023.<\/a><\/li>\n<li><a href=\"wp-content\/uploads\/u_deska\/vyhlaska_mj_01_2023.pdf\" target=\"blank\" rel=\"noopener noreferrer\">18.12.2023 &ndash; Vyhl&aacute;&scaron;ka o zm&#283;n&#283; term&iacute;nu dokon&#269;en&iacute; stavby.<\/a><\/li>\n<li><a href=\"wp-content\/uploads\/u_deska\/vyhlaska_01_2023.pdf\" target=\"blank\" rel=\"noopener noreferrer\">14.12.2023 &ndash; Vyhl&aacute;&scaron;ka o m&iacute;stn&iacute;m poplatku za komun&aacute;ln&iacute; odpad.<\/a><\/li>\n<li><a href=\"wp-content\/uploads\/u_deska\/vyhlaska_02_2023.pdf\" target=\"blank\" rel=\"noopener noreferrer\">14.12.2023 &ndash; Vyhl&aacute;&scaron;ko o m&iacute;stn&iacute;m poplatku ze ps&#367;.<\/a><\/li>\n<li><a href=\"wp-content\/uploads\/u_deska\/rozpoctove_opatreni_6_2023.pdf\" target=\"blank\" rel=\"noopener noreferrer\">14.12.2023 &ndash; Rozpo&#269;tov&eacute; opat&#345;en&iacute; &#269;.6 &ndash; 2023.<\/a><\/li>\n<li><a href=\"wp-content\/uploads\/u_deska\/pozvanka_vpz_14_12_2023.pdf\" target=\"blank\" rel=\"noopener noreferrer\">07.12.2023 &ndash; Pozv&aacute;nka na mimo&#345;&aacute;dn&eacute; ve&#345;ejn&eacute; pracovn&iacute; zased&aacute;n&iacute;.<\/a><\/li>\n<li><a href=\"wp-content\/uploads\/u_deska\/vyhlaska_oz_02_2023.pdf\" target=\"blank\" rel=\"noopener noreferrer\">07.12.2023 &ndash; Ve&#345;ejn&aacute; obecn&iacute; vyhl&aacute;&scaron;ka.<\/a><\/li>\n<li><a href=\"wp-content\/uploads\/u_deska\/smlouva_o_dilo.pdf\" target=\"blank\" rel=\"noopener noreferrer\">08.11.2023 &ndash; Snlouva o d&iacute;lo na ve&#345;ejn&eacute; osv&#283;tlen&iacute;.<\/a><\/li>\n<li><a href=\"wp-content\/uploads\/u_deska\/egd_kaceni_drevin.pdf\" target=\"blank\" rel=\"noopener noreferrer\">08.11.2023 &ndash; EON &ndash; o&#345;ez d&#345;evin v ochrann&eacute;m p&aacute;smu.<\/a><\/li>\n<li><a href=\"wp-content\/uploads\/u_deska\/rozpoctove_prov_2024.pdf\" target=\"blank\" rel=\"noopener noreferrer\">02.11.2023 &ndash; Rozpo&#269;tov&eacute; provizorium pro rok 2024.<\/a><\/li>\n<li><a href=\"wp-content\/uploads\/u_deska\/rozpoctove_opatreni_5_2023.pdf\" target=\"blank\" rel=\"noopener noreferrer\">24.10.2023 &ndash; Rozpo&#269;tov&eacute; opat&#345;en&iacute; &#269;.5 &ndash; 2023.<\/a><\/li>\n<li><a href=\"wp-content\/uploads\/u_deska\/pozvanka_vpz_02_11_2023.pdf\" target=\"blank\" rel=\"noopener noreferrer\">19.10.2023 &ndash; Pozv&aacute;nka na ve&#345;ejn&eacute; pracovn&iacute; zased&aacute;n&iacute; obce.<\/a><\/li>\n<li><a href=\"wp-content\/uploads\/u_deska\/rozpoctove_opatreni_4_2023.pdf\" target=\"blank\" rel=\"noopener noreferrer\">22.09.2023 &ndash; Rozpo&#269;tov&eacute; opat&#345;en&iacute; &#269;.4 &ndash; 2023.<\/a><\/li>\n<li><a href=\"wp-content\/uploads\/u_deska\/oznameni_seneco_2.pdf\" target=\"blank\" rel=\"noopener noreferrer\">14.09.2023 &ndash; Vodovod pro krav&iacute;n ve farm&#283; Hrbov &ndash; 2. etapa.<\/a><\/li>\n<li><a href=\"wp-content\/uploads\/u_deska\/mikroregion_nr_2024.pdf\" target=\"blank\" rel=\"noopener noreferrer\">06.09.2023 &ndash; N&aacute;vrh rozp. Mikroreg. Polensko pro rok 2024.<\/a><\/li>\n<li><a href=\"wp-content\/uploads\/u_deska\/pozvanka_vpz_10_08_2023.pdf\" target=\"blank\" rel=\"noopener noreferrer\">27.07.2023 &ndash; Pozv&aacute;nka na ve&#345;ejn&eacute; pracovn&iacute; zased&aacute;n&iacute; obce.<\/a><\/li>\n<li><a href=\"wp-content\/uploads\/u_deska\/oznameni_1_2023.pdf\" target=\"blank\" rel=\"noopener noreferrer\">20.07.2023 &ndash; Ozn&aacute;men&iacute; o dokon&#269;en&iacute; obnovy katastr&aacute;ln&iacute;ho oper&aacute;tu.<\/a><\/li>\n<li><a href=\"wp-content\/uploads\/u_deska\/rozpoctove_opatreni_3_2023.pdf\" target=\"blank\" rel=\"noopener noreferrer\">17.07.2023 &ndash; Rozpo&#269;tov&eacute; opat&#345;en&iacute; &#269;.3 &ndash; 2023.<\/a><\/li>\n<li><a href=\"wp-content\/uploads\/u_deska\/zaverecny_ucet_2022_schvaleny.pdf\" target=\"blank\" rel=\"noopener noreferrer\">05.06.2023 &ndash; Z&aacute;v&#283;re&#269;n&yacute; &uacute;&#269;et za rok 2022.<\/a><\/li>\n<li><a href=\"wp-content\/uploads\/u_deska\/vyhlaska_mup_02_2023.pdf\" target=\"blank\" rel=\"noopener noreferrer\">23.05.2023 &ndash; Ve&#345;ejn&aacute; Vyhl&aacute;&scaron;ka M&Uacute; Poln&aacute; &ndash; &Uacute;zemn&iacute; rozhodnut&iacute;.<\/a><\/li>\n<li><a href=\"wp-content\/uploads\/u_deska\/pozvanka_vpz_01_06_2023.pdf\" target=\"blank\" rel=\"noopener noreferrer\">18.05.2023 &ndash; Pozv&aacute;nka na ve&#345;ejn&eacute; pracovn&iacute; zased&aacute;n&iacute; obce.<\/a><\/li>\n<li><a href=\"wp-content\/uploads\/u_deska\/zprava_o_hospodareni_2022.pdf\" target=\"blank\" rel=\"noopener noreferrer\">03.05.2023 &ndash; Zpr&aacute;va o hospoda&#345;en&iacute; obce v roce 2022.<\/a><\/li>\n<li><a href=\"wp-content\/uploads\/u_deska\/zaverecny_ucet_2022_navrh.pdf\" target=\"blank\" rel=\"noopener noreferrer\">03.05.2022 &ndash; N&aacute;vrh Z&aacute;v&#283;re&#269;n&eacute;ho &uacute;&#269;tu za rok 2022.<\/a><\/li>\n<li><a href=\"wp-content\/uploads\/u_deska\/rozpoctove_opatreni_2_2023.pdf\" target=\"blank\" rel=\"noopener noreferrer\">02.05.2023 &ndash; Rozpo&#269;tov&eacute; opat&#345;en&iacute; &#269;.2 &ndash; 2023.<\/a><\/li>\n<li><a href=\"wp-content\/uploads\/u_deska\/vyhlaska_FU_2023_2.pdf\" target=\"blank\" rel=\"noopener noreferrer\">20.04.2023 &ndash; Vyhl&aacute;&scaron;ka F&Uacute; Jihlava o dani z nemovitosti &#269;.2.<\/a><\/li>\n<li><a href=\"wp-content\/uploads\/u_deska\/pozvanka_vpz_27_04_2023.pdf\" target=\"blank\" rel=\"noopener noreferrer\">13.04.2023 &ndash; Pozv&aacute;nka na ve&#345;ejn&eacute; pracovn&iacute; zased&aacute;n&iacute; obce.<\/a><\/li>\n<li><a href=\"wp-content\/uploads\/u_deska\/vyhlaska_FU_2023.pdf\" target=\"blank\" rel=\"noopener noreferrer\">12.04.2023 &ndash; Vyhl&aacute;&scaron;ka F&Uacute; Jihlava o dani z nemovitosti.<\/a><\/li>\n<li><a href=\"wp-content\/uploads\/u_deska\/vyhlaska_mup_01_2023.pdf\" target=\"blank\" rel=\"noopener noreferrer\">05.04.2023 &ndash; Ozn&aacute;men&iacute; o zah&aacute;jen&iacute; &uacute;zemn&iacute;ho &#345;&iacute;zen&iacute;.<\/a><\/li>\n<li><a href=\"wp-content\/uploads\/u_deska\/mikroregion_nzr_2022.pdf\" target=\"blank\" rel=\"noopener noreferrer\">28.03.2023 &ndash; N&aacute;vrh z&aacute;v&#283;r.rozpo&#269;. Mikroreg. Polensko za rok 2022.<\/a><\/li>\n<li><a href=\"wp-content\/uploads\/u_deska\/popl_pes.pdf\" target=\"blank\" rel=\"noopener noreferrer\">09.03.2023 &ndash; Informace ohledn&#283; poplatk&#367; za psy.<\/a><\/li>\n<li><a href=\"wp-content\/uploads\/u_deska\/zprava_1_2023.pdf\" target=\"blank\" rel=\"noopener noreferrer\">01.03.2023 &ndash; V&yacute;ro&#269;n&iacute; zpr&aacute;va o poskytov&aacute;n&iacute; informac&iacute;.<\/a><\/li>\n<li><a href=\"wp-content\/uploads\/u_deska\/pozvanka_vpz_23_02_2023.pdf\" target=\"blank\" rel=\"noopener noreferrer\">16.02.2023 &ndash; Pozv&aacute;nka na mimo&#345;&aacute;dn&eacute; ve&#345;ejn&eacute; prac. zased&aacute;n&iacute; obce.<\/a><\/li>\n<li><a href=\"wp-content\/uploads\/u_deska\/rozpocet_2023.pdf\" target=\"blank\" rel=\"noopener noreferrer\">13.02.2023 &ndash; Rozpo&#269;et obce na rok 2023.<\/a><\/li>\n<li><a href=\"wp-content\/uploads\/u_deska\/rozpoctovy_vyhled_2024_2026.pdf\" target=\"blank\" rel=\"noopener noreferrer\">13.02.2023 &ndash; St&#345;edn&#283;dob&yacute; v&yacute;hled rozpo&#269;tu na roky 2024-26.<\/a><\/li>\n<li><a href=\"wp-content\/uploads\/u_deska\/rozpoctove_opatreni_1_2023.pdf\" target=\"blank\" rel=\"noopener noreferrer\">09.02.2023 &ndash; Rozpo&#269;tov&eacute; opat&#345;en&iacute; &#269;.1 &ndash; 2023.<\/a><\/li>\n<li><a href=\"wp-content\/uploads\/u_deska\/pozvanka_vpz_kv.pdf\" target=\"blank\" rel=\"noopener noreferrer\">27.01.2023 &ndash; Pozv&aacute;nka na ve&#345;ejn&eacute; zased&aacute;n&iacute; Kraje Vyso&#269;ina.<\/a><\/li>\n<li><a href=\"wp-content\/uploads\/u_deska\/pozvanka_vpz_09_02_2023.pdf\" target=\"blank\" rel=\"noopener noreferrer\">26.01.2023 &ndash; Pozv&aacute;nka na ve&#345;ejn&eacute; pracovn&iacute; zased&aacute;n&iacute; obce.<\/a><\/li>\n<li><a href=\"wp-content\/uploads\/u_deska\/spu_oznameni_1.pdf\" target=\"blank\" rel=\"noopener noreferrer\">23.01.2023 &ndash; Ozn&aacute;men&iacute; St&aacute;tn&iacute;ho pozemkov&eacute;ho &uacute;&#345;adu.<\/a><\/li>\n<li><a href=\"wp-content\/uploads\/u_deska\/navrh_rozpoctu_2023.pdf\" target=\"blank\" rel=\"noopener noreferrer\">19.01.2023 &ndash; N&aacute;vrh rozpo&#269;tu na rok 2023.<\/a><\/li>\n<li><a href=\"wp-content\/uploads\/u_deska\/vyhled_rozpoctu_%202024_26_navrh.pdf\" target=\"blank\" rel=\"noopener noreferrer\">19.01.2023 &ndash; N&aacute;vrh st&#345;edn&#283;dob. v&yacute;hledu rozpo&#269;tu na roky 2024-26.<\/a><\/li>\n<li><a href=\"wp-content\/uploads\/u_deska\/volby_prezidenta_2023_5.pdf\" target=\"blank\" rel=\"noopener noreferrer\">16.01.2023 &ndash; Volby prezidenta &#268;esk&eacute; republiky.<\/a><\/li>\n<li><a href=\"wp-content\/uploads\/u_deska\/kuv_vyhlaska.pdf\" target=\"blank\" rel=\"noopener noreferrer\">06.01.2023 &ndash; Vyhl&aacute;&scaron;ka Krajsk&eacute;ho &uacute;&#345;adu Kraje Vyso&#269;ina.<\/a><\/li>\n<\/ul>\n<h2 style=\"text-align: center;\"><a href=\"https:\/\/www.zaborna.cz\/?page_id=3878\"><span style=\"color: #cc0000;\">Archiv<\/span><\/a><\/h2>\n<\/body><\/html>\n","protected":false},"excerpt":{"rendered":"<p>Na vybran&yacute; dokument klikn&#283;te lev&yacute;m tla&#269;&iacute;tkem my&scaron;i, ten se po t&eacute; zobraz&iacute; v nov&eacute;m okn&#283; va&scaron;eho prohl&iacute;&#382;e&#269;e. Dokumenty jsou ve form&aacute;tu&ldquo;pdf&ldquo;. Rok 2023 29.12.2023 &ndash; Rozpo&#269;tov&eacute; opat&#345;en&iacute; &#269;.8 &ndash; 2023. 21.12.2023 &ndash; Rozpo&#269;tov&eacute; opat&#345;en&iacute; &#269;.7 &ndash; 2023. 18.12.2023 &ndash; Vyhl&aacute;&scaron;ka o zm&#283;n&#283; term&iacute;nu dokon&#269;en&iacute; stavby. 14.12.2023 &ndash; Vyhl&aacute;&scaron;ka o m&iacute;stn&iacute;m poplatku za komun&aacute;ln&iacute; odpad. 14.12.2023 [&hellip;]<\/p>\n","protected":false},"author":1,"featured_media":0,"parent":0,"menu_order":0,"comment_status":"closed","ping_status":"closed","template":"","meta":{"ngg_post_thumbnail":0,"h5ap_radio_sources":[],"footnotes":""},"class_list":["post-4333","page","type-page","status-publish","hentry"],"_links":{"self":[{"href":"https:\/\/www.zaborna.cz\/index.php?rest_route=\/wp\/v2\/pages\/4333","targetHints":{"allow":["GET"]}}],"collection":[{"href":"https:\/\/www.zaborna.cz\/index.php?rest_route=\/wp\/v2\/pages"}],"about":[{"href":"https:\/\/www.zaborna.cz\/index.php?rest_route=\/wp\/v2\/types\/page"}],"author":[{"embeddable":true,"href":"https:\/\/www.zaborna.cz\/index.php?rest_route=\/wp\/v2\/users\/1"}],"replies":[{"embeddable":true,"href":"https:\/\/www.zaborna.cz\/index.php?rest_route=%2Fwp%2Fv2%2Fcomments&post=4333"}],"version-history":[{"count":3,"href":"https:\/\/www.zaborna.cz\/index.php?rest_route=\/wp\/v2\/pages\/4333\/revisions"}],"predecessor-version":[{"id":4378,"href":"https:\/\/www.zaborna.cz\/index.php?rest_route=\/wp\/v2\/pages\/4333\/revisions\/4378"}],"wp:attachment":[{"href":"https:\/\/www.zaborna.cz\/index.php?rest_route=%2Fwp%2Fv2%2Fmedia&parent=4333"}],"curies":[{"name":"wp","href":"https:\/\/api.w.org\/{rel}","templated":true}]}}

Úřední deska &#8211; 2023
