{"id":4028,"date":"2024-01-08T21:51:39","date_gmt":"2024-01-08T20:51:39","guid":{"rendered":"https:\/\/www.zaborna.cz\/?page_id=4028"},"modified":"2024-01-08T21:52:58","modified_gmt":"2024-01-08T20:52:58","slug":"uredni-deska-2022","status":"publish","type":"page","link":"https:\/\/www.zaborna.cz\/?page_id=4028","title":{"rendered":"\u00da\u0159edn\u00ed deska &#8211; 2022"},"content":{"rendered":"<!DOCTYPE html PUBLIC \"-\/\/W3C\/\/DTD HTML 4.0 Transitional\/\/EN\" \"http:\/\/www.w3.org\/TR\/REC-html40\/loose.dtd\">\n<html><body><p><span style=\"color: #1f9362;\">Na vybran&yacute; dokument klikn&#283;te lev&yacute;m tla&#269;&iacute;tkem my&scaron;i, ten se po t&eacute; zobraz&iacute; v nov&eacute;m okn&#283; va&scaron;eho prohl&iacute;&#382;e&#269;e. Dokumenty jsou ve form&aacute;tu&ldquo;pdf&ldquo;.<\/span> <\/p>\n<h2><span style=\"color: #cc0000;\">Rok 2022<\/span><\/h2>\n<ul>\n<li><a href=\"wp-content\/uploads\/u_deska\/volby_prezidenta_2023_4.pdf\" target=\"blank\" rel=\"noopener noreferrer\">29.12.2022 &ndash; Volby prezidenta &#268;esk&eacute; republiky.<\/a><\/li>\n<li><a href=\"wp-content\/uploads\/u_deska\/volby_prezidenta_2023_3.pdf\" target=\"blank\" rel=\"noopener noreferrer\">29.12.2022 &ndash; Volby prezidenta &#268;esk&eacute; republiky &ndash; informace.<\/a><\/li>\n<li><a href=\"wp-content\/uploads\/u_deska\/pozvanka_vpz_29_12_2022.pdf\" target=\"blank\" rel=\"noopener noreferrer\">22.12.2022 &ndash; Pozv&aacute;nka na mimo&#345;&aacute;dn&eacute; ve&#345;ejn&eacute; prac. zased&aacute;n&iacute; obce.<\/a><\/li>\n<li><a href=\"wp-content\/uploads\/u_deska\/rozpoctove_opatreni_10_2022.pdf\" target=\"blank\" rel=\"noopener noreferrer\">21.12.2022 &ndash; Rozpo&#269;tov&eacute; opat&#345;en&iacute; &#269;.10 &ndash; 2022.<\/a><\/li>\n<li><a href=\"wp-content\/uploads\/u_deska\/oznameni_spu_2022.pdf\" target=\"blank\" rel=\"noopener noreferrer\">12.12.2022 &ndash; Ozn&aacute;men&iacute; St&aacute;tn&iacute;ho pozemkov&eacute;ho &uacute;&#345;adu.<\/a><\/li>\n<li><a href=\"wp-content\/uploads\/u_deska\/roz_prov_2023.pdf\" target=\"blank\" rel=\"noopener noreferrer\">08.12.2022 &ndash; Rozpo&#269;tov&eacute; provizorium pro rok 2023.<\/a><\/li>\n<li><a href=\"wp-content\/uploads\/u_deska\/volby_prezidenta_2023_2.pdf\" target=\"blank\" rel=\"noopener noreferrer\">03.12.2022 &ndash; Volby prezidenta &#268;esk&eacute; republiky.<\/a><\/li>\n<li><a href=\"wp-content\/uploads\/u_deska\/volby_prezidenta_2023_1.pdf\" target=\"blank\" rel=\"noopener noreferrer\">29.11.2022 &ndash; Volby prezidenta &#268;esk&eacute; republiky.<\/a><\/li>\n<li><a href=\"wp-content\/uploads\/u_deska\/pozvanka_vpz_08_12_2022.pdf\" target=\"blank\" rel=\"noopener noreferrer\">24.11.2022 &ndash; Pozv&aacute;nka na ve&#345;ejn&eacute; pracovn&iacute; zased&aacute;n&iacute; obce.<\/a><\/li>\n<li><a href=\"wp-content\/uploads\/u_deska\/rozpoctove_opatreni_9_2022.pdf\" target=\"blank\" rel=\"noopener noreferrer\">14.11.2022 &ndash; Rozpo&#269;tov&eacute; opat&#345;en&iacute; &#269;.9 &ndash; 2022.<\/a><\/li>\n<li><a href=\"wp-content\/uploads\/u_deska\/volby_prezidenta_2023.pdf\" target=\"blank\" rel=\"noopener noreferrer\">14.11.2022 &ndash; Volby prezidenta &#268;esk&eacute; republiky.<\/a><\/li>\n<li><a href=\"wp-content\/uploads\/u_deska\/mikroregion_pr.pdf\" target=\"blank\" rel=\"noopener noreferrer\">07.11.2022 &ndash; V&yacute;kaz pro hodnocen&iacute; pln&#283;n&iacute; rozpo&#269;tu MP.<\/a><\/li>\n<li><a href=\"wp-content\/uploads\/u_deska\/mikroregion_nr_2023.pdf\" target=\"blank\" rel=\"noopener noreferrer\">07.11.2022 &ndash; N&aacute;vrh rozpo&#269;tu Mikroregionu Polensko pro rok 2023.<\/a><\/li>\n<li><a href=\"wp-content\/uploads\/u_deska\/odpady_2022.pdf\" target=\"blank\" rel=\"noopener noreferrer\">03.11.2022 &ndash; Poplatky za odpady.<\/a><\/li>\n<li><a href=\"wp-content\/uploads\/u_deska\/mz_vyhlaska.pdf\" target=\"blank\" rel=\"noopener noreferrer\">03.11.2022 &ndash; Vyhl&aacute;&scaron;ka Ministerstva zem&#283;d&#283;lstv&iacute;.<\/a><\/li>\n<li><a href=\"wp-content\/uploads\/u_deska\/kuv_odpady.pdf\" target=\"blank\" rel=\"noopener noreferrer\">01.11.2022 &ndash; Pl&aacute;n odpadov&eacute;ho hospod&aacute;&#345;stv&iacute; Kraje Vyso&#269;ina<\/a><\/li>\n<li><a href=\"wp-content\/uploads\/u_deska\/spu_oznameni.pdf\" target=\"blank\" rel=\"noopener noreferrer\">01.11.2022 &ndash; Ozn&aacute;men&iacute; st&aacute;tn&iacute;ho pozemkov&eacute;ho &uacute;&#345;adu.<\/a><\/li>\n<li><a href=\"wp-content\/uploads\/u_deska\/rozpoctove_opatreni_8_2022.pdf\" target=\"blank\" rel=\"noopener noreferrer\">24.10.2022 &ndash; Rozpo&#269;tov&eacute; opat&#345;en&iacute; &#269;.8 &ndash; 2022.<\/a><\/li>\n<li><a href=\"wp-content\/uploads\/u_deska\/rozpoctove_opatreni_7_2022.pdf\" target=\"blank\" rel=\"noopener noreferrer\">13.10.2022 &ndash; Rozpo&#269;tov&eacute; opat&#345;en&iacute; &#269;.7 &ndash; 2022.<\/a><\/li>\n<li><a href=\"wp-content\/uploads\/u_deska\/pozvanka_vpz_18_10_2022.pdf\" target=\"blank\" rel=\"noopener noreferrer\">08.10.2022 &ndash; Pozv&aacute;nka na ustavuj&iacute;c&iacute; zased&aacute;n&iacute; zastupitelstva obce.<\/a><\/li>\n<li><a href=\"wp-content\/uploads\/u_deska\/volby_2022_6.pdf\" target=\"blank\" rel=\"noopener noreferrer\">26.09.2022 &ndash; V&yacute;sledky voleb do zastupitelstva obce v roce 2022.<\/a><\/li>\n<li><a href=\"wp-content\/uploads\/u_deska\/volby_2022_5.pdf\" target=\"blank\" rel=\"noopener noreferrer\">01.09.2022 &ndash; Volby do Sen&aacute;tu a zastupitelstva obce v roce 2022.<\/a><\/li>\n<li><a href=\"wp-content\/uploads\/u_deska\/rozpoctove_opatreni_6_2022.pdf\" target=\"blank\" rel=\"noopener noreferrer\">30.08.2022 &ndash; Rozpo&#269;tov&eacute; opat&#345;en&iacute; &#269;.6 &ndash; 2022.<\/a><\/li>\n<li><a href=\"wp-content\/uploads\/u_deska\/volby_senat_2022_2.pdf\" target=\"blank\" rel=\"noopener noreferrer\">11.08.2022 &ndash; Volby do Sen&aacute;tu a zastupitelstva obce v roce 2022.<\/a><\/li>\n<li><a href=\"wp-content\/uploads\/u_deska\/volby_senat_2022_1.pdf\" target=\"blank\" rel=\"noopener noreferrer\">09.08.2022 &ndash; Volby do Sen&aacute;tu Parlamentu &#268;R v roce 2022.<\/a><\/li>\n<li><a href=\"wp-content\/uploads\/u_deska\/volby_2022_2.pdf\" target=\"blank\" rel=\"noopener noreferrer\">25.07.2022 &ndash; Volby do zastupitelstva obce v roce 2022 &ndash; komise.<\/a><\/li>\n<li><a href=\"wp-content\/uploads\/u_deska\/pozvanka_vpz_11_08_2022.pdf\" target=\"blank\" rel=\"noopener noreferrer\">25.07.2022 &ndash; Pozv&aacute;nka na ve&#345;ejn&eacute; pracovn&iacute; zased&aacute;n&iacute; obce.<\/a><\/li>\n<li><a href=\"wp-content\/uploads\/u_deska\/volby_2022_1.pdf\" target=\"blank\" rel=\"noopener noreferrer\">02.07.2022 &ndash; Volby do zastupitelstva obce v roce 2022 &ndash; okrsky.<\/a><\/li>\n<li><a href=\"wp-content\/uploads\/u_deska\/rozpoctove_opatreni_5_2022.pdf\" target=\"blank\" rel=\"noopener noreferrer\">13.06.2022 &ndash; Rozpo&#269;tov&eacute; opat&#345;en&iacute; &#269;.5 &ndash; 2022.<\/a><\/li>\n<li><a href=\"wp-content\/uploads\/u_deska\/oznameni_egd.pdf\" target=\"blank\" rel=\"noopener noreferrer\">23.05.2022 &ndash; Ozn&aacute;men&iacute; o p&#345;eru&scaron;en&iacute; dod&aacute;vky el.energie.<\/a><\/li>\n<li><a href=\"wp-content\/uploads\/u_deska\/oznameni_egd_1.png\" target=\"blank\" rel=\"noopener noreferrer\">23.05.2022 &ndash; Ozn&aacute;men&iacute; o p&#345;eru&scaron;en&iacute; dod&aacute;vky el.energie &ndash; mapa.<\/a><\/li>\n<li><a href=\"wp-content\/uploads\/u_deska\/rozpoctove_opatreni_4_2022.pdf\" target=\"blank\" rel=\"noopener noreferrer\">18.05.2022 &ndash; Rozpo&#269;tov&eacute; opat&#345;en&iacute; &#269;.4 &ndash; 2022.<\/a><\/li>\n<li><a href=\"wp-content\/uploads\/u_deska\/zaverecny_ucet_2021_schvaleny.pdf\" target=\"blank\" rel=\"noopener noreferrer\">18.05.2022 &ndash; Schv&aacute;len&yacute; Z&aacute;v&#283;re&#269;n&yacute; &uacute;&#269;et za rok 2021.<\/a><\/li>\n<li><a href=\"wp-content\/uploads\/u_deska\/rozpoctove_opatreni_3_2022.pdf\" target=\"blank\" rel=\"noopener noreferrer\">18.05.2022 &ndash; Rozpo&#269;tov&eacute; opat&#345;en&iacute; &#269;.3 &ndash; 2022.<\/a><\/li>\n<li><a href=\"wp-content\/uploads\/u_deska\/pozvanka_vpz_12_05_2022.pdf\" target=\"blank\" rel=\"noopener noreferrer\">28.04.2022 &ndash; Pozv&aacute;nka na ve&#345;ejn&eacute; pracovn&iacute; zased&aacute;n&iacute; obce.<\/a><\/li>\n<li><a href=\"wp-content\/uploads\/u_deska\/rozpoctove_opatreni_2_2022.pdf\" target=\"blank\" rel=\"noopener noreferrer\">25.04.2022 &ndash; Rozpo&#269;tov&eacute; opat&#345;en&iacute; &#269;.2 &ndash; 2022.<\/a><\/li>\n<li><a href=\"wp-content\/uploads\/u_deska\/navrh_zu_mp_2021.pdf\" target=\"blank\" rel=\"noopener noreferrer\">25.04.2022 &ndash; N&aacute;vrh Z&aacute;v&#283;r. &uacute;&#269;tu Mikroreg. Polensko &ndash; 2021.<\/a><\/li>\n<li><a href=\"wp-content\/uploads\/u_deska\/vyhlaska_FU_2022.pdf\" target=\"blank\" rel=\"noopener noreferrer\">21.04.2022 &ndash; Ve&#345;ejn&aacute; Vyhl&aacute;&scaron;ka F&Uacute; Jihlava &ndash; da&#328; z nemovitosti.<\/a><\/li>\n<li><a href=\"wp-content\/uploads\/u_deska\/zprava_o_hospodareni_2021.pdf\" target=\"blank\" rel=\"noopener noreferrer\">06.04.2022 &ndash; Zpr&aacute;va o hospoda&#345;en&iacute; obce v roce 2021.<\/a><\/li>\n<li><a href=\"wp-content\/uploads\/u_deska\/zaverecny_ucet_2021.pdf\" target=\"blank\" rel=\"noopener noreferrer\">04.04.2022 &ndash; N&aacute;vrh z&aacute;v&#283;re&#269;n&eacute;ho &uacute;&#269;tu za rok 2021.<\/a><\/li>\n<li><a href=\"wp-content\/uploads\/u_deska\/rozpocet_2022.pdf\" target=\"blank\" rel=\"noopener noreferrer\">28.02.2022 &ndash; Rozpo&#269;et obce na rok  2022.<\/a><\/li>\n<li><a href=\"wp-content\/uploads\/u_deska\/rozpoctove_opatreni_1_2022.pdf\" target=\"blank\" rel=\"noopener noreferrer\">24.02.2022 &ndash; Rozpo&#269;tov&eacute; opat&#345;en&iacute; &#269;.1 &ndash; 2022.<\/a><\/li>\n<li><a href=\"wp-content\/uploads\/u_deska\/dotace_les.pdf\" target=\"blank\" rel=\"noopener noreferrer\">16.02.2022 &ndash; &#268;erp&aacute;n&iacute; dotac&iacute; pro vlastn&iacute;ky nebo n&aacute;jemce les&#367;.<\/a><\/li>\n<li><a href=\"wp-content\/uploads\/u_deska\/pozvanka_vpz_24_02_2022.pdf\" target=\"blank\" rel=\"noopener noreferrer\">10.02.2022 &ndash; Pozv&aacute;nka na ve&#345;ejn&eacute; pracovn&iacute; zased&aacute;n&iacute; obce.<\/a><\/li>\n<li><a href=\"wp-content\/uploads\/u_deska\/navrh_rozpoctu_2022.pdf\" target=\"blank\" rel=\"noopener noreferrer\">07.02.2022 &ndash; N&aacute;vrh rozpo&#269;tu na rok 2022.<\/a><\/li>\n<li><a href=\"wp-content\/uploads\/u_deska\/fin_2021.pdf\" target=\"blank\" rel=\"noopener noreferrer\">07.02.2022 &ndash; Pln&#283;n&iacute; rozpo&#269;tu k 31.12.2021..<\/a><\/li>\n<\/ul>\n<h2 style=\"text-align: center;\"><a href=\"https:\/\/www.zaborna.cz\/?page_id=3878\"><span style=\"color: #cc0000;\">Archiv<\/span><\/a><\/h2>\n<\/body><\/html>\n","protected":false},"excerpt":{"rendered":"<p>Na vybran&yacute; dokument klikn&#283;te lev&yacute;m tla&#269;&iacute;tkem my&scaron;i, ten se po t&eacute; zobraz&iacute; v nov&eacute;m okn&#283; va&scaron;eho prohl&iacute;&#382;e&#269;e. Dokumenty jsou ve form&aacute;tu&ldquo;pdf&ldquo;. Rok 2022 29.12.2022 &ndash; Volby prezidenta &#268;esk&eacute; republiky. 29.12.2022 &ndash; Volby prezidenta &#268;esk&eacute; republiky &ndash; informace. 22.12.2022 &ndash; Pozv&aacute;nka na mimo&#345;&aacute;dn&eacute; ve&#345;ejn&eacute; prac. zased&aacute;n&iacute; obce. 21.12.2022 &ndash; Rozpo&#269;tov&eacute; opat&#345;en&iacute; &#269;.10 &ndash; 2022. 12.12.2022 &ndash; [&hellip;]<\/p>\n","protected":false},"author":1,"featured_media":0,"parent":0,"menu_order":0,"comment_status":"closed","ping_status":"closed","template":"","meta":{"ngg_post_thumbnail":0,"h5ap_radio_sources":[],"footnotes":""},"class_list":["post-4028","page","type-page","status-publish","hentry"],"_links":{"self":[{"href":"https:\/\/www.zaborna.cz\/index.php?rest_route=\/wp\/v2\/pages\/4028","targetHints":{"allow":["GET"]}}],"collection":[{"href":"https:\/\/www.zaborna.cz\/index.php?rest_route=\/wp\/v2\/pages"}],"about":[{"href":"https:\/\/www.zaborna.cz\/index.php?rest_route=\/wp\/v2\/types\/page"}],"author":[{"embeddable":true,"href":"https:\/\/www.zaborna.cz\/index.php?rest_route=\/wp\/v2\/users\/1"}],"replies":[{"embeddable":true,"href":"https:\/\/www.zaborna.cz\/index.php?rest_route=%2Fwp%2Fv2%2Fcomments&post=4028"}],"version-history":[{"count":3,"href":"https:\/\/www.zaborna.cz\/index.php?rest_route=\/wp\/v2\/pages\/4028\/revisions"}],"predecessor-version":[{"id":4031,"href":"https:\/\/www.zaborna.cz\/index.php?rest_route=\/wp\/v2\/pages\/4028\/revisions\/4031"}],"wp:attachment":[{"href":"https:\/\/www.zaborna.cz\/index.php?rest_route=%2Fwp%2Fv2%2Fmedia&parent=4028"}],"curies":[{"name":"wp","href":"https:\/\/api.w.org\/{rel}","templated":true}]}}