{"id":3612,"date":"2023-01-06T12:19:46","date_gmt":"2023-01-06T11:19:46","guid":{"rendered":"http:\/\/www.zaborna.cz\/?page_id=3612"},"modified":"2023-12-13T23:45:58","modified_gmt":"2023-12-13T22:45:58","slug":"uredni-deska-2021","status":"publish","type":"page","link":"https:\/\/www.zaborna.cz\/?page_id=3612","title":{"rendered":"\u00da\u0159edn\u00ed deska &#8211; 2021"},"content":{"rendered":"<!DOCTYPE html PUBLIC \"-\/\/W3C\/\/DTD HTML 4.0 Transitional\/\/EN\" \"http:\/\/www.w3.org\/TR\/REC-html40\/loose.dtd\">\n<html><body><p>\t\t\t\t<span style=\"color: #1f9362;\">Na vybran&yacute; dokument klikn&#283;te lev&yacute;m tla&#269;&iacute;tkem my&scaron;i, ten se po t&eacute; zobraz&iacute; v nov&eacute;m okn&#283; va&scaron;eho prohl&iacute;&#382;e&#269;e. Dokumenty jsou ve form&aacute;tu&ldquo;pdf&ldquo;.<\/span><\/p>\n<h2><span style=\"color: #cc0000;\">Rok 2021<\/span><\/h2>\n<ul>\n<li><a href=\"wp-content\/uploads\/u_deska\/rozpoctove_opatreni_10_2021.pdf\" target=\"blank\" rel=\"noopener noreferrer\">27.12.2021 &ndash; Rozpo&#269;tov&eacute; opat&#345;en&iacute; &#269;.10 &ndash; 2021.<\/a><\/li>\n<li><a href=\"wp-content\/uploads\/u_deska\/roz_prov_2022.pdf\" target=\"blank\" rel=\"noopener noreferrer\">13.12.2021 &ndash; Rozpo&#269;tov&eacute; provizorium pro rok 2022.<\/a><\/li>\n<li><a href=\"wp-content\/uploads\/u_deska\/vyhlaska_2021_UP_2.pdf\" target=\"blank\" rel=\"noopener noreferrer\">13.12.2021 &ndash; Ve&#345;ejn&aacute; vyhl&aacute;&scaron;ka &ndash; vyd&aacute;n&iacute; &uacute;zemn&iacute;ho pl&aacute;nu obce.<\/a><\/li>\n<li><a href=\"wp-content\/uploads\/u_deska\/vyhlaska_02_2021.pdf\" target=\"blank\" rel=\"noopener noreferrer\">13.12.2021 &ndash; Vyhl&aacute;&scaron;ka &ndash; syst&eacute;m odpadov&eacute;ho hospod&aacute;&#345;stv&iacute;.<\/a><\/li>\n<li><a href=\"wp-content\/uploads\/u_deska\/vyhlaska_01_2021.pdf\" target=\"blank\" rel=\"noopener noreferrer\">13.12.2021 &ndash; Vyhl&aacute;&scaron;ka &ndash; poplatek za svoz odpad&#367;.<\/a><\/li>\n<li><a href=\"wp-content\/uploads\/u_deska\/vyhlaska_2021_MJ.pdf\" target=\"blank\" rel=\"noopener noreferrer\">01.12.2021 &ndash; Vyhl&aacute;&scaron;ka Magistr&aacute;tu Jihlavy &ndash; obor &#382;iv.prost&#345;ed&iacute;.<\/a><\/li>\n<li><a href=\"wp-content\/uploads\/u_deska\/rozpoctove_opatreni_9_2021.pdf\" target=\"blank\" rel=\"noopener noreferrer\">15.11.2021 &ndash; Rozpo&#269;tov&eacute; opat&#345;en&iacute; &#269;.9 &ndash; 2021.<\/a><\/li>\n<li><a href=\"wp-content\/uploads\/u_deska\/rozpoctove_opatreni_8_2021.pdf\" target=\"blank\" rel=\"noopener noreferrer\">27.10.2021 &ndash; Rozpo&#269;tov&eacute; opat&#345;en&iacute; &#269;.8 &ndash; 2021.<\/a><\/li>\n<li><a href=\"wp-content\/uploads\/u_deska\/rozpoctove_opatreni_7_2021.pdf\" target=\"blank\" rel=\"noopener noreferrer\">04.10.2021 &ndash; Rozpo&#269;tov&eacute; opat&#345;en&iacute; &#269;.7 &ndash; 2021.<\/a><\/li>\n<li><a href=\"wp-content\/uploads\/u_deska\/rozpoctove_opatreni_6_2021.pdf\" target=\"blank\" rel=\"noopener noreferrer\">23.09.2021 &ndash; Rozpo&#269;tov&eacute; opat&#345;en&iacute; &#269;.6 &ndash; 2021.<\/a><\/li>\n<li><a href=\"wp-content\/uploads\/u_deska\/rozpoctove_opatreni_5_2021.pdf\" target=\"blank\" rel=\"noopener noreferrer\">02.09.2021 &ndash; Rozpo&#269;tov&eacute; opat&#345;en&iacute; &#269;.5 &ndash; 2021.<\/a><\/li>\n<li><a href=\"wp-content\/uploads\/u_deska\/pozvanka_vpz_16_09_2021.pdf\" target=\"blank\" rel=\"noopener noreferrer\">02.09.2021 &ndash; Pozv&aacute;nka na ve&#345;ejn&eacute; pracovn&iacute; zased&aacute;n&iacute; obce.<\/a><\/li>\n<li><a href=\"wp-content\/uploads\/u_deska\/volby_2021_3.pdf\" target=\"blank\" rel=\"noopener noreferrer\">30.08.2021 &ndash; Volby do PSP &#268;R &ndash; informace pro voli&#269;e.<\/a><\/li>\n<li><a href=\"wp-content\/uploads\/u_deska\/volby_2021_2.pdf\" target=\"blank\" rel=\"noopener noreferrer\">30.08.2021 &ndash; Volby do PSP &#268;R &ndash; pozv&aacute;nka na &scaron;kolen&iacute;.<\/a><\/li>\n<li><a href=\"wp-content\/uploads\/u_deska\/volby_2021_1.pdf\" target=\"blank\" rel=\"noopener noreferrer\">24.08.2021 &ndash; Volby do PSP &#268;R &ndash; stanoven&iacute; volebn&iacute;ch okrsk&#367;.<\/a><\/li>\n<li><a href=\"wp-content\/uploads\/u_deska\/vyhlaska_2021_UP.pdf\" target=\"blank\" rel=\"noopener noreferrer\">21.07.2021 &ndash; Ve&#345;ejn&aacute; vyhl&aacute;&scaron;ka &ndash; n&aacute;vrh &uacute;zemn&iacute;ho pl&aacute;nu obce.<\/a><\/li>\n<li><a href=\"wp-content\/uploads\/u_deska\/rozpoctove_opatreni_4_2021.pdf\" target=\"blank\" rel=\"noopener noreferrer\">15.07.2021 &ndash; Rozpo&#269;tov&eacute; opat&#345;en&iacute; &#269;.4 &ndash; 2021.<\/a><\/li>\n<li><a href=\"wp-content\/uploads\/u_deska\/usneseni_01_2021.pdf\" target=\"blank\" rel=\"noopener noreferrer\">01.07.2021 &ndash; Zpr&aacute;va a Usnesen&iacute; z ve&#345;ejn&eacute;ho pracovn&iacute;ho zased&aacute;n&iacute;.<\/a><\/li>\n<li><a href=\"wp-content\/uploads\/u_deska\/rozpoctove_opatreni_3_2021.pdf\" target=\"blank\" rel=\"noopener noreferrer\">28.06.2021 &ndash; Rozpo&#269;tov&eacute; opat&#345;en&iacute; &#269;.3 &ndash; 2021.<\/a><\/li>\n<li><a href=\"wp-content\/uploads\/u_deska\/zaverecny_ucet_2020_schvaleny.pdf\" target=\"blank\" rel=\"noopener noreferrer\">28.06.2021 &ndash; Schv&aacute;len&yacute; z&aacute;v&#283;re&#269;n&yacute; &uacute;&#269;et obce za rok 2020.<\/a><\/li>\n<li><a href=\"wp-content\/uploads\/u_deska\/pozvanka_vpz_24_06_2021.pdf\" target=\"blank\" rel=\"noopener noreferrer\">10.06.2021 &ndash; Pozv&aacute;nka na ve&#345;ejn&eacute; pracovn&iacute; zased&aacute;n&iacute; obce.<\/a><\/li>\n<li><a href=\"wp-content\/uploads\/u_deska\/mz_povodi_labe_2.pdf\" target=\"blank\" rel=\"noopener noreferrer\">31.05.2021 &ndash; Ministersvo zem&#283;d&#283;lstv&iacute; &ndash; Pl&aacute;n povod&iacute; Labe.<\/a><\/li>\n<li><a href=\"wp-content\/uploads\/u_deska\/uzemni_plan_polna.pdf\" target=\"blank\" rel=\"noopener noreferrer\">21.05.2021 &ndash; Zm&#283;na &uacute;zemn&iacute;ho pl&aacute;nu m&#283;sta Poln&aacute; &#269;.3.<\/a><\/li>\n<li><a href=\"wp-content\/uploads\/u_deska\/Pozvanka_MP.pdf\" target=\"blank\" rel=\"noopener noreferrer\">12.05.2021 &ndash; Pozv&aacute;nka na valnou hromadu Mikroreg. Polensko.<\/a><\/li>\n<li><a href=\"wp-content\/uploads\/u_deska\/Valna_hromada_MP.pdf\" target=\"blank\" rel=\"noopener noreferrer\">12.05.2021 &ndash; Podklady pro valnou hromadu Mikroreg. Polensko.<\/a><\/li>\n<li><a href=\"wp-content\/uploads\/u_deska\/rozpoctove_opatreni_2_2021.pdf\" target=\"blank\" rel=\"noopener noreferrer\">10.05.2021 &ndash; Rozpo&#269;tov&eacute; opat&#345;en&iacute; &#269;.2 &ndash; 2021.<\/a><\/li>\n<li><a href=\"wp-content\/uploads\/u_deska\/zprava_o_hospodareni_2020.pdf\" target=\"blank\" rel=\"noopener noreferrer\">29.04.2021 &ndash; Zpr&aacute;va o hospoda&#345;en&iacute; obce v roce 2020.<\/a><\/li>\n<li><a href=\"wp-content\/uploads\/u_deska\/zaverecny_ucet_2020.pdf\" target=\"blank\" rel=\"noopener noreferrer\">15.04.2021 &ndash; N&aacute;vrh Z&aacute;v&#283;re&#269;n&eacute;ho &uacute;&#269;tu za rok 2020.<\/a><\/li>\n<li><a href=\"wp-content\/uploads\/u_deska\/pozvanka_vpz_29_04_2021.pdf\" target=\"blank\" rel=\"noopener noreferrer\">15.04.2021 &ndash; Pozv&aacute;nka na ve&#345;ejn&eacute; pracovn&iacute; zased&aacute;n&iacute; obce.<\/a><\/li>\n<li><a href=\"wp-content\/uploads\/u_deska\/popl_psy_2021.pdf\" target=\"blank\" rel=\"noopener noreferrer\">12.04.2021 &ndash; V&yacute;b&#283;r poplatk&#367; za psy.<\/a><\/li>\n<li><a href=\"wp-content\/uploads\/u_deska\/pozvanka_vpz_08_04_2021.pdf\" target=\"blank\" rel=\"noopener noreferrer\">25.03.2021 &ndash; Pozv&aacute;nka na mimo&#345;&aacute;dn&eacute; ve&#345;ejn&eacute; zased&aacute;n&iacute; obce.<\/a><\/li>\n<li><a href=\"wp-content\/uploads\/u_deska\/rozpoctove_opatreni_1_2021.pdf\" target=\"blank\" rel=\"noopener noreferrer\">23.03.2021 &ndash; Rozpo&#269;tov&eacute; opat&#345;en&iacute; &#269;.1 &ndash; 2021.<\/a><\/li>\n<li><a href=\"wp-content\/uploads\/u_deska\/rozpocet_2021.pdf\" target=\"blank\" rel=\"noopener noreferrer\">03.03.2021 &ndash; Rozpo&#269;et obce pro rok 2021.<\/a><\/li>\n<li><a href=\"wp-content\/uploads\/u_deska\/rozpoctovy_vyhled_2022_2024.pdf\" target=\"blank\" rel=\"noopener noreferrer\">03.03.2021 &ndash; St&#345;edn&#283;dob&yacute; v&yacute;hled rozpo&#269;tu na roky 2022 &ndash; 2024.<\/a><\/li>\n<li><a href=\"wp-content\/uploads\/u_deska\/pozvanka_vpz_18_02_2021.pdf\" target=\"blank\" rel=\"noopener noreferrer\">28.01.2021 &ndash; Pozv&aacute;nka na ve&#345;ejn&eacute; pracovn&iacute; zased&aacute;n&iacute; obce.<\/a><\/li>\n<li><a href=\"wp-content\/uploads\/u_deska\/navrh_rozpoctu_2021.pdf\" target=\"blank\" rel=\"noopener noreferrer\">25.01.2021 &ndash; N&aacute;vrh rozpo&#269;tu pro rok 2021.<\/a><\/li>\n<li><a href=\"wp-content\/uploads\/u_deska\/vyhled_rozpoctu_2022_24_navrh.pdf\" target=\"blank\" rel=\"noopener noreferrer\">25.01.2021 &ndash; N&aacute;vrh st&#345;edn&#283;dob. v&yacute;hledu rozpo&#269;tu na roky 2022-24.<\/a><\/li>\n<li><a href=\"wp-content\/uploads\/u_deska\/fin_2020.pdf\" target=\"blank\" rel=\"noopener noreferrer\">25.01.2021 &ndash; Pln&#283;n&iacute; rozpo&#269;tu k 31.12.2020.<\/a><\/li>\n<h2 style=\"text-align: center;\"><a href=\"https:\/\/www.zaborna.cz\/?page_id=3878\"><span style=\"color: #cc0000;\">Archiv<\/span><\/a><\/h2>\n<\/ul><\/body><\/html>\n","protected":false},"excerpt":{"rendered":"<p>Na vybran&yacute; dokument klikn&#283;te lev&yacute;m tla&#269;&iacute;tkem my&scaron;i, ten se po t&eacute; zobraz&iacute; v nov&eacute;m okn&#283; va&scaron;eho prohl&iacute;&#382;e&#269;e. Dokumenty jsou ve form&aacute;tu&ldquo;pdf&ldquo;. Rok 2021 27.12.2021 &ndash; Rozpo&#269;tov&eacute; opat&#345;en&iacute; &#269;.10 &ndash; 2021. 13.12.2021 &ndash; Rozpo&#269;tov&eacute; provizorium pro rok 2022. 13.12.2021 &ndash; Ve&#345;ejn&aacute; vyhl&aacute;&scaron;ka &ndash; vyd&aacute;n&iacute; &uacute;zemn&iacute;ho pl&aacute;nu obce. 13.12.2021 &ndash; Vyhl&aacute;&scaron;ka &ndash; syst&eacute;m odpadov&eacute;ho hospod&aacute;&#345;stv&iacute;. 13.12.2021 &ndash; [&hellip;]<\/p>\n","protected":false},"author":1,"featured_media":0,"parent":0,"menu_order":0,"comment_status":"closed","ping_status":"closed","template":"","meta":{"ngg_post_thumbnail":0,"h5ap_radio_sources":[],"footnotes":""},"class_list":["post-3612","page","type-page","status-publish","hentry"],"_links":{"self":[{"href":"https:\/\/www.zaborna.cz\/index.php?rest_route=\/wp\/v2\/pages\/3612","targetHints":{"allow":["GET"]}}],"collection":[{"href":"https:\/\/www.zaborna.cz\/index.php?rest_route=\/wp\/v2\/pages"}],"about":[{"href":"https:\/\/www.zaborna.cz\/index.php?rest_route=\/wp\/v2\/types\/page"}],"author":[{"embeddable":true,"href":"https:\/\/www.zaborna.cz\/index.php?rest_route=\/wp\/v2\/users\/1"}],"replies":[{"embeddable":true,"href":"https:\/\/www.zaborna.cz\/index.php?rest_route=%2Fwp%2Fv2%2Fcomments&post=3612"}],"version-history":[{"count":0,"href":"https:\/\/www.zaborna.cz\/index.php?rest_route=\/wp\/v2\/pages\/3612\/revisions"}],"wp:attachment":[{"href":"https:\/\/www.zaborna.cz\/index.php?rest_route=%2Fwp%2Fv2%2Fmedia&parent=3612"}],"curies":[{"name":"wp","href":"https:\/\/api.w.org\/{rel}","templated":true}]}}

Úřední deska &#8211; 2021
