{"id":3424,"date":"2022-02-07T12:37:58","date_gmt":"2022-02-07T11:37:58","guid":{"rendered":"http:\/\/www.zaborna.cz\/?page_id=3424"},"modified":"2023-12-13T23:45:40","modified_gmt":"2023-12-13T22:45:40","slug":"uredni-deska-2020","status":"publish","type":"page","link":"https:\/\/www.zaborna.cz\/?page_id=3424","title":{"rendered":"\u00da\u0159edn\u00ed deska &#8211; 2020"},"content":{"rendered":"<!DOCTYPE html PUBLIC \"-\/\/W3C\/\/DTD HTML 4.0 Transitional\/\/EN\" \"http:\/\/www.w3.org\/TR\/REC-html40\/loose.dtd\">\n<html><body><p><span style=\"color: #1f9362;\">Na vybran&yacute; dokument klikn&#283;te lev&yacute;m tla&#269;&iacute;tkem my&scaron;i, ten se po t&eacute; zobraz&iacute; v nov&eacute;m okn&#283; va&scaron;eho prohl&iacute;&#382;e&#269;e. Dokumenty jsou ve form&aacute;tu&ldquo;pdf&ldquo;.\n\n<h2><span style=\"color: #cc0000;\">Rok 2020<\/span><\/h2>\n<ul>\n<li><a href=\"wp-content\/uploads\/u_deska\/rozpoctove_opatreni_5_2020.pdf\" target=\"blank\" rel=\"noopener noreferrer\">18.12.2020 &ndash; Rozpo&#269;tov&eacute; opat&#345;en&iacute; &#269;.5 &ndash; 2020.<\/a><\/li>\n<li><a href=\"wp-content\/uploads\/u_deska\/rozpoctove_opatreni_4_2020.pdf\" target=\"blank\" rel=\"noopener noreferrer\">10.12.2020 &ndash; Rozpo&#269;tov&eacute; opat&#345;en&iacute; &#269;.4 &ndash; 2020.<\/a><\/li>\n<li><a href=\"wp-content\/uploads\/u_deska\/roz_prov_2021.pdf\" target=\"blank\" rel=\"noopener noreferrer\">30.11.2020 &ndash; Rozpo&#269;tov&eacute; provizorium pro rok 2021.<\/a><\/li>\n<li><a href=\"wp-content\/uploads\/u_deska\/uzemni_plan_navrh_2020.pdf\" target=\"blank\" rel=\"noopener noreferrer\">18.11.2020 &ndash; N&aacute;vrh Uzemn&iacute;ho pl&aacute;nu.<\/a><\/li>\n<li><a href=\"wp-content\/uploads\/u_deska\/navrh_rozpoctu_2021_mikroreg.pdf\" target=\"blank\" rel=\"noopener noreferrer\">13.11.2020 &ndash; N&aacute;vrh rozpo&#269;tu Mikroregionu Polensko pro rok 2021.<\/a><\/li>\n<li><a href=\"wp-content\/uploads\/u_deska\/pozvanka_vpz_26_11_2020.pdf\" target=\"blank\" rel=\"noopener noreferrer\">12.11.2020 &ndash; Pozv&aacute;nka na ve&#345;ejn&eacute; pracovn&iacute; zased&aacute;n&iacute; obce.<\/a><\/li>\n<li> <a href=\"wp-content\/uploads\/u_deska\/vyhlaska_kv_2020_3.pdf\" target=\"blank\" rel=\"noopener noreferrer\">23.10.2020 &ndash; Z&aacute;sady &uacute;zemn&iacute;ho rozvoje kraje Vyso&#269;ina.<\/a> <\/li>\n<li><a href=\"wp-content\/uploads\/u_deska\/rozpoctove_opatreni_3_2020.pdf\" target=\"blank\" rel=\"noopener noreferrer\">13.10.2020 &ndash; Rozpo&#269;tov&eacute; opat&#345;en&iacute; &#269;.3 &ndash; 2020.<\/a><\/li>\n<li><a href=\"wp-content\/uploads\/u_deska\/volby_2020_2.pdf\" target=\"blank\" rel=\"noopener noreferrer\">17.09.2020 &ndash; Volby do krajsk&yacute;ch zastupitelstev.<\/a><\/li>\n<li><a href=\"wp-content\/uploads\/u_deska\/usneseni_02_2020.pdf\" target=\"blank\" rel=\"noopener noreferrer\">27.08.2020 &ndash; Zpr&aacute;va a Usnesen&iacute; z ve&#345;ejn&eacute;ho pracovn&iacute;ho zased&aacute;n&iacute;.<\/a><\/li>\n<li><a href=\"wp-content\/uploads\/u_deska\/rozpoctove_opatreni_2_2020.pdf\" target=\"blank\" rel=\"noopener noreferrer\">27.08.2020 &ndash; Rozpo&#269;tov&eacute; opat&#345;en&iacute; &#269;.2 &ndash; 2020..<\/a><\/li>\n<li><a href=\"wp-content\/uploads\/u_deska\/prodej_pozemku_2020_2.pdf\" target=\"blank\" rel=\"noopener noreferrer\">20.08.2020 &ndash; Z&aacute;m&#283;r prodeje obecn&iacute;ch pozemk&#367;.<\/a><\/li>\n<li><a href=\"wp-content\/uploads\/u_deska\/pozvanka_vpz_28_8_2020.pdf\" target=\"blank\" rel=\"noopener noreferrer\">05.08.2020 &ndash; Pozv&aacute;nka na ve&#345;ejn&eacute; pracovn&iacute; zased&aacute;n&iacute; obce.<\/a><\/li>\n<li><a href=\"wp-content\/uploads\/u_deska\/volby_2020_1.pdf\" target=\"blank\" rel=\"noopener noreferrer\">30.07.2020 &ndash; Volby do zastupitelstev kraj&#367;.<\/a><\/li>\n<li><a href=\"wp-content\/uploads\/u_deska\/vyhlaska_2020_1.pdf\" target=\"blank\" rel=\"noopener noreferrer\">29.07.2020 &ndash; Vyhl&aacute;&scaron;ka Ministerstva zem&#283;d&#283;lstv&iacute;.<\/a><\/li>\n<li><a href=\"wp-content\/uploads\/u_deska\/pronajem_h.pdf\" target=\"blank\" rel=\"noopener noreferrer\">26.06.2020 &ndash; Pron&aacute;jem nebytov&yacute;ch prostor &ndash; pohostinstv&iacute;.<\/a><\/li>\n<li><a href=\"wp-content\/uploads\/u_deska\/zaverecny_ucet_2019.pdf\" target=\"blank\" rel=\"noopener noreferrer\">26.06.2020 &ndash; Schv&aacute;len&yacute; z&aacute;v&#283;re&#269;n&yacute; &uacute;&#269;et obce za rok 2019.<\/a><\/li>\n<li><a href=\"wp-content\/uploads\/u_deska\/pozemek_21.pdf\" target=\"blank\" rel=\"noopener noreferrer\">10.06.2020 &ndash; Z&aacute;m&#283;r prodeje obecn&iacute;ho majetku.<\/a><\/li>\n<li><a href=\"wp-content\/uploads\/u_deska\/pozvanka_vpz_25_6_2020.pdf\" target=\"blank\" rel=\"noopener noreferrer\">10.06.2020 &ndash; Pozv&aacute;nka na ve&#345;ejn&eacute; pracovn&iacute; zased&aacute;n&iacute; obce.<\/a><\/li>\n<li><a href=\"wp-content\/uploads\/u_deska\/pozemek_20.pdf\" target=\"blank\" rel=\"noopener noreferrer\">10.06.2020 &ndash; Z&aacute;m&#283;r prodeje obecn&iacute;ho majetku.<\/a><\/li>\n<li><a href=\"wp-content\/uploads\/u_deska\/navrh_zu_2019.pdf\" target=\"blank\" rel=\"noopener noreferrer\">09.06.2020 &ndash; N&aacute;vrh z&aacute;v&#283;re&#269;n&eacute;ho &uacute;&#269;tu obce za rok 2019.<\/a><\/li>\n<li><a href=\"wp-content\/uploads\/u_deska\/zprava_o_hospodareni_2019.pdf\" target=\"blank\" rel=\"noopener noreferrer\">09.06.2020 &ndash; Zpr&aacute;va o hospoda&#345;en&iacute; obce v roce 2019.<\/a><\/li>\n<li><a href=\"wp-content\/uploads\/u_deska\/vyhlaska_zr.pdf\" target=\"blank\" rel=\"noopener noreferrer\">09.06.2020 &ndash; Vyhl&aacute;&scaron;ka &ndash; p&#345;echodn&eacute; &uacute;pravy provozu.<\/a><\/li>\n<li><a href=\"wp-content\/uploads\/u_deska\/rozpoctove_opatreni_1_2020.pdf\" target=\"blank\" rel=\"noopener noreferrer\">28.05.2020 &ndash; Rozpo&#269;tov&eacute; opat&#345;en&iacute; &#269;.1 &ndash; 2020.<\/a><\/li>\n<li><a href=\"wp-content\/uploads\/u_deska\/zu_mp_2019.pdf\" target=\"blank\" rel=\"noopener noreferrer\">07.05.2020 &ndash; N&aacute;vrh z&aacute;v&#283;r. &uacute;&#269;tu Mikroreg. Polensko &ndash; 2019.<\/a><\/li>\n<li><a href=\"wp-content\/uploads\/u_deska\/oznameni_kv_2020.pdf\" target=\"blank\" rel=\"noopener noreferrer\">06.05.2020 &ndash; Ozn&aacute;men&iacute; hejtmana Kraje Vyso&#269;ina.<\/a><\/li>\n<li><a href=\"wp-content\/uploads\/u_deska\/vyhlaska_kv_2020_1.pdf\" target=\"blank\" rel=\"noopener noreferrer\">22.04.2020 &ndash; Vyhl&aacute;&scaron;ka &ndash; da&#328; z nemovit&yacute;ch v&#283;c&iacute;.<\/a><\/li>\n<li><a href=\"wp-content\/uploads\/u_deska\/pozvanka_vpz_30_4_2020.pdf\" target=\"blank\" rel=\"noopener noreferrer\">16.04.2020 &ndash; Pozv&aacute;nka na ve&#345;ejn&eacute; pracovn&iacute; zased&aacute;n&iacute;.<\/a><\/li>\n<li><a href=\"wp-content\/uploads\/u_deska\/smena_pozemku_2020_1.pdf\" target=\"blank\" rel=\"noopener noreferrer\">16.04.2020 &ndash; Z&aacute;m&#283;r sm&#283;ny pozemku.<\/a><\/li>\n<li><a href=\"wp-content\/uploads\/u_deska\/vyhlaska_kv_2020_2.pdf\" target=\"blank\" rel=\"noopener noreferrer\">16.04.2020 &ndash; Vyhl&aacute;&scaron;ka &ndash; &uacute;zemn&iacute; rozvoj kraje Vyso&#269;ina.<\/a><\/li>\n<li><a href=\"wp-content\/uploads\/u_deska\/vyhlaska_mz_2020.pdf\" target=\"blank\" rel=\"noopener noreferrer\">06.04.2020 &ndash; Vyhl&aacute;&scaron;ka &ndash; opat&#345;en&iacute; obecn&eacute; povahy v les&iacute;ch &#268;R.<\/a><\/li>\n<li><a href=\"wp-content\/uploads\/u_deska\/vyhlaska_kv_2020.pdf\" target=\"blank\" rel=\"noopener noreferrer\">01.04.2020 &ndash; Vyhl&aacute;&scaron;ka &ndash; &uacute;zemn&iacute; rozvoj kraje Vyso&#269;ina.<\/a><\/li>\n<li><a href=\"wp-content\/uploads\/u_deska\/oznameni_2020.pdf\" target=\"blank\" rel=\"noopener noreferrer\">13.03.2020 &ndash; Ozn&aacute;men&iacute; &ndash; Farnost Poln&aacute;.<\/a><\/li>\n<li><a href=\"wp-content\/uploads\/u_deska\/vyhlaska_ji_2020.pdf\" target=\"blank\" rel=\"noopener noreferrer\">02.03.2020 &ndash; Projedn&aacute;n&iacute; n&aacute;vrhu zad&aacute;n&iacute; &uacute;zemn&iacute;ho pl&aacute;nu obce.<\/a><\/li>\n<li><a href=\"wp-content\/uploads\/u_deska\/rozpocet_2020.pdf\" target=\"blank\" rel=\"noopener noreferrer\">27.02.2020 &ndash; Rozpo&#269;et obce pro rok 2020.<\/a><\/li>\n<li><a href=\"wp-content\/uploads\/u_deska\/bobrova.pdf\" target=\"blank\" rel=\"noopener noreferrer\">13.02.2020 &ndash; Poj&iacute;zdn&aacute; prodejna masa a uzenin.<\/a><\/li>\n<li><a href=\"wp-content\/uploads\/u_deska\/FU_DAP_2020.pdf\" target=\"blank\" rel=\"noopener noreferrer\">13.02.2020 &ndash; Finan&#269;n&iacute; &uacute;&#345;ad Jihlava &ndash; p&#345;izn&aacute;n&iacute; k DANI z P&#344;&Iacute;JM&#366;.<\/a><\/li>\n<li><a href=\"wp-content\/uploads\/u_deska\/vdv.pdf\" target=\"blank\" rel=\"noopener noreferrer\">13.02.2020 &ndash; Integrovan&yacute; dopravn&iacute; syst&eacute;m &ndash; VDV.<\/a><\/li>\n<li><a href=\"wp-content\/uploads\/u_deska\/pozvanka_vpz_20_2_2020.pdf\" target=\"blank\" rel=\"noopener noreferrer\">06.02.2020 &ndash; Pozv&aacute;nka na ve&#345;ejn&eacute; pracovn&iacute; zased&aacute;n&iacute;.<\/a><\/li>\n<li><a href=\"wp-content\/uploads\/u_deska\/navrh_rozpoctu_2020.pdf\" target=\"blank\" rel=\"noopener noreferrer\">03.02.2020 &ndash; N&aacute;vrh rozpo&#269;tu na rok 2020.<\/a><\/li>\n<li><a href=\"wp-content\/uploads\/u_deska\/fin_2_12_m.pdf\" target=\"blank\" rel=\"noopener noreferrer\">03.02.2020 &ndash; Hodnocen&iacute; pln&#283;n&iacute; rozpo&#269;tu k 31.12.2019.<\/a><\/li>\n<li><a href=\"wp-content\/uploads\/u_deska\/usneseni_01_2020.pdf\" target=\"blank\" rel=\"noopener noreferrer\">23.01.2020 &ndash; Zpr&aacute;va a Usnesen&iacute; z mimo&#345;&aacute;dn&eacute;ho ve&#345;ejn&eacute;ho PZ.<\/a><\/li>\n<\/ul>\n<h2 style=\"text-align: center;\"><a href=\"https:\/\/www.zaborna.cz\/?page_id=3878\"><span style=\"color: #cc0000;\">Archiv<\/span><\/a><\/h2>\n<\/span><\/p><\/body><\/html>\n","protected":false},"excerpt":{"rendered":"<p>Na vybran&yacute; dokument klikn&#283;te lev&yacute;m tla&#269;&iacute;tkem my&scaron;i, ten se po t&eacute; zobraz&iacute; v nov&eacute;m okn&#283; va&scaron;eho prohl&iacute;&#382;e&#269;e. Dokumenty jsou ve form&aacute;tu&ldquo;pdf&ldquo;. Rok 2020 18.12.2020 &ndash; Rozpo&#269;tov&eacute; opat&#345;en&iacute; &#269;.5 &ndash; 2020. 10.12.2020 &ndash; Rozpo&#269;tov&eacute; opat&#345;en&iacute; &#269;.4 &ndash; 2020. 30.11.2020 &ndash; Rozpo&#269;tov&eacute; provizorium pro rok 2021. 18.11.2020 &ndash; N&aacute;vrh Uzemn&iacute;ho pl&aacute;nu. 13.11.2020 &ndash; N&aacute;vrh rozpo&#269;tu Mikroregionu Polensko [&hellip;]<\/p>\n","protected":false},"author":1,"featured_media":0,"parent":0,"menu_order":0,"comment_status":"closed","ping_status":"closed","template":"","meta":{"ngg_post_thumbnail":0,"h5ap_radio_sources":[],"footnotes":""},"class_list":["post-3424","page","type-page","status-publish","hentry"],"_links":{"self":[{"href":"https:\/\/www.zaborna.cz\/index.php?rest_route=\/wp\/v2\/pages\/3424","targetHints":{"allow":["GET"]}}],"collection":[{"href":"https:\/\/www.zaborna.cz\/index.php?rest_route=\/wp\/v2\/pages"}],"about":[{"href":"https:\/\/www.zaborna.cz\/index.php?rest_route=\/wp\/v2\/types\/page"}],"author":[{"embeddable":true,"href":"https:\/\/www.zaborna.cz\/index.php?rest_route=\/wp\/v2\/users\/1"}],"replies":[{"embeddable":true,"href":"https:\/\/www.zaborna.cz\/index.php?rest_route=%2Fwp%2Fv2%2Fcomments&post=3424"}],"version-history":[{"count":0,"href":"https:\/\/www.zaborna.cz\/index.php?rest_route=\/wp\/v2\/pages\/3424\/revisions"}],"wp:attachment":[{"href":"https:\/\/www.zaborna.cz\/index.php?rest_route=%2Fwp%2Fv2%2Fmedia&parent=3424"}],"curies":[{"name":"wp","href":"https:\/\/api.w.org\/{rel}","templated":true}]}}

Úřední deska &#8211; 2020
