{"id":1798,"date":"2020-01-24T08:08:59","date_gmt":"2020-01-24T07:08:59","guid":{"rendered":"http:\/\/www.zaborna.cz\/?page_id=1798"},"modified":"2023-12-13T23:44:57","modified_gmt":"2023-12-13T22:44:57","slug":"uredni-deska-2018","status":"publish","type":"page","link":"https:\/\/www.zaborna.cz\/?page_id=1798","title":{"rendered":"\u00da\u0159edn\u00ed deska &#8211; 2018"},"content":{"rendered":"<!DOCTYPE html PUBLIC \"-\/\/W3C\/\/DTD HTML 4.0 Transitional\/\/EN\" \"http:\/\/www.w3.org\/TR\/REC-html40\/loose.dtd\">\n<html><body><p>\t\t\t\t<span style=\"color: #1f9362;\">Na vybran&yacute; dokument klikn&#283;te lev&yacute;m tla&#269;&iacute;tkem my&scaron;i, ten se po t&eacute; zobraz&iacute; v nov&eacute;m okn&#283; va&scaron;eho prohl&iacute;&#382;e&#269;e. Dokumenty jsou ve form&aacute;tu&ldquo;pdf&ldquo;.<\/span><\/p>\n<h2><span style=\"color: #cc0000;\">Rok 2018<\/span><\/h2>\n<ul>\n<li><a href=\"wp-content\/uploads\/u_deska\/rozpoctove_opatreni_9_2018.pdf\" target=\"_blank\" rel=\"noopener noreferrer\">20.12.2018 &ndash; Rozpo&#269;tov&eacute; opat&#345;en&iacute; &#269;.9 pro rok 2018.<\/a><\/li>\n<li><a href=\"wp-content\/uploads\/u_deska\/rozpoctove_prov_2019.pdf\" target=\"_blank\" rel=\"noopener noreferrer\">14.12.2018 &ndash; Rozpo&#269;tov&eacute; provizoriun pro rok 2019.<\/a><\/li>\n<li><a href=\"wp-content\/uploads\/u_deska\/vyzva_mmj.pdf\" target=\"_blank\" rel=\"noopener noreferrer\">10.12.2018 &ndash; Informa&#269;n&iacute; v&yacute;zva v&scaron;em vlastn&iacute;k&#367;m les&#367;.<\/a><\/li>\n<li><a href=\"wp-content\/uploads\/u_deska\/rozpoctove_opatreni_8_2018.pdf\" target=\"_blank\" rel=\"noopener noreferrer\">10.12.2018 &ndash; Rozpo&#269;tov&eacute; opat&#345;en&iacute; &#269;.8 pro rok 2018.<\/a><\/li>\n<li><a href=\"wp-content\/uploads\/u_deska\/rozpoctove_opatreni_7_2018.pdf\" target=\"_blank\" rel=\"noopener noreferrer\">05.12.2018 &ndash; Rozpo&#269;tov&eacute; opat&#345;en&iacute; &#269;.7 pro rok 2018.<\/a><\/li>\n<li><a href=\"wp-content\/uploads\/u_deska\/pozemkovy_urad.pdf\" target=\"_blank\" rel=\"noopener noreferrer\">19.11.2018 &ndash; Pozv&aacute;nka &ndash; Komplexn&iacute; pozemkov&eacute; &uacute;pravy v K&Uacute; obce.<\/a><\/li>\n<li><a href=\"wp-content\/uploads\/u_deska\/rozhodnuti_2018_1.pdf\" target=\"_blank\" rel=\"noopener noreferrer\">15.11.2018 &ndash; Vodovod pro krav&iacute;n ve farm&#283; Hrbov.<\/a><\/li>\n<li><a href=\"wp-content\/uploads\/u_deska\/navrh_rozpoctu_2019.pdf\" target=\"_blank\" rel=\"noopener noreferrer\">07.11.2018 &ndash; N&aacute;vrh rozpo&#269;tu Mikroregionu Polensko pro rok 2019.<\/a><\/li>\n<li><a href=\"wp-content\/uploads\/u_deska\/rozhodnuti_2018.pdf\" target=\"_blank\" rel=\"noopener noreferrer\">06.11.2018 &ndash; Rozhodnut&iacute; &ndash; p&#345;&iacute;stavba krav&iacute;na p. Mysl&iacute;ka.<\/a><\/li>\n<li><a href=\"wp-content\/uploads\/u_deska\/rozpoctove_opatreni_6_2018.pdf\" target=\"_blank\" rel=\"noopener noreferrer\">22.10.2018 &ndash; Rozpo&#269;tov&eacute; opat&#345;en&iacute; &#269;.6 pro rok 2018.<\/a><\/li>\n<li><a href=\"wp-content\/uploads\/u_deska\/ustavujici_zasedani_2018.pdf\" target=\"_blank\" rel=\"noopener noreferrer\">18.10.2018 &ndash; Ustavuj&iacute;c&iacute;ho zased&aacute;n&iacute; nov&#283; zvolen&eacute;ho Zastupitelstva.<\/a><\/li>\n<li><a href=\"wp-content\/uploads\/u_deska\/oznameni_5.pdf\" target=\"_blank\" rel=\"noopener noreferrer\">03.10.2018 &ndash; Zah&aacute;jen&iacute; &#345;&iacute;zen&iacute; o prodlou&#382;. lh&#367;ty k dokon&#269;en&iacute; stavby.<\/a><\/li>\n<li><a href=\"wp-content\/uploads\/u_deska\/usneseni_3_2018.pdf\" target=\"_blank\" rel=\"noopener noreferrer\">27.09.2018 &ndash; Zpr&aacute;va a Usnesen&iacute; z ve&#345;ejn&eacute;ho prac. zased&aacute;n&iacute;.<\/a><\/li>\n<li><a href=\"wp-content\/uploads\/u_deska\/rozpoctove_opatreni_5_2018.pdf\" target=\"_blank\" rel=\"noopener noreferrer\">27.09.2018 &ndash; Rozpo&#269;tov&eacute; opat&#345;en&iacute; &#269;.5 pro rok 2018.<\/a><\/li>\n<li><a href=\"wp-content\/uploads\/u_deska\/rozpoctove_opatreni_4_2018.pdf\" target=\"_blank\" rel=\"noopener noreferrer\">27.09.2018 &ndash; Rozpo&#269;tov&eacute; opat&#345;en&iacute; &#269;.4 pro rok 2018.<\/a><\/li>\n<li><a href=\"wp-content\/uploads\/u_deska\/volby_zo_2018_4.pdf\" target=\"blank\" rel=\"noopener noreferrer\">20.09.2018 &ndash; Volby do zastupitelstva obce &ndash; informace.<\/a><\/li>\n<li><a href=\"wp-content\/uploads\/u_deska\/pristavba_k.pdf\" target=\"blank\" rel=\"noopener noreferrer\">12.09.2018 &ndash; P&#345;&iacute;stavba krav&iacute;na na farm&#283; p. Mysl&iacute;ka.<\/a><\/li>\n<li><a href=\"wp-content\/uploads\/u_deska\/volby_zo_2018_3.pdf\" target=\"blank\" rel=\"noopener noreferrer\">23.08.2018 &ndash; Volby do zastupitelstva obce &ndash; informace.<\/a><\/li>\n<li><a href=\"wp-content\/uploads\/u_deska\/volby_zo_2018_2.pdf\" target=\"blank\" rel=\"noopener noreferrer\">16.08.2018 &ndash; Volby do zastupitelstva obce &ndash; informace.<\/a><\/li>\n<li><a href=\"wp-content\/uploads\/u_deska\/volby_zo_2018_1.pdf\" target=\"blank\" rel=\"noopener noreferrer\">06.08.2018 &ndash; Volby do zastupitelstva obce &ndash; ozn&aacute;men&iacute;.<\/a><\/li>\n<li><a href=\"wp-content\/uploads\/u_deska\/rozpoctove_opatreni_3_2018.pdf\" target=\"_blank\" rel=\"noopener noreferrer\">16.07.2018 &ndash; Rozpo&#269;tov&eacute; opat&#345;en&iacute; &#269;.3 pro rok 2018.<\/a><\/li>\n<li><a href=\"wp-content\/uploads\/u_deska\/volby_zo_2018.pdf\" target=\"blank\" rel=\"noopener noreferrer\">12.07.2018 &ndash; Volby do zastupitelstva obce &ndash; ozn&aacute;men&iacute;.<\/a><\/li>\n<li><a href=\"wp-content\/uploads\/u_deska\/vyhlaska_2018_1.pdf\" target=\"blank\" rel=\"noopener noreferrer\">02.07.2018 &ndash; Vyhl&aacute;&scaron;ka &ndash; aktualizace z&aacute;sad rozvoje kraje Vyso&#269;ina.<\/a><\/li>\n<li><a href=\"wp-content\/uploads\/u_deska\/zaverecny_ucet_2017-1.pdf\" target=\"_blank\" rel=\"noopener noreferrer\">08.05.2018 &ndash; Z&aacute;v&#283;re&#269;n&yacute; &uacute;&#269;et obce za rok 2017.<\/a><\/li>\n<li><a href=\"wp-content\/uploads\/u_deska\/rozpoctove_opatreni_2_2018-1.pdf\" target=\"_blank\" rel=\"noopener noreferrer\">08.05.2018 &ndash; Rozpo&#269;tov&eacute; opat&#345;en&iacute; &#269;.2 pro rok 2018.<\/a><\/li>\n<li><a href=\"wp-content\/uploads\/u_deska\/usneseni_2_2018-1.pdf\" target=\"_blank\" rel=\"noopener noreferrer\">03.05.2018 &ndash; Zpr&aacute;va a Usnesen&iacute; z ve&#345;ejn&eacute;ho prac. zased&aacute;n&iacute;.<\/a><\/li>\n<li><a href=\"wp-content\/uploads\/u_deska\/pozemek_z_1.pdf\" target=\"_blank\" rel=\"noopener noreferrer\">03.05.2018 &ndash; Z&aacute;m&#283;r prodeje obecn&iacute;ho majetku.<\/a><\/li>\n<li><a href=\"wp-content\/uploads\/u_deska\/pozemek_z_2.pdf\" target=\"_blank\" rel=\"noopener noreferrer\">03.05.2018 &ndash; Z&aacute;m&#283;r prodeje obecn&iacute;ho majetku.<\/a><\/li>\n<li><a href=\"wp-content\/uploads\/u_deska\/volby_2018_1-1.pdf\" target=\"_blank\" rel=\"noopener noreferrer\">26.04.2018 &ndash; Volby do obecn&iacute;ho zastupitelstva.<\/a><\/li>\n<li><a href=\"wp-content\/uploads\/u_deska\/vyhlaska_fu.pdf\" target=\"_blank\" rel=\"noopener noreferrer\">19.04.2018 &ndash; Ve&#345;ejn&aacute; vyhl&aacute;&scaron;ka Finan&#269;n&iacute;ho &uacute;&#345;adu.<\/a><\/li>\n<li><a href=\"wp-content\/uploads\/u_deska\/rozpoctove_opatreni_1_2018.pdf\" target=\"_blank\" rel=\"noopener noreferrer\">11.04.2018 &ndash; Rozpo&#269;tov&eacute; opat&#345;en&iacute; &#269;.1 pro rok 2018.<\/a><\/li>\n<li><a href=\"wp-content\/uploads\/u_deska\/zaverecny_ucet_2017_navrh.pdf\" target=\"_blank\" rel=\"noopener noreferrer\">03.04.2018 &ndash; N&aacute;vrh z&aacute;v&#283;re&#269;n&eacute;ho &uacute;&#269;tu obce za rok 2017.<\/a><\/li>\n<li><a href=\"wp-content\/uploads\/u_deska\/zprava_o_hospodareni_2017.pdf\" target=\"_blank\" rel=\"noopener noreferrer\">03.04.2018 &ndash; Zpr&aacute;va o v&yacute;sledku p&#345;ezkoum&aacute;n&iacute; hospoda&#345;. obce.<\/a><\/li>\n<li><a href=\"wp-content\/uploads\/u_deska\/zu_mp_2017.pdf\" target=\"_blank\" rel=\"noopener noreferrer\">20.03.2018 &ndash; N&aacute;vrh z&aacute;v&#283;r. &uacute;&#269;tu Mikroreg. Polensko &ndash; 2017.<\/a><\/li>\n<li><a href=\"wp-content\/uploads\/u_deska\/usneseni_1_2018.pdf\" target=\"_blank\" rel=\"noopener noreferrer\">08.02.2018 &ndash; Zpr&aacute;va a Usnesen&iacute; z ve&#345;ejn&eacute;ho prac. zased&aacute;n&iacute;.<\/a><\/li>\n<li><a href=\"wp-content\/uploads\/u_deska\/rozpocet_2018.pdf\" target=\"_blank\" rel=\"noopener noreferrer\">05.02.2018 &ndash; Rozpo&#269;et pro ro 2018.<\/a><\/li>\n<li><a href=\"wp-content\/uploads\/u_deska\/oznameni_2018_1.pdf\" target=\"_blank\" rel=\"noopener noreferrer\">24.01.2018 &ndash; Ozn&aacute;men&iacute; o zah&aacute;jen&iacute; &uacute;zemn&iacute;ho &#345;&iacute;zen&iacute;.<\/a><\/li>\n<li><a href=\"wp-content\/uploads\/u_deska\/kupni_smlouva.pdf\" target=\"_blank\" rel=\"noopener noreferrer\">16.01.2018 &ndash; Kupn&iacute; smlouva na pozemek.<\/a><\/li>\n<li><a href=\"wp-content\/uploads\/u_deska\/volby_prezidenta_2018.pdf\" target=\"_blank\" rel=\"noopener noreferrer\">15.01.2018 &ndash; Volby prezidenta &#268;esk&eacute; Republiky.<\/a><\/li>\n<li><a href=\"wp-content\/uploads\/u_deska\/pozemek_z_3.pdf\" target=\"_blank\" rel=\"noopener noreferrer\">10.01.2018 &ndash; Z&aacute;m&#283;r prodeje obecn&iacute;ho majetku.<\/a><\/li>\n<li><a href=\"wp-content\/uploads\/u_deska\/navrh_rozpoctu_2018_.pdf\" target=\"_blank\" rel=\"noopener noreferrer\">04.01.2018 &ndash; N&aacute;vrh rozpo&#269;tu pro rok 2018.<\/a><\/li>\n<\/ul>\n<h2 style=\"text-align: center;\"><a href=\"https:\/\/www.zaborna.cz\/?page_id=3878\"><span style=\"color: #cc0000;\">Archiv<\/span><\/a><\/h2>\n<\/body><\/html>\n","protected":false},"excerpt":{"rendered":"<p>Na vybran&yacute; dokument klikn&#283;te lev&yacute;m tla&#269;&iacute;tkem my&scaron;i, ten se po t&eacute; zobraz&iacute; v nov&eacute;m okn&#283; va&scaron;eho prohl&iacute;&#382;e&#269;e. Dokumenty jsou ve form&aacute;tu&ldquo;pdf&ldquo;. Rok 2018 20.12.2018 &ndash; Rozpo&#269;tov&eacute; opat&#345;en&iacute; &#269;.9 pro rok 2018. 14.12.2018 &ndash; Rozpo&#269;tov&eacute; provizoriun pro rok 2019. 10.12.2018 &ndash; Informa&#269;n&iacute; v&yacute;zva v&scaron;em vlastn&iacute;k&#367;m les&#367;. 10.12.2018 &ndash; Rozpo&#269;tov&eacute; opat&#345;en&iacute; &#269;.8 pro rok 2018. 05.12.2018 &ndash; [&hellip;]<\/p>\n","protected":false},"author":1,"featured_media":0,"parent":0,"menu_order":0,"comment_status":"closed","ping_status":"closed","template":"","meta":{"ngg_post_thumbnail":0,"h5ap_radio_sources":[],"footnotes":""},"class_list":["post-1798","page","type-page","status-publish","hentry"],"_links":{"self":[{"href":"https:\/\/www.zaborna.cz\/index.php?rest_route=\/wp\/v2\/pages\/1798","targetHints":{"allow":["GET"]}}],"collection":[{"href":"https:\/\/www.zaborna.cz\/index.php?rest_route=\/wp\/v2\/pages"}],"about":[{"href":"https:\/\/www.zaborna.cz\/index.php?rest_route=\/wp\/v2\/types\/page"}],"author":[{"embeddable":true,"href":"https:\/\/www.zaborna.cz\/index.php?rest_route=\/wp\/v2\/users\/1"}],"replies":[{"embeddable":true,"href":"https:\/\/www.zaborna.cz\/index.php?rest_route=%2Fwp%2Fv2%2Fcomments&post=1798"}],"version-history":[{"count":0,"href":"https:\/\/www.zaborna.cz\/index.php?rest_route=\/wp\/v2\/pages\/1798\/revisions"}],"wp:attachment":[{"href":"https:\/\/www.zaborna.cz\/index.php?rest_route=%2Fwp%2Fv2%2Fmedia&parent=1798"}],"curies":[{"name":"wp","href":"https:\/\/api.w.org\/{rel}","templated":true}]}}

Úřední deska &#8211; 2018
