{"id":1536,"date":"2018-12-14T19:40:03","date_gmt":"2018-12-14T18:40:03","guid":{"rendered":"http:\/\/www.zaborna.cz\/?page_id=1536"},"modified":"2023-12-13T23:44:38","modified_gmt":"2023-12-13T22:44:38","slug":"uredni-deska-2017","status":"publish","type":"page","link":"https:\/\/www.zaborna.cz\/?page_id=1536","title":{"rendered":"\u00da\u0159edn\u00ed deska &#8211; 2017"},"content":{"rendered":"<!DOCTYPE html PUBLIC \"-\/\/W3C\/\/DTD HTML 4.0 Transitional\/\/EN\" \"http:\/\/www.w3.org\/TR\/REC-html40\/loose.dtd\">\n<html><body><p>\t\t\t\t<span style=\"color: #1f9362;\">Na vybran&yacute; dokument klikn&#283;te lev&yacute;m tla&#269;&iacute;tkem my&scaron;i, ten se po t&eacute; zobraz&iacute; v nov&eacute;m okn&#283; va&scaron;eho prohl&iacute;&#382;e&#269;e. Dokumenty jsou ve form&aacute;tu&ldquo;pdf&ldquo;.<\/span><\/p>\n<h2><span style=\"color: #cc0000;\">Rok 2017<\/span><\/h2>\n<ul>\n<li><a href=\"wp-content\/uploads\/u_deska\/volby_prezidenta_2018_4.pdf\" target=\"_blank\" rel=\"noopener noreferrer\">28.12.2017 &ndash; Volby prezidenta &#268;esk&eacute; Republiky.<\/a><\/li>\n<li><a href=\"wp-content\/uploads\/u_deska\/rozpoctove_opatreni_7_2017.pdf\" target=\"_blank\" rel=\"noopener noreferrer\">28.12.2017 &ndash; Rozpo&#269;tov&eacute; opat&#345;en&iacute; &#269;.7 pro rok 2017.<\/a><\/li>\n<li><a href=\"wp-content\/uploads\/u_deska\/volby_2018.pdf\" target=\"_blank\" rel=\"noopener noreferrer\">14.12.2017 &ndash; 1.zased&aacute;n&iacute; voleb. komise pro volby prezidenta &#268;R.<\/a><\/li>\n<li><a href=\"wp-content\/uploads\/u_deska\/rozpoctove_opatreni_6a_2017.pdf\" target=\"_blank\" rel=\"noopener noreferrer\">06.12.2017 &ndash; Rozpo&#269;tov&eacute; opat&#345;en&iacute; &#269;.6 pro rok 2017.<\/a><\/li>\n<li><a href=\"wp-content\/uploads\/u_deska\/volby_prezidenta_2018_3.pdf\" target=\"_blank\" rel=\"noopener noreferrer\">30.11.2017 &ndash; Volby prezidenta &#268;esk&eacute; Republiky.<\/a><\/li>\n<li><a href=\"wp-content\/uploads\/u_deska\/volby_prezidenta_2018_2.pdf\" target=\"_blank\" rel=\"noopener noreferrer\">23.11.2017 &ndash; Volby prezidenta &#268;esk&eacute; Republiky.<\/a><\/li>\n<li><a href=\"wp-content\/uploads\/u_deska\/rozpoctovy_vyhled_2019_2020_s.pdf\" target=\"_blank\" rel=\"noopener noreferrer\">10.11.2017 &ndash; Rozpo&#269;tov&yacute; v&yacute;hled na roky 2019 &ndash; 2020.<\/a><\/li>\n<li><a href=\"wp-content\/uploads\/u_deska\/rozpoctove_prov_2017.pdf\" target=\"_blank\" rel=\"noopener noreferrer\">09.11.2017 &ndash; Rozpo&#269;tov&eacute; proviz&oacute;rium pro rok 2018.<\/a><\/li>\n<li><a href=\"wp-content\/uploads\/u_deska\/volby_prezidenta_2018_1.pdf\" target=\"_blank\" rel=\"noopener noreferrer\">09.11.2017 &ndash; Volby prezidenta &#268;esk&eacute; Republiky.<\/a><\/li>\n<li><a href=\"wp-content\/uploads\/u_deska\/vyhlaska_mz_1.pdf\" target=\"_blank\" rel=\"noopener noreferrer\">07.11.2017 &ndash; Ve&#345;ejn&aacute; vyhl&aacute;&scaron;ka Ministerstva zem&#283;d&#283;lstv&iacute;.<\/a><\/li>\n<li><a href=\"wp-content\/uploads\/u_deska\/navrh_rozpoctu_2018_mikroreg.pdf\" target=\"_blank\" rel=\"noopener noreferrer\">25.10.2017 &ndash; Mikroregion Polensko &ndash; n&aacute;vrh rozpo&#269;tu &ndash; 2018.<\/a><\/li>\n<li><a href=\"wp-content\/uploads\/u_deska\/vanocni_vystava.pdf\" target=\"_blank\" rel=\"noopener noreferrer\">20.10.2017 &ndash; V&aacute;no&#269;n&iacute; prodejn&iacute; v&yacute;stava.<\/a><\/li>\n<li><a href=\"wp-content\/uploads\/u_deska\/popl_odpad_2017.pdf\" target=\"_blank\" rel=\"noopener noreferrer\">20.10.2017 &ndash; Poplatky za komun&aacute;ln&iacute; odpad.<\/a><\/li>\n<li><a href=\"wp-content\/uploads\/u_deska\/rozpoctove_opatreni_5_2017.pdf\" target=\"_blank\" rel=\"noopener noreferrer\">19.10.2017 &ndash; Rozpo&#269;tov&eacute; opat&#345;en&iacute; &#269;.5 pro rok 2017.<\/a><\/li>\n<li><a href=\"wp-content\/uploads\/u_deska\/rozpoctove_opatreni_4_2017.pdf\" target=\"_blank\" rel=\"noopener noreferrer\">16.10.2017 &ndash; Rozpo&#269;tov&eacute; opat&#345;en&iacute; &#269;.4 pro rok 2017.<\/a><\/li>\n<li><a href=\"wp-content\/uploads\/u_deska\/rozpoctovy_vyhled_2019_2020.pdf\" target=\"_blank\" rel=\"noopener noreferrer\">16.10.2017 &ndash; N&aacute;vrh st&#345;edn&#283;dob. v&yacute;hledu pro roky 2019 &ndash; 2020.<\/a><\/li>\n<li><a href=\"wp-content\/uploads\/u_deska\/EON_orez_drevin.pdf\" target=\"_blank\" rel=\"noopener noreferrer\">16.10.2017 &ndash; EON &ndash; o&#345;ez d&#345;evin &ndash; povinnost majitel&#367; pozemk&#367;.<\/a><\/li>\n<li><a href=\"wp-content\/uploads\/u_deska\/volby_ps_2017_3.pdf\" target=\"_blank\" rel=\"noopener noreferrer\">05.10.2017 &ndash; Volby do poslaneck&eacute; sn&#283;movny parlamentu &#268;R.<\/a><\/li>\n<li><a href=\"wp-content\/uploads\/u_deska\/vyhlaska_mz.pdf\" target=\"_blank\" rel=\"noopener noreferrer\">14.09.2017 &ndash; Ve&#345;ejn&aacute; vyhl&aacute;&scaron;ka Ministerstva zem&#283;d&#283;lstv&iacute;.<\/a><\/li>\n<li><a href=\"wp-content\/uploads\/u_deska\/volby_ps_2017_2.pdf\" target=\"_blank\" rel=\"noopener noreferrer\">31.08.2017 &ndash; Volby do poslaneck&eacute; sn&#283;movny parlamentu &#268;R.<\/a><\/li>\n<li><a href=\"wp-content\/uploads\/u_deska\/usneseni_4_2017.pdf\" target=\"_blank\" rel=\"noopener noreferrer\">24.08.2017 &ndash; Zpr&aacute;va a Usnesen&iacute; z ve&#345;ejn&eacute;ho prac. zased&aacute;n&iacute;.<\/a><\/li>\n<li><a href=\"wp-content\/uploads\/u_deska\/rozpoctove_opatreni_3_2017.pdf\" target=\"_blank\" rel=\"noopener noreferrer\">17.08.2017 &ndash; Rozpo&#269;tov&eacute; opat&#345;en&iacute; &#269;.3 pro rok 2017.<\/a><\/li>\n<li><a href=\"wp-content\/uploads\/u_deska\/volby_ps_2017_1.pdf\" target=\"_blank\" rel=\"noopener noreferrer\">10.08.2017 &ndash; Volby do poslaneck&eacute; sn&#283;movny parlamentu &#268;R.<\/a><\/li>\n<li><a href=\"wp-content\/uploads\/u_deska\/revize_katastru.pdf\" target=\"_blank\" rel=\"noopener noreferrer\">31.07.2017 &ndash; Revize katastru nemovitost&iacute;.<\/a><\/li>\n<li><a href=\"wp-content\/uploads\/u_deska\/rozpoctove_opatreni_2_2017.pdf\" target=\"_blank\" rel=\"noopener noreferrer\">18.07.2017 &ndash; Rozpo&#269;tov&eacute; opat&#345;en&iacute; &#269;.2 pro rok 2017.<\/a><\/li>\n<li><a href=\"wp-content\/uploads\/u_deska\/rozpoctove_opatreni_1_2017.pdf\" target=\"_blank\" rel=\"noopener noreferrer\">09.06.2017 &ndash; Rozpo&#269;tov&eacute; opat&#345;en&iacute; &#269;.1 pro rok 2017.<\/a><\/li>\n<li><a href=\"wp-content\/uploads\/u_deska\/usneseni_3_2017.pdf\" target=\"_blank\" rel=\"noopener noreferrer\">01.06.2017 &ndash; Zpr&aacute;va a Usnesen&iacute; z ve&#345;ejn&eacute;ho prac. zased&aacute;n&iacute;.<\/a><\/li>\n<li><a href=\"wp-content\/uploads\/u_deska\/zaverecny_ucet_2016.pdf\" target=\"_blank\" rel=\"noopener noreferrer\">26.05.2017 &ndash; Z&aacute;v&#283;re&#269;n&yacute; &uacute;&#269;et obce za rok 2016.<\/a><\/li>\n<li><a href=\"wp-content\/uploads\/u_deska\/pozemek_18.pdf\" target=\"_blank\" rel=\"noopener noreferrer\">26.05.2017 &ndash; Prodej obecn&iacute;ho pozemku &ndash; Stanislav Dvo&#345;&aacute;k.<\/a><\/li>\n<li><a href=\"wp-content\/uploads\/u_deska\/pozemek_17.pdf\" target=\"_blank\" rel=\"noopener noreferrer\">26.05.2017 &ndash; Prodej obecn&iacute;ho pozemku &ndash; Jan &Scaron;tohanzl.<\/a><\/li>\n<li><a href=\"wp-content\/uploads\/u_deska\/zu_mp_2016.pdf\" target=\"_blank\" rel=\"noopener noreferrer\">18.05.2017 &ndash; N&aacute;vrh z&aacute;v&#283;r. &uacute;&#269;tu Mikroreg. Polensko za ro 2016.<\/a><\/li>\n<li><a href=\"wp-content\/uploads\/u_deska\/zaverecny_ucet_2016_navrh.pdf\" target=\"_blank\" rel=\"noopener noreferrer\">10.05.2017 &ndash; N&aacute;vrh z&aacute;v&#283;re&#269;n&eacute;ho &uacute;&#269;tu obce za rok 2016.<\/a><\/li>\n<li><a href=\"wp-content\/uploads\/u_deska\/zprava_o_hospodareni_2016.pdf\" target=\"_blank\" rel=\"noopener noreferrer\">10.05.2017 &ndash; Zpr&aacute;va o v&yacute;sledku p&#345;ezkoum&aacute;n&iacute; hospoda&#345;. obce.<\/a><\/li>\n<li><a href=\"wp-content\/uploads\/u_deska\/rozpocet_2017.pdf\" target=\"_blank\" rel=\"noopener noreferrer\">06.03.2017 &ndash; Rozpo&#269;et obce na rok 2017.<\/a><\/li>\n<li><a href=\"wp-content\/uploads\/u_deska\/rozpoctovy_vyhled_2017_2018.pdf\" target=\"_blank\" rel=\"noopener noreferrer\">06.03.2017 &ndash; Rozpo&#269;tov&yacute; v&yacute;hled obce na roky 2017 a 2018.<\/a><\/li>\n<li><a href=\"wp-content\/uploads\/u_deska\/usneseni_2_2017.pdf\" target=\"_blank\" rel=\"noopener noreferrer\">02.03.2017 &ndash; Zpr&aacute;va a Usnesen&iacute; z ve&#345;ejn&eacute;ho prac. zased&aacute;n&iacute;.<\/a><\/li>\n<li><a href=\"wp-content\/uploads\/u_deska\/tiskova_zprava_dp_2017.pdf\" target=\"_blank\" rel=\"noopener noreferrer\">13.02.2017 &ndash; P&#345;&iacute;j&iacute;m&aacute;n&iacute; DP za rok 2016 ve vybran&yacute;ch obc&iacute;ch.<\/a><\/li>\n<li><a href=\"wp-content\/uploads\/u_deska\/rozpocet_2017_navrh.pdf\" target=\"_blank\" rel=\"noopener noreferrer\">06.02.2017 &ndash; N&aacute;vrh rozpo&#269;tu obce pro rok 2017.<\/a><\/li>\n<li><a href=\"wp-content\/uploads\/u_deska\/exekuce.pdf\" target=\"_blank\" rel=\"noopener noreferrer\">25.01.2017 &ndash; Dra&#382;ba pozemk&#367; v b&yacute;val&eacute;m lihova&#345;e.<\/a><\/li>\n<li><a href=\"wp-content\/uploads\/u_deska\/pozemek_19.pdf\" target=\"_blank\" rel=\"noopener noreferrer\">05.01.2017 &ndash; Prodej obecn&iacute;ho pozemku &ndash; man&#382;el&eacute; Zvol&aacute;nkovi.<\/a><\/li>\n<li><a href=\"wp-content\/uploads\/u_deska\/usneseni_1_2017.pdf\" target=\"_blank\" rel=\"noopener noreferrer\">05.01.2017 &ndash; Zpr&aacute;va a Usnesen&iacute; z ve&#345;ejn&eacute;ho prac. zased&aacute;n&iacute;.<\/a><\/li>\n<\/ul>\n<h2 style=\"text-align: center;\"><a href=\"https:\/\/www.zaborna.cz\/?page_id=3878\"><span style=\"color: #cc0000;\">Archiv<\/span><\/a><\/h2>\n<\/body><\/html>\n","protected":false},"excerpt":{"rendered":"<p>Na vybran&yacute; dokument klikn&#283;te lev&yacute;m tla&#269;&iacute;tkem my&scaron;i, ten se po t&eacute; zobraz&iacute; v nov&eacute;m okn&#283; va&scaron;eho prohl&iacute;&#382;e&#269;e. Dokumenty jsou ve form&aacute;tu&ldquo;pdf&ldquo;. Rok 2017 28.12.2017 &ndash; Volby prezidenta &#268;esk&eacute; Republiky. 28.12.2017 &ndash; Rozpo&#269;tov&eacute; opat&#345;en&iacute; &#269;.7 pro rok 2017. 14.12.2017 &ndash; 1.zased&aacute;n&iacute; voleb. komise pro volby prezidenta &#268;R. 06.12.2017 &ndash; Rozpo&#269;tov&eacute; opat&#345;en&iacute; &#269;.6 pro rok 2017. 30.11.2017 [&hellip;]<\/p>\n","protected":false},"author":1,"featured_media":0,"parent":0,"menu_order":0,"comment_status":"closed","ping_status":"closed","template":"","meta":{"ngg_post_thumbnail":0,"h5ap_radio_sources":[],"footnotes":""},"class_list":["post-1536","page","type-page","status-publish","hentry"],"_links":{"self":[{"href":"https:\/\/www.zaborna.cz\/index.php?rest_route=\/wp\/v2\/pages\/1536","targetHints":{"allow":["GET"]}}],"collection":[{"href":"https:\/\/www.zaborna.cz\/index.php?rest_route=\/wp\/v2\/pages"}],"about":[{"href":"https:\/\/www.zaborna.cz\/index.php?rest_route=\/wp\/v2\/types\/page"}],"author":[{"embeddable":true,"href":"https:\/\/www.zaborna.cz\/index.php?rest_route=\/wp\/v2\/users\/1"}],"replies":[{"embeddable":true,"href":"https:\/\/www.zaborna.cz\/index.php?rest_route=%2Fwp%2Fv2%2Fcomments&post=1536"}],"version-history":[{"count":0,"href":"https:\/\/www.zaborna.cz\/index.php?rest_route=\/wp\/v2\/pages\/1536\/revisions"}],"wp:attachment":[{"href":"https:\/\/www.zaborna.cz\/index.php?rest_route=%2Fwp%2Fv2%2Fmedia&parent=1536"}],"curies":[{"name":"wp","href":"https:\/\/api.w.org\/{rel}","templated":true}]}}

Úřední deska &#8211; 2017
