{"id":1342,"date":"2018-07-12T13:52:38","date_gmt":"2018-07-12T11:52:38","guid":{"rendered":"http:\/\/www.zaborna.cz\/?page_id=1342"},"modified":"2023-12-13T23:42:10","modified_gmt":"2023-12-13T22:42:10","slug":"uredni-deska-2010","status":"publish","type":"page","link":"https:\/\/www.zaborna.cz\/?page_id=1342","title":{"rendered":"\u00da\u0159edn\u00ed deska &#8211; 2010"},"content":{"rendered":"<!DOCTYPE html PUBLIC \"-\/\/W3C\/\/DTD HTML 4.0 Transitional\/\/EN\" \"http:\/\/www.w3.org\/TR\/REC-html40\/loose.dtd\">\n<html><body><p>\t\t\t\t<span style=\"color: #1f9362;\">Na vybran&yacute; dokument klikn&#283;te lev&yacute;m tla&#269;&iacute;tkem my&scaron;i, ten se po t&eacute; zobraz&iacute; v nov&eacute;m okn&#283; va&scaron;eho prohl&iacute;&#382;e&#269;e. Dokumenty jsou ve form&aacute;tu&ldquo;pdf&ldquo;.<\/span><\/p>\n<h2><span style=\"color: #cc0000;\">Rok 2010<\/span><\/h2>\n<ul>\n<li><a href=\"wp-content\/uploads\/u_deska\/usneseni_2010.pdf\" target=\"_blank\" rel=\"noopener noreferrer\">21.12.2010 &ndash; Z&aacute;pis a Usnesen&iacute; z Ve&#345;ejn&eacute;ho pracovn&iacute;ho zased&aacute;n&iacute;.<\/a><\/li>\n<li><a href=\"wp-content\/uploads\/u_deska\/vyhlaska_psi.pdf\" target=\"_blank\" rel=\"noopener noreferrer\">21.12.2010 &ndash; Vyhl&aacute;&scaron;ka o m&iacute;stn&iacute;m poplatku ze ps&#367;.<\/a><\/li>\n<li><a href=\"wp-content\/uploads\/u_deska\/rozpocet_2011.pdf\" target=\"_blank\" rel=\"noopener noreferrer\">01.12.2010 &ndash; N&aacute;vrh rozpo&#269;tu obce na rok 2011.<\/a><\/li>\n<li><a href=\"wp-content\/uploads\/u_deska\/usneseni_1910.pdf\" target=\"_blank\" rel=\"noopener noreferrer\">29.10.2010 &ndash; Z&aacute;pis a Usnesen&iacute; z 1. Ustavuj&iacute;c&iacute;ho ve&#345;ejn&eacute;ho zased&aacute;n&iacute;.<\/a><\/li>\n<li><a href=\"wp-content\/uploads\/u_deska\/usneseni_1810.pdf\" target=\"_blank\" rel=\"noopener noreferrer\">27.08.2010 &ndash; Z&aacute;pis a Usnesen&iacute; z Ve&#345;ejn&eacute;ho pracovn&iacute;ho zased&aacute;n&iacute;.<\/a><\/li>\n<li><a href=\"wp-content\/uploads\/u_deska\/podpisy.pdf\" target=\"_blank\" rel=\"noopener noreferrer\">18.06.2010 &ndash; Po&#269;et podpis&#367; na petic&iacute;ch.<\/a><\/li>\n<li><a href=\"wp-content\/uploads\/u_deska\/usneseni_1710.pdf\" target=\"_blank\" rel=\"noopener noreferrer\">04.06.2010 &ndash; Z&aacute;pis a Usnesen&iacute; z Ve&#345;ejn&eacute;ho pracovn&iacute;ho zased&aacute;n&iacute;.<\/a><\/li>\n<li><a href=\"wp-content\/uploads\/u_deska\/vyhlaska_zp.pdf\" target=\"_blank\" rel=\"noopener noreferrer\">30.04.2010 &ndash; Rozhodnut&iacute; o um&iacute;st&#283;n&iacute; stavby ( chodn&iacute;k v obci ).<\/a><\/li>\n<li><a href=\"wp-content\/uploads\/u_deska\/pozemek_5.pdf\" target=\"_blank\" rel=\"noopener noreferrer\">02.04.2010 &ndash; Prodej obecn&iacute;ho pozemku.<\/a><\/li>\n<li><a href=\"wp-content\/uploads\/u_deska\/rozpocet_mr_2010.pdf\" target=\"_blank\" rel=\"noopener noreferrer\">02.04.2010 &ndash; Rozpo&#269;tov&yacute; v&yacute;hled Mikroreg. Polensko na rok 2010.<\/a><\/li>\n<li><a href=\"wp-content\/uploads\/u_deska\/usneseni_1610.pdf\" target=\"_blank\" rel=\"noopener noreferrer\">26.03.2010 &ndash; Z&aacute;pis a Usnesen&iacute; z Ve&#345;ejn&eacute;ho pracovn&iacute;ho zased&aacute;n&iacute;.<\/a><\/li>\n<li><a href=\"wp-content\/uploads\/u_deska\/oznameni_3.pdf\" target=\"_blank\" rel=\"noopener noreferrer\">26.03.2010 &ndash; Zah&aacute;jen&iacute; stavebn&iacute;ho &#345;&iacute;zen&iacute; ( in&#382;. s&iacute;t&#283; k rod.dom&#367; ).<\/a><\/li>\n<li><a href=\"wp-content\/uploads\/u_deska\/oznameni_2.pdf\" target=\"_blank\" rel=\"noopener noreferrer\">19.03.2010 &ndash; Zah&aacute;jen&iacute; &uacute;zemn&iacute;ho &#345;&iacute;zen&iacute; ( chodn&iacute;k v obci ).<\/a><\/li>\n<li><a href=\"wp-content\/uploads\/u_deska\/pozemek_4.pdf\" target=\"_blank\" rel=\"noopener noreferrer\">05.02.2010 &ndash; Prodej obecn&iacute;ho pozemku man&#382;el&#367;m Vencovsk&yacute;m.<\/a><\/li>\n<li><a href=\"wp-content\/uploads\/u_deska\/vyhlaska_rd.pdf\" target=\"_blank\" rel=\"noopener noreferrer\">29.01.2010 &ndash; Stavebn&iacute; povolen&iacute; ( E.ON el.p&#345;&iacute;pojka k nov.dom&#367;m ).<\/a><\/li>\n<li><a href=\"wp-content\/uploads\/u_deska\/usneseni_1510.pdf\" target=\"_blank\" rel=\"noopener noreferrer\">08.01.2010 &ndash; Z&aacute;pis a Usnesen&iacute; z Ve&#345;ejn&eacute;ho pracovn&iacute;ho zased&aacute;n&iacute;.<\/a><\/li>\n<li><a href=\"wp-content\/uploads\/u_deska\/rozpocet_2010_2012.pdf\" target=\"_blank\" rel=\"noopener noreferrer\">08.01.2010 &ndash; Rozpo&#269;tov&yacute; v&yacute;hled obce na roky 2010 a&#382; 2012.<\/a><\/li>\n<li><a href=\"wp-content\/uploads\/u_deska\/vyhlaska_2.pdf\" target=\"_blank\" rel=\"noopener noreferrer\">08.01.2010 &ndash; &Uacute;zemn&iacute; rozhodnut&iacute; ( novostavba 9.rodinn&yacute;ch dom&#367; ).<\/a><\/li>\n<li><a href=\"wp-content\/uploads\/u_deska\/vyhlaska_3.pdf\" target=\"_blank\" rel=\"noopener noreferrer\">08.01.2010 &ndash; &Uacute;zem. rozhodnut&iacute; ( obnova a roz&scaron;. vodn&iacute;ch n&aacute;dr&#382;&iacute; ).<\/a><\/li>\n<li><a href=\"wp-content\/uploads\/u_deska\/vyhlaska_4.pdf\" target=\"_blank\" rel=\"noopener noreferrer\">08.01.2010 &ndash; Zah&aacute;jen&iacute; stavebnho &#345;&iacute;zen&iacute; ( E.ON el.p&#345;&iacute;pojka ).<\/a><\/li>\n<\/ul>\n<h2 style=\"text-align: center;\"><a href=\"https:\/\/www.zaborna.cz\/?page_id=3878\"><span style=\"color: #cc0000;\">Archiv<\/span><\/a><\/h2>\n<\/body><\/html>\n","protected":false},"excerpt":{"rendered":"<p>Na vybran&yacute; dokument klikn&#283;te lev&yacute;m tla&#269;&iacute;tkem my&scaron;i, ten se po t&eacute; zobraz&iacute; v nov&eacute;m okn&#283; va&scaron;eho prohl&iacute;&#382;e&#269;e. Dokumenty jsou ve form&aacute;tu&ldquo;pdf&ldquo;. Rok 2010 21.12.2010 &ndash; Z&aacute;pis a Usnesen&iacute; z Ve&#345;ejn&eacute;ho pracovn&iacute;ho zased&aacute;n&iacute;. 21.12.2010 &ndash; Vyhl&aacute;&scaron;ka o m&iacute;stn&iacute;m poplatku ze ps&#367;. 01.12.2010 &ndash; N&aacute;vrh rozpo&#269;tu obce na rok 2011. 29.10.2010 &ndash; Z&aacute;pis a Usnesen&iacute; z 1. [&hellip;]<\/p>\n","protected":false},"author":1,"featured_media":0,"parent":0,"menu_order":0,"comment_status":"closed","ping_status":"closed","template":"","meta":{"ngg_post_thumbnail":0,"h5ap_radio_sources":[],"footnotes":""},"class_list":["post-1342","page","type-page","status-publish","hentry"],"_links":{"self":[{"href":"https:\/\/www.zaborna.cz\/index.php?rest_route=\/wp\/v2\/pages\/1342","targetHints":{"allow":["GET"]}}],"collection":[{"href":"https:\/\/www.zaborna.cz\/index.php?rest_route=\/wp\/v2\/pages"}],"about":[{"href":"https:\/\/www.zaborna.cz\/index.php?rest_route=\/wp\/v2\/types\/page"}],"author":[{"embeddable":true,"href":"https:\/\/www.zaborna.cz\/index.php?rest_route=\/wp\/v2\/users\/1"}],"replies":[{"embeddable":true,"href":"https:\/\/www.zaborna.cz\/index.php?rest_route=%2Fwp%2Fv2%2Fcomments&post=1342"}],"version-history":[{"count":0,"href":"https:\/\/www.zaborna.cz\/index.php?rest_route=\/wp\/v2\/pages\/1342\/revisions"}],"wp:attachment":[{"href":"https:\/\/www.zaborna.cz\/index.php?rest_route=%2Fwp%2Fv2%2Fmedia&parent=1342"}],"curies":[{"name":"wp","href":"https:\/\/api.w.org\/{rel}","templated":true}]}}