{"id":1327,"date":"2018-07-11T13:49:20","date_gmt":"2018-07-11T11:49:20","guid":{"rendered":"http:\/\/www.zaborna.cz\/?page_id=1327"},"modified":"2023-12-13T23:42:50","modified_gmt":"2023-12-13T22:42:50","slug":"uredni-deska-2012","status":"publish","type":"page","link":"https:\/\/www.zaborna.cz\/?page_id=1327","title":{"rendered":"\u00da\u0159edn\u00ed deska &#8211; 2012"},"content":{"rendered":"<!DOCTYPE html PUBLIC \"-\/\/W3C\/\/DTD HTML 4.0 Transitional\/\/EN\" \"http:\/\/www.w3.org\/TR\/REC-html40\/loose.dtd\">\n<html><body><p>\t\t\t\t<span style=\"color: #1f9362;\">Na vybran&yacute; dokument klikn&#283;te lev&yacute;m tla&#269;&iacute;tkem my&scaron;i, ten se po t&eacute; zobraz&iacute; v nov&eacute;m okn&#283; va&scaron;eho prohl&iacute;&#382;e&#269;e. Dokumenty jsou ve form&aacute;tu&ldquo;pdf&ldquo;.<\/span><\/p>\n<h2><span style=\"color: #cc0000;\">Rok 2012<\/span><\/h2>\n<ul>\n<li><a href=\"wp-content\/uploads\/u_deska\/usneseni_12_2012.pdf\" target=\"_blank\" rel=\"noopener noreferrer\">13.12.2012 &ndash; Z&aacute;pis a Usnesen&iacute; z Ve&#345;ejn&eacute;ho pracovn&iacute;ho zased&aacute;n&iacute;.<\/a><\/li>\n<li><a href=\"wp-content\/uploads\/u_deska\/odpady_2013.pdf\" target=\"_blank\" rel=\"noopener noreferrer\">13.12.2012 &ndash; Obecn&#283; z&aacute;vazn&aacute; vyhl&aacute;&scaron;ka o odpadech &#269;. 1\/2012.<\/a><\/li>\n<li><a href=\"wp-content\/uploads\/u_deska\/vyhlaska_eon.pdf\" target=\"_blank\" rel=\"noopener noreferrer\">15.11.2012 &ndash; Ve&#345;ejn&aacute; vyhl&aacute;&scaron;ka &ndash; ozn&aacute;men&iacute; o um&iacute;st&#283;n&iacute; stavby.<\/a><\/li>\n<li><a href=\"wp-content\/uploads\/u_deska\/vyhled_mp_2013_16.pdf\" target=\"_blank\" rel=\"noopener noreferrer\">15.11.2012 &ndash; N&aacute;vrh rozp. v&yacute;hl. Mikroreg. Polensko na rok 2013-16.<\/a><\/li>\n<li><a href=\"wp-content\/uploads\/u_deska\/rozpocet_mp_2013.pdf\" target=\"_blank\" rel=\"noopener noreferrer\">15.11.2012 &ndash; Rozpo&#269;et Mikroregionu Polensko na rok 2013.<\/a><\/li>\n<li><a href=\"wp-content\/uploads\/u_deska\/pozemek_8.pdf\" target=\"_blank\" rel=\"noopener noreferrer\">18.10.2012 &ndash; Z&aacute;m&#283;r odkup pozemku v k. &uacute;. Z&aacute;born&aacute;.<\/a><\/li>\n<li><a href=\"wp-content\/uploads\/u_deska\/usneseni_10_2012.pdf\" target=\"_blank\" rel=\"noopener noreferrer\">18.10.2012 &ndash; Z&aacute;pis a Usnesen&iacute; z Ve&#345;ejn&eacute;ho pracovn&iacute;ho zased&aacute;n&iacute;.<\/a><\/li>\n<li><a href=\"wp-content\/uploads\/u_deska\/vyhlaska_12.pdf\" target=\"_blank\" rel=\"noopener noreferrer\">12.10.2012 &ndash; Aktualizace z&aacute;sad &uacute;zemn&iacute;ho rozvoje kraje Vyso&#269;ina.<\/a><\/li>\n<li><a href=\"wp-content\/uploads\/u_deska\/rozhodnuti_2.pdf\" target=\"_blank\" rel=\"noopener noreferrer\">09.08.2012 &ndash; Ozn&aacute;men&iacute; &ndash; prodlou&#382;en&iacute; term&iacute;nu k dokon&#269;en&iacute; stavby.<\/a><\/li>\n<li><a href=\"wp-content\/uploads\/u_deska\/usneseni_07_2012.pdf\" target=\"_blank\" rel=\"noopener noreferrer\">27.07.2012 &ndash; Z&aacute;pis a Usnesen&iacute; z mimo&#345;&aacute;dn&eacute;ho Ve&#345;. prac. zased&aacute;n&iacute;.<\/a><\/li>\n<li><a href=\"wp-content\/uploads\/u_deska\/vyhlaska_11.pdf\" target=\"_blank\" rel=\"noopener noreferrer\">21.06.2012 &ndash; Ozn&aacute;men&iacute; &ndash; Novostavba mont&aacute;&#382;n&iacute; haly.<\/a><\/li>\n<li><a href=\"wp-content\/uploads\/u_deska\/vyhlaska_10.pdf\" target=\"_blank\" rel=\"noopener noreferrer\">21.06.2012 &ndash; Ozn&aacute;men&iacute; &ndash; Stavebn&iacute; &uacute;prava stodoly na sklad obil&iacute;.<\/a><\/li>\n<li><a href=\"wp-content\/uploads\/u_deska\/usneseni_06_2012.pdf\" target=\"_blank\" rel=\"noopener noreferrer\">08.06.2012 &ndash; Z&aacute;pis a Usnesen&iacute; z Ve&#345;ejn&eacute;ho pracovn&iacute;ho zased&aacute;n&iacute;.<\/a><\/li>\n<li><a href=\"wp-content\/uploads\/u_deska\/pozemek_7.pdf\" target=\"_blank\" rel=\"noopener noreferrer\">01.06.2012 &ndash; Z&aacute;m&#283;r prodeje obecn&iacute;ho majetku.<\/a><\/li>\n<li><a href=\"wp-content\/uploads\/u_deska\/zaverecny_ucet_2011.pdf\" target=\"_blank\" rel=\"noopener noreferrer\">11.05.2012 &ndash; Z&aacute;v&#283;re&#269;n&yacute; &uacute;&#269;et za rok 2011.<\/a><\/li>\n<li><a href=\"wp-content\/uploads\/u_deska\/zprava.pdf\" target=\"_blank\" rel=\"noopener noreferrer\">11.05.2012 &ndash; Zpr&aacute;va o v&yacute;sledku p&#345;ezkoum&aacute;n&iacute; hospoda&#345;en&iacute; obce.<\/a><\/li>\n<li><a href=\"wp-content\/uploads\/u_deska\/vyhlaska_9.pdf\" target=\"_blank\" rel=\"noopener noreferrer\">11.05.2012 &ndash; Ozn&aacute;men&iacute; &ndash; &uacute;prava stodoly na sklad obil&iacute;.<\/a><\/li>\n<li><a href=\"wp-content\/uploads\/u_deska\/vyhlaska_8.pdf\" target=\"_blank\" rel=\"noopener noreferrer\">04.05.2012 &ndash; Ozn&aacute;men&iacute; &ndash; novostavba mont&aacute;&#382;n&iacute; haly.<\/a><\/li>\n<li><a href=\"wp-content\/uploads\/u_deska\/vyhlaska_7.pdf\" target=\"_blank\" rel=\"noopener noreferrer\">30.03.2012 &ndash; Ozn&aacute;men&iacute; &ndash; &uacute;zemn&iacute; rozvoj Kraje Vyso&#269;ina.<\/a><\/li>\n<li><a href=\"wp-content\/uploads\/u_deska\/usneseni_03_2012.pdf\" target=\"_blank\" rel=\"noopener noreferrer\">02.03.2012 &ndash; Z&aacute;pis a Usnesen&iacute; z Ve&#345;ejn&eacute;ho pracovn&iacute;ho zased&aacute;n&iacute;.<\/a><\/li>\n<li><a href=\"wp-content\/uploads\/u_deska\/rozpocet_2012.pdf\" target=\"_blank\" rel=\"noopener noreferrer\">13.02.2012 &ndash; N&aacute;vrh rozpo&#269;tu obce na rok 2012.<\/a><\/li>\n<\/ul>\n<h2 style=\"text-align: center;\"><a href=\"https:\/\/www.zaborna.cz\/?page_id=3878\"><span style=\"color: #cc0000;\">Archiv<\/span><\/a><\/h2>\n<\/body><\/html>\n","protected":false},"excerpt":{"rendered":"<p>Na vybran&yacute; dokument klikn&#283;te lev&yacute;m tla&#269;&iacute;tkem my&scaron;i, ten se po t&eacute; zobraz&iacute; v nov&eacute;m okn&#283; va&scaron;eho prohl&iacute;&#382;e&#269;e. Dokumenty jsou ve form&aacute;tu&ldquo;pdf&ldquo;. Rok 2012 13.12.2012 &ndash; Z&aacute;pis a Usnesen&iacute; z Ve&#345;ejn&eacute;ho pracovn&iacute;ho zased&aacute;n&iacute;. 13.12.2012 &ndash; Obecn&#283; z&aacute;vazn&aacute; vyhl&aacute;&scaron;ka o odpadech &#269;. 1\/2012. 15.11.2012 &ndash; Ve&#345;ejn&aacute; vyhl&aacute;&scaron;ka &ndash; ozn&aacute;men&iacute; o um&iacute;st&#283;n&iacute; stavby. 15.11.2012 &ndash; N&aacute;vrh rozp. v&yacute;hl. [&hellip;]<\/p>\n","protected":false},"author":1,"featured_media":0,"parent":0,"menu_order":0,"comment_status":"closed","ping_status":"closed","template":"","meta":{"ngg_post_thumbnail":0,"h5ap_radio_sources":[],"footnotes":""},"class_list":["post-1327","page","type-page","status-publish","hentry"],"_links":{"self":[{"href":"https:\/\/www.zaborna.cz\/index.php?rest_route=\/wp\/v2\/pages\/1327","targetHints":{"allow":["GET"]}}],"collection":[{"href":"https:\/\/www.zaborna.cz\/index.php?rest_route=\/wp\/v2\/pages"}],"about":[{"href":"https:\/\/www.zaborna.cz\/index.php?rest_route=\/wp\/v2\/types\/page"}],"author":[{"embeddable":true,"href":"https:\/\/www.zaborna.cz\/index.php?rest_route=\/wp\/v2\/users\/1"}],"replies":[{"embeddable":true,"href":"https:\/\/www.zaborna.cz\/index.php?rest_route=%2Fwp%2Fv2%2Fcomments&post=1327"}],"version-history":[{"count":0,"href":"https:\/\/www.zaborna.cz\/index.php?rest_route=\/wp\/v2\/pages\/1327\/revisions"}],"wp:attachment":[{"href":"https:\/\/www.zaborna.cz\/index.php?rest_route=%2Fwp%2Fv2%2Fmedia&parent=1327"}],"curies":[{"name":"wp","href":"https:\/\/api.w.org\/{rel}","templated":true}]}}