{"id":1181,"date":"2018-06-26T13:14:41","date_gmt":"2018-06-26T11:14:41","guid":{"rendered":"http:\/\/www.zaborna.cz\/?page_id=1181"},"modified":"2023-12-13T23:43:26","modified_gmt":"2023-12-13T22:43:26","slug":"uredni-deska-2014","status":"publish","type":"page","link":"https:\/\/www.zaborna.cz\/?page_id=1181","title":{"rendered":"\u00da\u0159edn\u00ed deska &#8211; 2014"},"content":{"rendered":"<!DOCTYPE html PUBLIC \"-\/\/W3C\/\/DTD HTML 4.0 Transitional\/\/EN\" \"http:\/\/www.w3.org\/TR\/REC-html40\/loose.dtd\">\n<html><body><p>\t\t\t\t<span style=\"color: #1f9362;\">Na vybran&yacute; dokument klikn&#283;te lev&yacute;m tla&#269;&iacute;tkem my&scaron;i, ten se po t&eacute; zobraz&iacute; v nov&eacute;m okn&#283; va&scaron;eho prohl&iacute;&#382;e&#269;e. Dokumenty jsou ve form&aacute;tu&ldquo;pdf&ldquo;.<\/span><\/p>\n<h2><span style=\"color: #cc0000;\">Rok 2014<\/span><\/h2>\n<ul>\n<li><a href=\"wp-content\/uploads\/u_deska\/usneseni_10_2014.pdf\" target=\"_blank\" rel=\"noopener noreferrer\">18.12.2014 &ndash; Zpr&aacute;va a Usnesen&iacute; z ve&#345;ejn&eacute;ho pracovn&iacute;ho zased&aacute;n&iacute;.<\/a><\/li>\n<li><a href=\"wp-content\/uploads\/u_deska\/nrozpocet_mp_2015_18.pdf\" target=\"_blank\" rel=\"noopener noreferrer\">20.11.2014 &ndash; N&aacute;vrh rozp. v&yacute;hl. Mikroreg. Polensko na rok 2015-18.<\/a><\/li>\n<li><a href=\"wp-content\/uploads\/u_deska\/nrozpocet_mp_2015.pdf\" target=\"_blank\" rel=\"noopener noreferrer\">20.11.2014 &ndash; N&aacute;vrh rozpo&#269;tu Mikroregionu Polensko na rok 2015.<\/a><\/li>\n<li><a href=\"wp-content\/uploads\/u_deska\/ustanovujici_zasedani.pdf\" target=\"_blank\" rel=\"noopener noreferrer\">25.10.2014 &ndash; Ustanovuj&iacute;c&iacute; zased&aacute;n&iacute;.<\/a><\/li>\n<li><a href=\"wp-content\/uploads\/u_deska\/usneseni_09_2014.pdf\" target=\"_blank\" rel=\"noopener noreferrer\">02.10.2014 &ndash; Zpr&aacute;va a Usnesen&iacute; z ve&#345;ejn&eacute;ho pracovn&iacute;ho zased&aacute;n&iacute;.<\/a><\/li>\n<li><a href=\"wp-content\/uploads\/u_deska\/pozemek_11.pdf\" target=\"_blank\" rel=\"noopener noreferrer\">31.07.2014 &ndash; Prodej obecn&iacute;ho pozemku.<\/a><\/li>\n<li><a href=\"wp-content\/uploads\/u_deska\/pozemek_10.pdf\" target=\"_blank\" rel=\"noopener noreferrer\">31.07.2014 &ndash; Prodej obecn&iacute;ho pozemku.<\/a><\/li>\n<li><a href=\"wp-content\/uploads\/u_deska\/usneseni_07_2014.pdf\" target=\"_blank\" rel=\"noopener noreferrer\">24.07.2014 &ndash; Zpr&aacute;va a Usnesen&iacute; z ve&#345;ejn&eacute;ho pracovn&iacute;ho zased&aacute;n&iacute;.<\/a><\/li>\n<li><a href=\"wp-content\/uploads\/u_deska\/svak_1.pdf\" target=\"_blank\" rel=\"noopener noreferrer\">05.06.2014 &ndash; Z&aacute;v&#283;re&#269;n&yacute; &uacute;&#269;et Svazu vodovod&#367; a kanalizac&iacute; 2013.<\/a><\/li>\n<li><a href=\"wp-content\/uploads\/u_deska\/svak.pdf\" target=\"_blank\" rel=\"noopener noreferrer\">05.06.2014 &ndash; Hospoda&#345;en&iacute; Svazu vodovod&#367; a kanalizac&iacute;.<\/a><\/li>\n<li><a href=\"wp-content\/uploads\/u_deska\/prodej_pozemku.pdf\" target=\"_blank\" rel=\"noopener noreferrer\">29.05.2014 &ndash; Z&aacute;m&#283;r prodeje obecn&iacute;ho pozemku.<\/a><\/li>\n<li><a href=\"wp-content\/uploads\/u_deska\/usneseni_02_2014.pdf\" target=\"_blank\" rel=\"noopener noreferrer\">08.05.2014 &ndash; Zpr&aacute;va a Usnesen&iacute; z ve&#345;ejn&eacute;ho pracovn&iacute;ho zased&aacute;n&iacute;.<\/a><\/li>\n<li><a href=\"wp-content\/uploads\/u_deska\/dan_nemovitost.pdf\" target=\"_blank\" rel=\"noopener noreferrer\">24.04.2014 &ndash; Ve&#345;ejn&aacute; vyhl&aacute;&scaron;ka &ndash; da&#328; z nemovitosti.<\/a><\/li>\n<li><a href=\"wp-content\/uploads\/u_deska\/rozeslani_oznameni_mzp.pdf\" target=\"_blank\" rel=\"noopener noreferrer\">24.04.2014 &ndash; Vliv cykloturistiky na &#382;ivotn&iacute; prost&#345;ed&iacute;.<\/a><\/li>\n<li><a href=\"wp-content\/uploads\/u_deska\/audit_hospodareni.pdf\" target=\"_blank\" rel=\"noopener noreferrer\">17.04.2014 &ndash; Audit hospoda&#345;en&iacute; obce.<\/a><\/li>\n<li><a href=\"wp-content\/uploads\/u_deska\/zaverecny_ucet_2013.pdf\" target=\"_blank\" rel=\"noopener noreferrer\">17.04.2014 &ndash; N&aacute;vrh z&aacute;v&#283;re&#269;n&eacute;ho &uacute;&#269;tu obce za rok 2013.<\/a><\/li>\n<li><a href=\"wp-content\/uploads\/u_deska\/usneseni_01_2014.pdf\" target=\"_blank\" rel=\"noopener noreferrer\">13.02.2014 &ndash; Zpr&aacute;va a Usnesen&iacute; z ve&#345;ejn&eacute;ho pracovn&iacute;ho zased&aacute;n&iacute;.<\/a><\/li>\n<li><a href=\"wp-content\/uploads\/u_deska\/rozpocet_2014.pdf\" target=\"_blank\" rel=\"noopener noreferrer\">28.01.2014 &ndash; N&aacute;vrh rozpo&#269;tu pro rok 2014.<\/a><\/li>\n<\/ul>\n<h2 style=\"text-align: center;\"><a href=\"https:\/\/www.zaborna.cz\/?page_id=3878\"><span style=\"color: #cc0000;\">Archiv<\/span><\/a><\/h2>\n<\/body><\/html>\n","protected":false},"excerpt":{"rendered":"<p>Na vybran&yacute; dokument klikn&#283;te lev&yacute;m tla&#269;&iacute;tkem my&scaron;i, ten se po t&eacute; zobraz&iacute; v nov&eacute;m okn&#283; va&scaron;eho prohl&iacute;&#382;e&#269;e. Dokumenty jsou ve form&aacute;tu&ldquo;pdf&ldquo;. Rok 2014 18.12.2014 &ndash; Zpr&aacute;va a Usnesen&iacute; z ve&#345;ejn&eacute;ho pracovn&iacute;ho zased&aacute;n&iacute;. 20.11.2014 &ndash; N&aacute;vrh rozp. v&yacute;hl. Mikroreg. Polensko na rok 2015-18. 20.11.2014 &ndash; N&aacute;vrh rozpo&#269;tu Mikroregionu Polensko na rok 2015. 25.10.2014 &ndash; Ustanovuj&iacute;c&iacute; zased&aacute;n&iacute;. [&hellip;]<\/p>\n","protected":false},"author":1,"featured_media":0,"parent":0,"menu_order":0,"comment_status":"closed","ping_status":"closed","template":"","meta":{"ngg_post_thumbnail":0,"h5ap_radio_sources":[],"footnotes":""},"class_list":["post-1181","page","type-page","status-publish","hentry"],"_links":{"self":[{"href":"https:\/\/www.zaborna.cz\/index.php?rest_route=\/wp\/v2\/pages\/1181","targetHints":{"allow":["GET"]}}],"collection":[{"href":"https:\/\/www.zaborna.cz\/index.php?rest_route=\/wp\/v2\/pages"}],"about":[{"href":"https:\/\/www.zaborna.cz\/index.php?rest_route=\/wp\/v2\/types\/page"}],"author":[{"embeddable":true,"href":"https:\/\/www.zaborna.cz\/index.php?rest_route=\/wp\/v2\/users\/1"}],"replies":[{"embeddable":true,"href":"https:\/\/www.zaborna.cz\/index.php?rest_route=%2Fwp%2Fv2%2Fcomments&post=1181"}],"version-history":[{"count":0,"href":"https:\/\/www.zaborna.cz\/index.php?rest_route=\/wp\/v2\/pages\/1181\/revisions"}],"wp:attachment":[{"href":"https:\/\/www.zaborna.cz\/index.php?rest_route=%2Fwp%2Fv2%2Fmedia&parent=1181"}],"curies":[{"name":"wp","href":"https:\/\/api.w.org\/{rel}","templated":true}]}}

Úřední deska &#8211; 2014
