{"id":1174,"date":"2018-06-26T12:20:18","date_gmt":"2018-06-26T10:20:18","guid":{"rendered":"http:\/\/www.zaborna.cz\/?page_id=1174"},"modified":"2023-12-13T23:43:47","modified_gmt":"2023-12-13T22:43:47","slug":"uredni-deska-2015","status":"publish","type":"page","link":"https:\/\/www.zaborna.cz\/?page_id=1174","title":{"rendered":"\u00da\u0159edn\u00ed deska &#8211; 2015"},"content":{"rendered":"<!DOCTYPE html PUBLIC \"-\/\/W3C\/\/DTD HTML 4.0 Transitional\/\/EN\" \"http:\/\/www.w3.org\/TR\/REC-html40\/loose.dtd\">\n<html><body><p>\t\t\t\t<span style=\"color: #1f9362;\">Na vybran&yacute; dokument klikn&#283;te lev&yacute;m tla&#269;&iacute;tkem my&scaron;i, ten se po t&eacute; zobraz&iacute; v nov&eacute;m okn&#283; va&scaron;eho prohl&iacute;&#382;e&#269;e. Dokumenty jsou ve form&aacute;tu&ldquo;pdf&ldquo;.<\/span><\/p>\n<h2><span style=\"color: #cc0000;\">Rok 2015<\/span><\/h2>\n<ul>\n<li><a href=\"wp-content\/uploads\/u_deska\/usneseni_05_2015.pdf\" target=\"_blank\" rel=\"noopener noreferrer\">03.12.2015 &ndash; Zpr&aacute;va a Usnesen&iacute; z ve&#345;ejn&eacute;ho pracovn&iacute;ho zased&aacute;n&iacute;.<\/a><\/li>\n<li><a href=\"wp-content\/uploads\/u_deska\/usneseni_04_2015.pdf\" target=\"_blank\" rel=\"noopener noreferrer\">19.11.2015 &ndash; Zpr&aacute;va a Usnesen&iacute; z ve&#345;ejn&eacute;ho pracovn&iacute;ho zased&aacute;n&iacute;.<\/a><\/li>\n<li><a href=\"wp-content\/uploads\/u_deska\/oznameni_seneco.pdf\" target=\"_blank\" rel=\"noopener noreferrer\">19.11.2015 &ndash; Ozn&aacute;men&iacute; o prodlou&#382;en&iacute; lh&#367;ty k dokon&#269;en&iacute; stavby.<\/a><\/li>\n<li><a href=\"wp-content\/uploads\/u_deska\/stanovisko_kv.pdf\" target=\"_blank\" rel=\"noopener noreferrer\">22.10.2015 &ndash; Stanovisko k n&aacute;vrhu koncep. IPR Jihl. s&iacute;del. aglomer.<\/a><\/li>\n<li><a href=\"wp-content\/uploads\/u_deska\/usneseni_03_2015.pdf\" target=\"_blank\" rel=\"noopener noreferrer\">27.08.2015 &ndash; Zpr&aacute;va a Usnesen&iacute; z ve&#345;ejn&eacute;ho pracovn&iacute;ho zased&aacute;n&iacute;.<\/a><\/li>\n<li><a href=\"wp-content\/uploads\/u_deska\/rozhodnuti_sucho_2015.pdf\" target=\"_blank\" rel=\"noopener noreferrer\">13.08.2015 &ndash; Rozhodnut&iacute; hejtmana Kraje Vyso&#269;ina.<\/a><\/li>\n<li><a href=\"wp-content\/uploads\/u_deska\/rozhodnuti_sucho_2015_2.pdf\" target=\"_blank\" rel=\"noopener noreferrer\">18.08.2015 &ndash; Na&#345;&iacute;zen&iacute; Kraje Vyso&#269;ina.<\/a><\/li>\n<li><a href=\"wp-content\/uploads\/u_deska\/PZKO_CZ06Z.pdf\" target=\"_blank\" rel=\"noopener noreferrer\">20.07.2015 &ndash; Program zlep&scaron;ov&aacute;n&iacute; kvality ovzdu&scaron;&iacute;.<\/a><\/li>\n<li><a href=\"wp-content\/uploads\/u_deska\/PZKO_CZ06Z_1.pdf\" target=\"_blank\" rel=\"noopener noreferrer\">20.07.2015 &ndash; Zlep&scaron;ov&aacute;n&iacute; kvality ovzdu&scaron;&iacute; &ndash; N&aacute;vrh opat&#345;en&iacute;.<\/a><\/li>\n<li><a href=\"wp-content\/uploads\/u_deska\/PZKO_CZ06Z_2.pdf\" target=\"_blank\" rel=\"noopener noreferrer\">20.07.2015 &ndash; Zlep&scaron;ov&aacute;n&iacute; kvality ovzdu&scaron;&iacute; &ndash; Vyhl&aacute;&scaron;ka.<\/a><\/li>\n<li><a href=\"wp-content\/uploads\/u_deska\/vyhlaska_02_2015.pdf\" target=\"_blank\" rel=\"noopener noreferrer\">25.06.2015 &ndash; Ve&#345;ejn&aacute; vyhl&aacute;&scaron;ka.<\/a><\/li>\n<li><a href=\"wp-content\/uploads\/u_deska\/usneseni_02_2015.pdf\" target=\"_blank\" rel=\"noopener noreferrer\">04.06.2015 &ndash; Zpr&aacute;va a Usnesen&iacute; z ve&#345;ejn&eacute;ho pracovn&iacute;ho zased&aacute;n&iacute;.<\/a><\/li>\n<li><a href=\"wp-content\/uploads\/u_deska\/vodovod_polna.pdf\" target=\"_blank\" rel=\"noopener noreferrer\">18.05.2015 &ndash; Ozn&aacute;men&iacute; o zah&aacute;jen&iacute; stavebn&iacute;ho &#345;&iacute;zen&iacute;.<\/a><\/li>\n<li><a href=\"wp-content\/uploads\/u_deska\/audit_hospodareni_14.pdf\" target=\"_blank\" rel=\"noopener noreferrer\">14.05.2015 &ndash; Audit hospoda&#345;en&iacute; obce.<\/a><\/li>\n<li><a href=\"wp-content\/uploads\/u_deska\/zaverecny_ucet_2014.pdf\" target=\"_blank\" rel=\"noopener noreferrer\">11.05.2015 &ndash; N&aacute;vrh z&aacute;v&#283;re&#269;n&eacute;ho &uacute;&#269;tu obce za rok 2014.<\/a><\/li>\n<li><a href=\"wp-content\/uploads\/u_deska\/mz_povodi_labe.pdf\" target=\"_blank\" rel=\"noopener noreferrer\">02.04.2015 &ndash; Ozn&aacute;men&iacute; Ministerstva zem&#283;d&#283;lstv&iacute;.<\/a><\/li>\n<li><a href=\"wp-content\/uploads\/u_deska\/usneseni_01_2015.pdf\" target=\"_blank\" rel=\"noopener noreferrer\">12.03.2015 &ndash; Zpr&aacute;va a Usnesen&iacute; z ve&#345;ejn&eacute;ho pracovn&iacute;ho zased&aacute;n&iacute;.<\/a><\/li>\n<li><a href=\"wp-content\/uploads\/u_deska\/mikroregion_7.pdf\" target=\"_blank\" rel=\"noopener noreferrer\">12.03.2015 &ndash; Dokumenty z Mikroregionu Polenska.<\/a><\/li>\n<li><a href=\"wp-content\/uploads\/u_deska\/vyhlaska_01_2015.pdf\" target=\"_blank\" rel=\"noopener noreferrer\">05.03.2015 &ndash; Vyhl&aacute;&scaron;ka o odpadech pro rok 2015.<\/a><\/li>\n<li><a href=\"wp-content\/uploads\/u_deska\/rozpocet_2015.pdf\" target=\"_blank\" rel=\"noopener noreferrer\">12.02.2015 &ndash; N&aacute;vrh rozpo&#269;tu na rok 2015.<\/a><\/li>\n<\/ul>\n<h2 style=\"text-align: center;\"><a href=\"https:\/\/www.zaborna.cz\/?page_id=3878\"><span style=\"color: #cc0000;\">Archiv<\/span><\/a><\/h2>\n<\/body><\/html>\n","protected":false},"excerpt":{"rendered":"<p>Na vybran&yacute; dokument klikn&#283;te lev&yacute;m tla&#269;&iacute;tkem my&scaron;i, ten se po t&eacute; zobraz&iacute; v nov&eacute;m okn&#283; va&scaron;eho prohl&iacute;&#382;e&#269;e. Dokumenty jsou ve form&aacute;tu&ldquo;pdf&ldquo;. Rok 2015 03.12.2015 &ndash; Zpr&aacute;va a Usnesen&iacute; z ve&#345;ejn&eacute;ho pracovn&iacute;ho zased&aacute;n&iacute;. 19.11.2015 &ndash; Zpr&aacute;va a Usnesen&iacute; z ve&#345;ejn&eacute;ho pracovn&iacute;ho zased&aacute;n&iacute;. 19.11.2015 &ndash; Ozn&aacute;men&iacute; o prodlou&#382;en&iacute; lh&#367;ty k dokon&#269;en&iacute; stavby. 22.10.2015 &ndash; Stanovisko k n&aacute;vrhu [&hellip;]<\/p>\n","protected":false},"author":1,"featured_media":0,"parent":0,"menu_order":0,"comment_status":"closed","ping_status":"closed","template":"","meta":{"ngg_post_thumbnail":0,"h5ap_radio_sources":[],"footnotes":""},"class_list":["post-1174","page","type-page","status-publish","hentry"],"_links":{"self":[{"href":"https:\/\/www.zaborna.cz\/index.php?rest_route=\/wp\/v2\/pages\/1174","targetHints":{"allow":["GET"]}}],"collection":[{"href":"https:\/\/www.zaborna.cz\/index.php?rest_route=\/wp\/v2\/pages"}],"about":[{"href":"https:\/\/www.zaborna.cz\/index.php?rest_route=\/wp\/v2\/types\/page"}],"author":[{"embeddable":true,"href":"https:\/\/www.zaborna.cz\/index.php?rest_route=\/wp\/v2\/users\/1"}],"replies":[{"embeddable":true,"href":"https:\/\/www.zaborna.cz\/index.php?rest_route=%2Fwp%2Fv2%2Fcomments&post=1174"}],"version-history":[{"count":0,"href":"https:\/\/www.zaborna.cz\/index.php?rest_route=\/wp\/v2\/pages\/1174\/revisions"}],"wp:attachment":[{"href":"https:\/\/www.zaborna.cz\/index.php?rest_route=%2Fwp%2Fv2%2Fmedia&parent=1174"}],"curies":[{"name":"wp","href":"https:\/\/api.w.org\/{rel}","templated":true}]}}

Úřední deska &#8211; 2015
