{"id":1135,"date":"2018-06-26T10:36:16","date_gmt":"2018-06-26T08:36:16","guid":{"rendered":"http:\/\/www.zaborna.cz\/?page_id=1135"},"modified":"2023-12-13T23:44:04","modified_gmt":"2023-12-13T22:44:04","slug":"uredni-deska-2016","status":"publish","type":"page","link":"https:\/\/www.zaborna.cz\/?page_id=1135","title":{"rendered":"\u00da\u0159edn\u00ed deska &#8211; 2016"},"content":{"rendered":"<!DOCTYPE html PUBLIC \"-\/\/W3C\/\/DTD HTML 4.0 Transitional\/\/EN\" \"http:\/\/www.w3.org\/TR\/REC-html40\/loose.dtd\">\n<html><body><p>\t\t\t\t<span style=\"color: #1f9362;\">Na vybran&yacute; dokument klikn&#283;te lev&yacute;m tla&#269;&iacute;tkem my&scaron;i, ten se po t&eacute; zobraz&iacute; v nov&eacute;m okn&#283; va&scaron;eho prohl&iacute;&#382;e&#269;e. Dokumenty jsou ve form&aacute;tu&ldquo;pdf&ldquo;.<\/span><\/p>\n<h2><span style=\"color: #cc0000;\">Rok 2016<\/span><\/h2>\n<ul>\n<li><a href=\"wp-content\/uploads\/u_deska\/Vyhlaska_2016_7.pdf\" target=\"_blank\" rel=\"noopener noreferrer\">12.12.2016 &ndash; Vyhl&aacute;&scaron;ka &ndash; Roz&scaron;&iacute;&#345;en&iacute; katastr&aacute;ln&iacute;ho &uacute;zem&iacute; obce.<\/a><\/li>\n<li><a href=\"wp-content\/uploads\/u_deska\/roz_prov_2017.pdf\" target=\"_blank\" rel=\"noopener noreferrer\">24.11.2016 &ndash; Rozpo&#269;tov&eacute; provizorium obce Z&aacute;born&aacute; pro rok 2017.<\/a><\/li>\n<li><a href=\"wp-content\/uploads\/u_deska\/oznameni_spu.pdf\" target=\"_blank\" rel=\"noopener noreferrer\">16.11.2016 &ndash; Ozn&aacute;men&iacute; o zah&aacute;jen&iacute; &#345;&iacute;zen&iacute; k pozemkov&yacute;m &uacute;prav&aacute;m.<\/a><\/li>\n<li><a href=\"wp-content\/uploads\/u_deska\/navrh_rozpoctu_2017.pdf\" target=\"_blank\" rel=\"noopener noreferrer\">15.11.2016 &ndash; N&aacute;vrh rozpo&#269;tu mikroregionu Polensko pro rok 2017.<\/a><\/li>\n<li><a href=\"wp-content\/uploads\/u_deska\/usneseni_04_2016.pdf\" target=\"_blank\" rel=\"noopener noreferrer\">03.11.2016 &ndash; Zpr&aacute;va a Usnesen&iacute; z ve&#345;ejn&eacute;ho pracovn&iacute;ho zased&aacute;n&iacute;.<\/a><\/li>\n<li><a href=\"wp-content\/uploads\/u_deska\/usneseni_03_2016.pdf\" target=\"_blank\" rel=\"noopener noreferrer\">12.10.2016 &ndash; Zpr&aacute;va a Usnesen&iacute; z ve&#345;ejn&eacute;ho pracovn&iacute;ho zased&aacute;n&iacute;.<\/a><\/li>\n<li><a href=\"wp-content\/uploads\/u_deska\/Vyhlaska_2016_6.pdf\" target=\"_blank\" rel=\"noopener noreferrer\">10.10.2016 &ndash; Vyhl&aacute;&scaron;ka &ndash; Stanoven&iacute; z&aacute;plavov&eacute;ho &uacute;zem&iacute;.<\/a><\/li>\n<li><a href=\"wp-content\/uploads\/u_deska\/pozemek_16.pdf\" target=\"_blank\" rel=\"noopener noreferrer\">06.10.2016 &ndash; Prodej obecn&iacute;ho pozemku.<\/a><\/li>\n<li><a href=\"wp-content\/uploads\/u_deska\/Vyhlaska_2016_5.pdf\" target=\"_blank\" rel=\"noopener noreferrer\">22.09.2016 &ndash; Ve&#345;ejn&aacute; vyhl&aacute;&scaron;ka Kraje Vyso&#269;ina.<\/a><\/li>\n<li><a href=\"wp-content\/uploads\/u_deska\/vyhlaska_ji.pdf\" target=\"_blank\" rel=\"noopener noreferrer\">18.08.2016 &ndash; Ve&#345;ejn&aacute; vyhl&aacute;&scaron;ka &ndash; z&aacute;plavov&eacute; &uacute;zem&iacute;.<\/a><\/li>\n<li><a href=\"wp-content\/uploads\/u_deska\/pozemek_14.pdf\" target=\"_blank\" rel=\"noopener noreferrer\">28.07.2016 &ndash; Prodej obecn&iacute;ho pozemku.<\/a><\/li>\n<li><a href=\"wp-content\/uploads\/u_deska\/prac_nabidka.pdf\" target=\"_blank\" rel=\"noopener noreferrer\">14.06.2016 &ndash; V&yacute;b&#283;rov&eacute; &#345;&iacute;zen&iacute; na &#345;editele Lesn&iacute;ho dru&#382;stva Poln&aacute;.<\/a><\/li>\n<li><a href=\"wp-content\/uploads\/u_deska\/Vyhlaska_2016_4.pdf\" target=\"_blank\" rel=\"noopener noreferrer\">06.06.2016 &ndash; Ve&#345;ejn&aacute; vyhl&aacute;&scaron;ka Ministerstva &#382;ivotn&iacute;ho prost&#345;ed&iacute;.<\/a><\/li>\n<li><a href=\"wp-content\/uploads\/u_deska\/vyhlaska_2016_3.pdf\" target=\"_blank\" rel=\"noopener noreferrer\">12.05.2016 &ndash; Ozn&aacute;men&iacute; o zah&aacute;jen&iacute; &#345;&iacute;zen&iacute;.<\/a><\/li>\n<li><a href=\"wp-content\/uploads\/u_deska\/usneseni_02_2016.pdf\" target=\"_blank\" rel=\"noopener noreferrer\">05.05.2016 &ndash; Zpr&aacute;va a Usnesen&iacute; z ve&#345;ejn&eacute;ho pracovn&iacute;ho zased&aacute;n&iacute;.<\/a><\/li>\n<li><a href=\"wp-content\/uploads\/u_deska\/pozemek_15.pdf\" target=\"_blank\" rel=\"noopener noreferrer\">05.05.2016 &ndash; Prodej obecn&iacute;ho pozemku.<\/a><\/li>\n<li><a href=\"wp-content\/uploads\/u_deska\/pozemek_13.pdf\" target=\"_blank\" rel=\"noopener noreferrer\">05.05.2016 &ndash; Prodej obecn&iacute;ho pozemku.<\/a><\/li>\n<li><a href=\"wp-content\/uploads\/u_deska\/vyhlaska_2016_2.pdf\" target=\"_blank\" rel=\"noopener noreferrer\">28.04.2016 &ndash; Vyhl&aacute;&scaron;ka Finan&#269;n&iacute;ho &uacute;&#345;adu pro Kraj Vyso&#269;ina.<\/a><\/li>\n<li><a href=\"wp-content\/uploads\/u_deska\/narizeni.pdf\" target=\"_blank\" rel=\"noopener noreferrer\">21.04.2016 &ndash; Na&#345;&iacute;zen&iacute; statut&aacute;rn&iacute;ho m&#283;sta Jihlavy.<\/a><\/li>\n<li><a href=\"wp-content\/uploads\/u_deska\/zprava_o_hospodareni_2015.pdf\" target=\"_blank\" rel=\"noopener noreferrer\">12.04.2016 &ndash; Zpr&aacute;va o v&yacute;sledku p&#345;ezkoum&aacute;n&iacute; hospoda&#345;en&iacute; obce.<\/a><\/li>\n<li><a href=\"wp-content\/uploads\/u_deska\/oznameni_kraj.pdf\" target=\"_blank\" rel=\"noopener noreferrer\">11.04.2016 &ndash; Ozn&aacute;men&iacute; o &uacute;zemn&iacute;m rozvoji kraje Vyso&#269;ina.<\/a><\/li>\n<li><a href=\"wp-content\/uploads\/u_deska\/zaverecny_ucet_2015.pdf\" target=\"_blank\" rel=\"noopener noreferrer\">21.03.2016 &ndash; N&aacute;vrh z&aacute;v&#283;re&#269;n&eacute;ho &uacute;&#269;tu obce za rok 2015.<\/a><\/li>\n<li><a href=\"wp-content\/uploads\/u_deska\/zu_mp_2015.pdf\" target=\"_blank\" rel=\"noopener noreferrer\">17.03.2016 &ndash; N&aacute;vrh z&aacute;v&#283;re&#269;n&eacute;ho &uacute;&#269;tu Mikroregionu Polensko.<\/a><\/li>\n<li><a href=\"wp-content\/uploads\/u_deska\/katastr_opr.pdf\" target=\"_blank\" rel=\"noopener noreferrer\">03.03.2016 &ndash; &#381;&aacute;dost o spolupr&aacute;ci s katastrem nemovitost&iacute;.<\/a><\/li>\n<li><a href=\"wp-content\/uploads\/u_deska\/vyhlaska_14.pdf\" target=\"_blank\" rel=\"noopener noreferrer\">16.02.2016 &ndash; Obec Z&aacute;born&aacute; &ndash; uplat&#328;ov&aacute;n&iacute; &uacute;zemn&iacute;ho pl&aacute;nu.<\/a><\/li>\n<li><a href=\"wp-content\/uploads\/u_deska\/usneseni_01_2016.pdf\" target=\"_blank\" rel=\"noopener noreferrer\">11.02.2016 &ndash; Zpr&aacute;va a Usnesen&iacute; z ve&#345;ejn&eacute;ho pracovn&iacute;ho zased&aacute;n&iacute;.<\/a><\/li>\n<li><a href=\"wp-content\/uploads\/u_deska\/rozpocet_2016.pdf\" target=\"_blank\" rel=\"noopener noreferrer\">04.02.2016 &ndash; Rozpo&#269;et pro rok 2016<\/a><\/li>\n<li><a href=\"wp-content\/uploads\/u_deska\/pozemek_12.pdf\" target=\"_blank\" rel=\"noopener noreferrer\">04.02.2016 &ndash; Prodej obecn&iacute;ho pozemku<\/a><\/li>\n<li><a href=\"wp-content\/uploads\/u_deska\/vyhlaska_2016_1.pdf\" target=\"_blank\" rel=\"noopener noreferrer\">21.01.2016 &ndash; Ve&#345;ejn&aacute; vyhl&aacute;&scaron;ka<\/a><\/li>\n<li><a href=\"wp-content\/uploads\/u_deska\/rozpocet_2016_navrh.pdf\" target=\"_blank\" rel=\"noopener noreferrer\">18.01.2016 &ndash; N&aacute;vrh rozpo&#269;tu pro rok 2016<\/a><\/li>\n<li><a href=\"wp-content\/uploads\/u_deska\/seneco.pdf\" target=\"_blank\" rel=\"noopener noreferrer\">12.01.2016 &ndash; Zm&#283;na term&iacute;nu dokon&#269;en&iacute; stavby<\/a><\/li>\n<li><a href=\"wp-content\/uploads\/u_deska\/pozemkova_uprava.pdf\" target=\"_blank\" rel=\"noopener noreferrer\">06.01.2016 &ndash; Komplexn&iacute; pozemkov&aacute; &uacute;prava v k.&uacute;. obce Z&aacute;born&aacute;<\/a><\/li>\n<\/ul>\n<h2 style=\"text-align: center;\"><a href=\"https:\/\/www.zaborna.cz\/?page_id=3878\"><span style=\"color: #cc0000;\">Archiv<\/span><\/a><\/h2>\n<\/body><\/html>\n","protected":false},"excerpt":{"rendered":"<p>Na vybran&yacute; dokument klikn&#283;te lev&yacute;m tla&#269;&iacute;tkem my&scaron;i, ten se po t&eacute; zobraz&iacute; v nov&eacute;m okn&#283; va&scaron;eho prohl&iacute;&#382;e&#269;e. Dokumenty jsou ve form&aacute;tu&ldquo;pdf&ldquo;. Rok 2016 12.12.2016 &ndash; Vyhl&aacute;&scaron;ka &ndash; Roz&scaron;&iacute;&#345;en&iacute; katastr&aacute;ln&iacute;ho &uacute;zem&iacute; obce. 24.11.2016 &ndash; Rozpo&#269;tov&eacute; provizorium obce Z&aacute;born&aacute; pro rok 2017. 16.11.2016 &ndash; Ozn&aacute;men&iacute; o zah&aacute;jen&iacute; &#345;&iacute;zen&iacute; k pozemkov&yacute;m &uacute;prav&aacute;m. 15.11.2016 &ndash; N&aacute;vrh rozpo&#269;tu mikroregionu Polensko [&hellip;]<\/p>\n","protected":false},"author":1,"featured_media":0,"parent":0,"menu_order":0,"comment_status":"closed","ping_status":"closed","template":"","meta":{"ngg_post_thumbnail":0,"h5ap_radio_sources":[],"footnotes":""},"class_list":["post-1135","page","type-page","status-publish","hentry"],"_links":{"self":[{"href":"https:\/\/www.zaborna.cz\/index.php?rest_route=\/wp\/v2\/pages\/1135","targetHints":{"allow":["GET"]}}],"collection":[{"href":"https:\/\/www.zaborna.cz\/index.php?rest_route=\/wp\/v2\/pages"}],"about":[{"href":"https:\/\/www.zaborna.cz\/index.php?rest_route=\/wp\/v2\/types\/page"}],"author":[{"embeddable":true,"href":"https:\/\/www.zaborna.cz\/index.php?rest_route=\/wp\/v2\/users\/1"}],"replies":[{"embeddable":true,"href":"https:\/\/www.zaborna.cz\/index.php?rest_route=%2Fwp%2Fv2%2Fcomments&post=1135"}],"version-history":[{"count":0,"href":"https:\/\/www.zaborna.cz\/index.php?rest_route=\/wp\/v2\/pages\/1135\/revisions"}],"wp:attachment":[{"href":"https:\/\/www.zaborna.cz\/index.php?rest_route=%2Fwp%2Fv2%2Fmedia&parent=1135"}],"curies":[{"name":"wp","href":"https:\/\/api.w.org\/{rel}","templated":true}]}}

Úřední deska &#8211; 2016
